{"id":45891,"date":"2025-08-19T09:14:07","date_gmt":"2025-08-19T09:14:07","guid":{"rendered":"https:\/\/wydawnictwo.ug.edu.pl\/ksiegarnia-online\/uncategorized\/mikromobilnosc-wspoldzielona-w-polsce-rozwoj-zachowania-transportowe-finansowanie\/"},"modified":"2026-02-10T15:44:50","modified_gmt":"2026-02-10T15:44:50","slug":"mikromobilnosc-wspoldzielona-w-polsce-rozwoj-zachowania-transportowe-finansowanie","status":"publish","type":"product","link":"https:\/\/wydawnictwo.ug.edu.pl\/en\/ksiegarnia-online\/ekonomia\/mikromobilnosc-wspoldzielona-w-polsce-rozwoj-zachowania-transportowe-finansowanie\/","title":{"rendered":"Mikromobilno\u015b\u0107 wsp\u00f3\u0142dzielona w Polsce. Rozw\u00f3j, zachowania transportowe, finansowanie"},"content":{"rendered":"","protected":false},"excerpt":{"rendered":"<p>\u201eTemat niniejszej ksi\u0105\u017cki zosta\u0142 przez Autora trafnie wybrany, gdy\u017c jest aktualny i interesuj\u0105cy zar\u00f3wno z perspektywy teoretycznej, jak i utylitarnej \u2013 zw\u0142aszcza w kontek\u015bcie d\u0105\u017cenia do zeroemisyjno\u015bci i r\u00f3wnowa\u017cenia mobilno\u015bci miejskiej. Celem monografii jest scharakteryzowanie rozwoju rynku mikromobilno\u015bci wsp\u00f3\u0142dzielonej, a tak\u017ce zbadanie zachowa\u0144 transportowych jego u\u017cytkownik\u00f3w oraz element\u00f3w finansowania rower\u00f3w i hulajn\u00f3g wsp\u00f3\u0142dzielonych w Polsce. Zidentyfikowano r\u00f3wnie\u017c efekty zewn\u0119trzne, kt\u00f3re sprawiaj\u0105, \u017ce mieszka\u0144cy miast s\u0105 mniej lub bardziej przychylni idei wsp\u00f3\u0142finansowania system\u00f3w mikromobilno\u015bci wsp\u00f3\u0142dzielonej, oraz okre\u015blono dzia\u0142ania, jakie mo\u017cna podj\u0105\u0107 celem mitygacji negatywnych efekt\u00f3w zewn\u0119trznych i wsparcia pozytywnych. Oceniaj\u0105c uk\u0142ad i warto\u015b\u0107 merytoryczn\u0105 publikacji Tomasza Bieli\u0144skiego, mo\u017cna stwierdzi\u0107, \u017ce stanowi ona sp\u00f3jne opracowanie o wyra\u017anie zarysowanej tematyce. Walorem recenzowanej monografii jest kompleksowe uj\u0119cie problematyki mikromobilno\u015bci wsp\u00f3\u0142dzielonej w Polsce\u201d.<\/p>\n<p style=\"text-align: right;\"><em>Z recenzji dr hab. Barbary Kos, prof. UE<\/em><\/p>\n","protected":false},"featured_media":45318,"template":"","meta":{"_acf_changed":false},"journal":[],"rodzaj":[7074],"seria":[],"product_brand":[],"product_cat":[6934],"product_tag":[7428],"class_list":{"0":"post-45891","1":"product","2":"type-product","3":"status-publish","4":"has-post-thumbnail","6":"rodzaj-ksiazki","7":"product_cat-ekonomia","8":"product_tag-tomasz-bielinskitomasz-bielinski","10":"first","11":"instock","12":"taxable","13":"shipping-taxable","14":"purchasable","15":"product-type-simple"},"acf":[],"_links":{"self":[{"href":"https:\/\/wydawnictwo.ug.edu.pl\/en\/wp-json\/wp\/v2\/product\/45891","targetHints":{"allow":["GET"]}}],"collection":[{"href":"https:\/\/wydawnictwo.ug.edu.pl\/en\/wp-json\/wp\/v2\/product"}],"about":[{"href":"https:\/\/wydawnictwo.ug.edu.pl\/en\/wp-json\/wp\/v2\/types\/product"}],"wp:featuredmedia":[{"embeddable":true,"href":"https:\/\/wydawnictwo.ug.edu.pl\/en\/wp-json\/wp\/v2\/media\/45318"}],"wp:attachment":[{"href":"https:\/\/wydawnictwo.ug.edu.pl\/en\/wp-json\/wp\/v2\/media?parent=45891"}],"wp:term":[{"taxonomy":"journal","embeddable":true,"href":"https:\/\/wydawnictwo.ug.edu.pl\/en\/wp-json\/wp\/v2\/journal?post=45891"},{"taxonomy":"rodzaj","embeddable":true,"href":"https:\/\/wydawnictwo.ug.edu.pl\/en\/wp-json\/wp\/v2\/rodzaj?post=45891"},{"taxonomy":"seria","embeddable":true,"href":"https:\/\/wydawnictwo.ug.edu.pl\/en\/wp-json\/wp\/v2\/seria?post=45891"},{"taxonomy":"product_brand","embeddable":true,"href":"https:\/\/wydawnictwo.ug.edu.pl\/en\/wp-json\/wp\/v2\/product_brand?post=45891"},{"taxonomy":"product_cat","embeddable":true,"href":"https:\/\/wydawnictwo.ug.edu.pl\/en\/wp-json\/wp\/v2\/product_cat?post=45891"},{"taxonomy":"product_tag","embeddable":true,"href":"https:\/\/wydawnictwo.ug.edu.pl\/en\/wp-json\/wp\/v2\/product_tag?post=45891"}],"curies":[{"name":"wp","href":"https:\/\/api.w.org\/{rel}","templated":true}]}}

Mikromobilność współdzielona w Polsce. Rozwój, zachowania transportowe, finansowanie

<p>„Temat niniejszej książki został przez Autora trafnie wybrany, gdyż jest aktualny i interesujący zarówno z perspektywy teoretycznej, jak i utylitarnej – zwłaszcza w kontekście dążenia do zeroemisyjności i równoważenia mobilności miejskiej. Celem monografii jest scharakteryzowanie rozwoju rynku mikromobilności współdzielonej, a także zbadanie zachowań transportowych jego użytkowników oraz elementów finansowania rowerów i hulajnóg współdzielonych w Polsce. Zidentyfikowano również efekty zewnętrzne, które sprawiają, że mieszkańcy miast są mniej lub bardziej przychylni idei współfinansowania systemów mikromobilności współdzielonej, oraz określono działania, jakie można podjąć celem mitygacji negatywnych efektów zewnętrznych i wsparcia pozytywnych. Oceniając układ i wartość merytoryczną publikacji Tomasza Bielińskiego, można stwierdzić, że stanowi ona spójne opracowanie o wyraźnie zarysowanej tematyce. Walorem recenzowanej monografii jest kompleksowe ujęcie problematyki mikromobilności współdzielonej w Polsce”.</p>
<p style="text-align: right;"><em>Z recenzji dr hab. Barbary Kos, prof. UE</em></p>
