{"id":45890,"date":"2025-08-20T11:22:40","date_gmt":"2025-08-20T11:22:40","guid":{"rendered":"https:\/\/wydawnictwo.ug.edu.pl\/ksiegarnia-online\/uncategorized\/are-komorebi-wystawa-fotografii-przemyslawa-rybinskiego-z-japonii\/"},"modified":"2026-02-10T15:44:56","modified_gmt":"2026-02-10T15:44:56","slug":"are-komorebi-wystawa-fotografii-przemyslawa-rybinskiego-z-japonii","status":"publish","type":"product","link":"https:\/\/wydawnictwo.ug.edu.pl\/en\/ksiegarnia-online\/sztuka\/are-komorebi-wystawa-fotografii-przemyslawa-rybinskiego-z-japonii\/","title":{"rendered":"ARE \u2013 KOMOREBI. Wystawa fotografii Przemys\u0142awa Rybi\u0144skiego z Japonii"},"content":{"rendered":"","protected":false},"excerpt":{"rendered":"<p><em>Are <\/em>\u2013 szorstko\u015b\u0107, ziarnisto\u015b\u0107 \u2013 oraz <em>komorebi <\/em>\u2013 subtelno\u015b\u0107, harmonia i blask \u2013 to dwie estetyczne idee, kt\u00f3re przy\u015bwiecaj\u0105 osobistej, fotograficznej opowie\u015bci o Japonii uchwyconej obiektywem Przemys\u0142awa Rybi\u0144skiego. Kraj ten, widziany po raz pierwszy, zachwyca rozmachem, nowoczesno\u015bci\u0105 oraz g\u0142\u0119bokim szacunkiem dla tradycji i obyczaj\u00f3w.<\/p>\n<p>Katalog zawiera fotografie Przemys\u0142awa Rybi\u0144skiego, wykonane podczas wizyty w Tokio i Fukuoce, odbywaj\u0105cej si\u0119 w ramach udzia\u0142u naukowc\u00f3w z Uniwersytetu Gda\u0144skiego w wydarzeniach naukowych i kulturalnych towarzysz\u0105cych Wystawie \u015awiatowej EXPO w Osace.<\/p>\n<p>Publikacja zosta\u0142a wydana z okazji wystaw fotografii, kt\u00f3re odby\u0142y si\u0119 w Food Hall Montowni w Gda\u0144sku w ramach Weekendu Azjatyckiego (16\u201318 maja 2025 r.) oraz w Galerii \u201ePalarnia\u201d na Wydziale Prawa i Administracji Uniwersytetu Gda\u0144skiego, w ramach II Festiwalu Kultury Azjatyckiej NORIFEST, zorganizowanego przez Akademickie Centrum Kultury UG \u201eAlternator\u201d i Dyskusyjny Klub Filmowy UG \u201eMi\u0142o\u015b\u0107 Blondynki\u201d. Wystawa trwa\u0142a od 22 maja do 30 czerwca 2025 r.<\/p>\n<p>Seria: Biblioteka Studi\u00f3w Azji Wschodniej<\/p>\n","protected":false},"featured_media":45280,"template":"","meta":{"_acf_changed":false},"journal":[],"rodzaj":[7074],"seria":[7079],"product_brand":[],"product_cat":[6939],"product_tag":[7417],"class_list":{"0":"post-45890","1":"product","2":"type-product","3":"status-publish","4":"has-post-thumbnail","6":"rodzaj-ksiazki","7":"seria-biblioteka-studiow-azji-wschodniej","8":"product_cat-sztuka","9":"product_tag-joanna-kamienjoanna-kamien","11":"first","12":"instock","13":"taxable","14":"shipping-taxable","15":"purchasable","16":"product-type-simple"},"acf":[],"_links":{"self":[{"href":"https:\/\/wydawnictwo.ug.edu.pl\/en\/wp-json\/wp\/v2\/product\/45890","targetHints":{"allow":["GET"]}}],"collection":[{"href":"https:\/\/wydawnictwo.ug.edu.pl\/en\/wp-json\/wp\/v2\/product"}],"about":[{"href":"https:\/\/wydawnictwo.ug.edu.pl\/en\/wp-json\/wp\/v2\/types\/product"}],"wp:featuredmedia":[{"embeddable":true,"href":"https:\/\/wydawnictwo.ug.edu.pl\/en\/wp-json\/wp\/v2\/media\/45280"}],"wp:attachment":[{"href":"https:\/\/wydawnictwo.ug.edu.pl\/en\/wp-json\/wp\/v2\/media?parent=45890"}],"wp:term":[{"taxonomy":"journal","embeddable":true,"href":"https:\/\/wydawnictwo.ug.edu.pl\/en\/wp-json\/wp\/v2\/journal?post=45890"},{"taxonomy":"rodzaj","embeddable":true,"href":"https:\/\/wydawnictwo.ug.edu.pl\/en\/wp-json\/wp\/v2\/rodzaj?post=45890"},{"taxonomy":"seria","embeddable":true,"href":"https:\/\/wydawnictwo.ug.edu.pl\/en\/wp-json\/wp\/v2\/seria?post=45890"},{"taxonomy":"product_brand","embeddable":true,"href":"https:\/\/wydawnictwo.ug.edu.pl\/en\/wp-json\/wp\/v2\/product_brand?post=45890"},{"taxonomy":"product_cat","embeddable":true,"href":"https:\/\/wydawnictwo.ug.edu.pl\/en\/wp-json\/wp\/v2\/product_cat?post=45890"},{"taxonomy":"product_tag","embeddable":true,"href":"https:\/\/wydawnictwo.ug.edu.pl\/en\/wp-json\/wp\/v2\/product_tag?post=45890"}],"curies":[{"name":"wp","href":"https:\/\/api.w.org\/{rel}","templated":true}]}}

ARE – KOMOREBI. Wystawa fotografii Przemysława Rybińskiego z Japonii

<p><em>Are </em>– szorstkość, ziarnistość – oraz <em>komorebi </em>– subtelność, harmonia i blask – to dwie estetyczne idee, które przyświecają osobistej, fotograficznej opowieści o Japonii uchwyconej obiektywem Przemysława Rybińskiego. Kraj ten, widziany po raz pierwszy, zachwyca rozmachem, nowoczesnością oraz głębokim szacunkiem dla tradycji i obyczajów.</p>
<p>Katalog zawiera fotografie Przemysława Rybińskiego, wykonane podczas wizyty w Tokio i Fukuoce, odbywającej się w ramach udziału naukowców z Uniwersytetu Gdańskiego w wydarzeniach naukowych i kulturalnych towarzyszących Wystawie Światowej EXPO w Osace.</p>
<p>Publikacja została wydana z okazji wystaw fotografii, które odbyły się w Food Hall Montowni w Gdańsku w ramach Weekendu Azjatyckiego (16–18 maja 2025 r.) oraz w Galerii „Palarnia” na Wydziale Prawa i Administracji Uniwersytetu Gdańskiego, w ramach II Festiwalu Kultury Azjatyckiej NORIFEST, zorganizowanego przez Akademickie Centrum Kultury UG „Alternator” i Dyskusyjny Klub Filmowy UG „Miłość Blondynki”. Wystawa trwała od 22 maja do 30 czerwca 2025 r.</p>
<p>Seria: Biblioteka Studiów Azji Wschodniej</p>
