{"id":45889,"date":"2025-08-24T07:09:04","date_gmt":"2025-08-24T07:09:04","guid":{"rendered":"https:\/\/wydawnictwo.ug.edu.pl\/ksiegarnia-online\/uncategorized\/archiwum-filozofii-prawa-i-filozofii-spolecznej-243-2025\/"},"modified":"2025-08-24T07:09:04","modified_gmt":"2025-08-24T07:09:04","slug":"archiwum-filozofii-prawa-i-filozofii-spolecznej-243-2025","status":"publish","type":"product","link":"https:\/\/wydawnictwo.ug.edu.pl\/en\/ksiegarnia-online\/prawo-i-administracja\/archiwum-filozofii-prawa-i-filozofii-spolecznej-243-2025\/","title":{"rendered":"Archiwum Filozofii Prawa i Filozofii Spo\u0142ecznej 2(43)\/2025"},"content":{"rendered":"","protected":false},"excerpt":{"rendered":"<p>\u201eArchiwum Filozofii Prawa i Filozofii Spo\u0142ecznej\u201d jest czasopismem naukowym w otwartym dost\u0119pie, wydawanym przez Stowarzyszenie Filozofii Prawa i Filozofii Spo\u0142ecznej \u2013 Sekcja Polska IVR, we wsp\u00f3\u0142pracy z Wydawnictwem Uniwersytetu Gda\u0144skiego i Wolters Kluwer Polska.<\/p>\n<p>Zakres tematyczny czasopisma obejmuje r\u00f3\u017cnorodne formy og\u00f3lnej refleksji nad prawem i jego otoczeniem, w tym przede wszystkim teori\u0119 i filozofi\u0119 prawa, filozofi\u0119 spo\u0142eczn\u0105, filozofi\u0119 polityczn\u0105 oraz socjologi\u0119 prawa.<\/p>\n","protected":false},"featured_media":45275,"template":"","meta":{"_acf_changed":false},"journal":[7059],"rodzaj":[7075,7077],"seria":[],"product_brand":[],"product_cat":[6932],"product_tag":[],"class_list":{"0":"post-45889","1":"product","2":"type-product","3":"status-publish","4":"has-post-thumbnail","6":"journal-archiwum-filozofii-prawa-i-filozofii-spolecznej","7":"rodzaj-e-book","8":"rodzaj-czasopismo","9":"product_cat-prawo-i-administracja","11":"first","12":"instock","13":"taxable","14":"shipping-taxable","15":"product-type-external"},"acf":[],"_links":{"self":[{"href":"https:\/\/wydawnictwo.ug.edu.pl\/en\/wp-json\/wp\/v2\/product\/45889","targetHints":{"allow":["GET"]}}],"collection":[{"href":"https:\/\/wydawnictwo.ug.edu.pl\/en\/wp-json\/wp\/v2\/product"}],"about":[{"href":"https:\/\/wydawnictwo.ug.edu.pl\/en\/wp-json\/wp\/v2\/types\/product"}],"wp:featuredmedia":[{"embeddable":true,"href":"https:\/\/wydawnictwo.ug.edu.pl\/en\/wp-json\/wp\/v2\/media\/45275"}],"wp:attachment":[{"href":"https:\/\/wydawnictwo.ug.edu.pl\/en\/wp-json\/wp\/v2\/media?parent=45889"}],"wp:term":[{"taxonomy":"journal","embeddable":true,"href":"https:\/\/wydawnictwo.ug.edu.pl\/en\/wp-json\/wp\/v2\/journal?post=45889"},{"taxonomy":"rodzaj","embeddable":true,"href":"https:\/\/wydawnictwo.ug.edu.pl\/en\/wp-json\/wp\/v2\/rodzaj?post=45889"},{"taxonomy":"seria","embeddable":true,"href":"https:\/\/wydawnictwo.ug.edu.pl\/en\/wp-json\/wp\/v2\/seria?post=45889"},{"taxonomy":"product_brand","embeddable":true,"href":"https:\/\/wydawnictwo.ug.edu.pl\/en\/wp-json\/wp\/v2\/product_brand?post=45889"},{"taxonomy":"product_cat","embeddable":true,"href":"https:\/\/wydawnictwo.ug.edu.pl\/en\/wp-json\/wp\/v2\/product_cat?post=45889"},{"taxonomy":"product_tag","embeddable":true,"href":"https:\/\/wydawnictwo.ug.edu.pl\/en\/wp-json\/wp\/v2\/product_tag?post=45889"}],"curies":[{"name":"wp","href":"https:\/\/api.w.org\/{rel}","templated":true}]}}

Archiwum Filozofii Prawa i Filozofii Społecznej 2(43)/2025

<p>„Archiwum Filozofii Prawa i Filozofii Społecznej” jest czasopismem naukowym w otwartym dostępie, wydawanym przez Stowarzyszenie Filozofii Prawa i Filozofii Społecznej – Sekcja Polska IVR, we współpracy z Wydawnictwem Uniwersytetu Gdańskiego i Wolters Kluwer Polska.</p>
<p>Zakres tematyczny czasopisma obejmuje różnorodne formy ogólnej refleksji nad prawem i jego otoczeniem, w tym przede wszystkim teorię i filozofię prawa, filozofię społeczną, filozofię polityczną oraz socjologię prawa.</p>
