{"id":45880,"date":"2025-09-29T12:58:25","date_gmt":"2025-09-29T12:58:25","guid":{"rendered":"https:\/\/wydawnictwo.ug.edu.pl\/ksiegarnia-online\/uncategorized\/teoria-prawa-ochrony-dziedzictwa-kultury\/"},"modified":"2026-02-10T14:01:59","modified_gmt":"2026-02-10T14:01:59","slug":"teoria-prawa-ochrony-dziedzictwa-kultury","status":"publish","type":"product","link":"https:\/\/wydawnictwo.ug.edu.pl\/en\/ksiegarnia-online\/prawo-i-administracja\/teoria-prawa-ochrony-dziedzictwa-kultury\/","title":{"rendered":"Teoria prawa ochrony dziedzictwa kultury"},"content":{"rendered":"","protected":false},"excerpt":{"rendered":"<p>Jan Pruszy\u0144ski jest tw\u00f3rc\u0105 doktryny prawa ochrony dziedzictwa kultury, kt\u00f3rej wyk\u0142ad znalaz\u0142 si\u0119 w opublikowanej w 2001 r. pracy pt.\u00a0<em>Dziedzictwo kultury Polski<\/em>.\u00a0<em>Jego straty i ochrona prawna<\/em>. Co prawda, sam nie przygotowa\u0142 pracy\u00a0<em>stricte<\/em> teoretycznej, zawieraj\u0105cej zestaw docieka\u0144 i ustale\u0144 o takim tylko charakterze, jednak na podstawie prac Profesora, w szczeg\u00f3lno\u015bci wy\u017cej wskazanej ksi\u0105\u017cki, mo\u017cna \u015bmia\u0142o rekonstruowa\u0107 zwart\u0105 i sp\u00f3jn\u0105 koncepcj\u0119 teorii prawa ochrony dziedzictwa kultury. Pomimo up\u0142ywu lat dzie\u0142o Profesora Jana Pruszy\u0144skiego pozostaje ponadczasowe i nie traci na aktualno\u015bci w zakresie, w jakim dotyczy teorii kompleksowej ga\u0142\u0119zi prawa \u2013 prawa ochrony dziedzictwa kultury. Dlatego celowe by\u0142o dokonanie syntezy, niejako wyci\u0105gni\u0119cie przed nawias tych rozwa\u017ca\u0144 i my\u015bli Profesora, kt\u00f3re maj\u0105 w\u0142a\u015bnie teoretyczny charakter, a co wi\u0119cej, s\u0105 nadal aktualne. Wszak przedmiot ochrony \u2013 dziedzictwo kultury \u2013 jest ca\u0142y czas ten sam, za\u015b koncepcja jego prawnej ochrony, teoria, doktryna, narz\u0119dzia i funkcja, a tak\u017ce aksjologia pozostaj\u0105 niezmienne. Ksi\u0105\u017cka zatytu\u0142owana <em>Teoria prawa ochrony dziedzictwa kultury<\/em>\u00a0jest wi\u0119c niczym innym ni\u017c podsumowaniem pewnego etapu budowania tej teorii, a jednocze\u015bnie\u00a0<em>sui generis<\/em>\u00a0kompilacj\u0105 wyk\u0142adu Profesora zawartego w jego najwa\u017cniejszym dwutomowym dziele.<\/p>\n<p><span data-olk-copy-source=\"MessageBody\">Ksi\u0105\u017cka ukaza\u0142a si\u0119 w serii wydawniczej\u00a0<\/span><a id=\"OWA12f94f6d-7087-9a73-ced7-da5d89e7ddd4\" class=\"x_OWAAutoLink\" title=\"https:\/\/wydawnictwo.ug.edu.pl\/kategoria-produktu\/serie-wydawnicze\/biblioteka-prawa-ochrony-zabytkow\/\" href=\"https:\/\/wydawnictwo.ug.edu.pl\/ksiegarnia-online\/?_serie_wydawnicze=biblioteka-prawa-ochrony-zabytkow\" target=\"_blank\" rel=\"noopener noreferrer\" data-auth=\"NotApplicable\" data-linkindex=\"0\">Biblioteka Prawa Ochrony Zabytk\u00f3w<\/a>.<\/p>\n<p>Wznowienie ksi\u0105\u017cki Jana Pruszy\u0144skiego,\u00a0<i>Dziedzictwo kultury Polski. Jego straty i ochrona prawna<\/i>, t. 1-2 (Zakamycze 2001), zosta\u0142o przygotowane przez Wolters Kluwer i e-book jest dost\u0119pny w ksi\u0119garni <a href=\"https:\/\/www.profinfo.pl\/sklep\/dziedzictwo-kultury-polski-jego-straty-i-ochrona-prawna-tom-i-i-ii,183605.html\">Profinfo.pl<\/a>.<\/p>\n<p style=\"text-align: left;\"><span data-olk-copy-source=\"MessageBody\">Publikacja wsp\u00f3\u0142wydana przez Narodowy Instytut Dziedzictwa i wydawnictwo Wolters Kluwer.<\/span><\/p>\n<p style=\"text-align: left;\"><img decoding=\"async\" class=\"wp-image-25593 alignleft\" src=\"https:\/\/wydawnictwo.ug.edu.pl\/wp-content\/uploads\/2023\/07\/05_znak_uproszczony_kolor_biale_tlo_RGB-1024x288.png\" alt=\"\" width=\"163\" height=\"46\" srcset=\"https:\/\/wydawnictwo.ug.edu.pl\/wp-content\/uploads\/2023\/07\/05_znak_uproszczony_kolor_biale_tlo_RGB-1024x288.png 1024w, https:\/\/wydawnictwo.ug.edu.pl\/wp-content\/uploads\/2023\/07\/05_znak_uproszczony_kolor_biale_tlo_RGB-600x169.png 600w, https:\/\/wydawnictwo.ug.edu.pl\/wp-content\/uploads\/2023\/07\/05_znak_uproszczony_kolor_biale_tlo_RGB-300x84.png 300w, https:\/\/wydawnictwo.ug.edu.pl\/wp-content\/uploads\/2023\/07\/05_znak_uproszczony_kolor_biale_tlo_RGB-768x216.png 768w, https:\/\/wydawnictwo.ug.edu.pl\/wp-content\/uploads\/2023\/07\/05_znak_uproszczony_kolor_biale_tlo_RGB-1536x432.png 1536w, https:\/\/wydawnictwo.ug.edu.pl\/wp-content\/uploads\/2023\/07\/05_znak_uproszczony_kolor_biale_tlo_RGB-640x180.png 640w, https:\/\/wydawnictwo.ug.edu.pl\/wp-content\/uploads\/2023\/07\/05_znak_uproszczony_kolor_biale_tlo_RGB-400x113.png 400w, https:\/\/wydawnictwo.ug.edu.pl\/wp-content\/uploads\/2023\/07\/05_znak_uproszczony_kolor_biale_tlo_RGB.png 1600w\" sizes=\"(max-width: 163px) 100vw, 163px\" \/><img decoding=\"async\" class=\"wp-image-25734 alignleft\" src=\"https:\/\/wydawnictwo.ug.edu.pl\/wp-content\/uploads\/2023\/07\/nid-3-1-1024x535.png\" alt=\"\" width=\"112\" height=\"59\" srcset=\"https:\/\/wydawnictwo.ug.edu.pl\/wp-content\/uploads\/2023\/07\/nid-3-1-1024x535.png 1024w, https:\/\/wydawnictwo.ug.edu.pl\/wp-content\/uploads\/2023\/07\/nid-3-1-600x314.png 600w, https:\/\/wydawnictwo.ug.edu.pl\/wp-content\/uploads\/2023\/07\/nid-3-1-300x157.png 300w, https:\/\/wydawnictwo.ug.edu.pl\/wp-content\/uploads\/2023\/07\/nid-3-1-768x401.png 768w, https:\/\/wydawnictwo.ug.edu.pl\/wp-content\/uploads\/2023\/07\/nid-3-1-640x334.png 640w, https:\/\/wydawnictwo.ug.edu.pl\/wp-content\/uploads\/2023\/07\/nid-3-1-400x209.png 400w, https:\/\/wydawnictwo.ug.edu.pl\/wp-content\/uploads\/2023\/07\/nid-3-1.png 1200w\" sizes=\"(max-width: 112px) 100vw, 112px\" \/><\/p>\n<p>&nbsp;<\/p>\n<p>&nbsp;<\/p>\n","protected":false},"featured_media":45246,"template":"","meta":{"_acf_changed":false},"journal":[],"rodzaj":[7074],"seria":[7078],"product_brand":[],"product_cat":[7014,6932],"product_tag":[7412,7413],"class_list":{"0":"post-45880","1":"product","2":"type-product","3":"status-publish","4":"has-post-thumbnail","6":"rodzaj-ksiazki","7":"seria-biblioteka-prawa-ochrony-zabytkow","8":"product_cat-bestsellery","9":"product_cat-prawo-i-administracja","10":"product_tag-jan-pruszynskijan-pruszynski","11":"product_tag-kamil-zeidlerkamil-zeidler","13":"first","14":"instock","15":"taxable","16":"shipping-taxable","17":"purchasable","18":"product-type-simple"},"acf":[],"_links":{"self":[{"href":"https:\/\/wydawnictwo.ug.edu.pl\/en\/wp-json\/wp\/v2\/product\/45880","targetHints":{"allow":["GET"]}}],"collection":[{"href":"https:\/\/wydawnictwo.ug.edu.pl\/en\/wp-json\/wp\/v2\/product"}],"about":[{"href":"https:\/\/wydawnictwo.ug.edu.pl\/en\/wp-json\/wp\/v2\/types\/product"}],"wp:featuredmedia":[{"embeddable":true,"href":"https:\/\/wydawnictwo.ug.edu.pl\/en\/wp-json\/wp\/v2\/media\/45246"}],"wp:attachment":[{"href":"https:\/\/wydawnictwo.ug.edu.pl\/en\/wp-json\/wp\/v2\/media?parent=45880"}],"wp:term":[{"taxonomy":"journal","embeddable":true,"href":"https:\/\/wydawnictwo.ug.edu.pl\/en\/wp-json\/wp\/v2\/journal?post=45880"},{"taxonomy":"rodzaj","embeddable":true,"href":"https:\/\/wydawnictwo.ug.edu.pl\/en\/wp-json\/wp\/v2\/rodzaj?post=45880"},{"taxonomy":"seria","embeddable":true,"href":"https:\/\/wydawnictwo.ug.edu.pl\/en\/wp-json\/wp\/v2\/seria?post=45880"},{"taxonomy":"product_brand","embeddable":true,"href":"https:\/\/wydawnictwo.ug.edu.pl\/en\/wp-json\/wp\/v2\/product_brand?post=45880"},{"taxonomy":"product_cat","embeddable":true,"href":"https:\/\/wydawnictwo.ug.edu.pl\/en\/wp-json\/wp\/v2\/product_cat?post=45880"},{"taxonomy":"product_tag","embeddable":true,"href":"https:\/\/wydawnictwo.ug.edu.pl\/en\/wp-json\/wp\/v2\/product_tag?post=45880"}],"curies":[{"name":"wp","href":"https:\/\/api.w.org\/{rel}","templated":true}]}}

<p>Jan Pruszyński jest twórcą doktryny prawa ochrony dziedzictwa kultury, której wykład znalazł się w opublikowanej w 2001 r. pracy pt. <em>Dziedzictwo kultury Polski</em>. <em>Jego straty i ochrona prawna</em>. Co prawda, sam nie przygotował pracy <em>stricte</em> teoretycznej, zawierającej zestaw dociekań i ustaleń o takim tylko charakterze, jednak na podstawie prac Profesora, w szczególności wyżej wskazanej książki, można śmiało rekonstruować zwartą i spójną koncepcję teorii prawa ochrony dziedzictwa kultury. Pomimo upływu lat dzieło Profesora Jana Pruszyńskiego pozostaje ponadczasowe i nie traci na aktualności w zakresie, w jakim dotyczy teorii kompleksowej gałęzi prawa – prawa ochrony dziedzictwa kultury. Dlatego celowe było dokonanie syntezy, niejako wyciągnięcie przed nawias tych rozważań i myśli Profesora, które mają właśnie teoretyczny charakter, a co więcej, są nadal aktualne. Wszak przedmiot ochrony – dziedzictwo kultury – jest cały czas ten sam, zaś koncepcja jego prawnej ochrony, teoria, doktryna, narzędzia i funkcja, a także aksjologia pozostają niezmienne. Książka zatytułowana <em>Teoria prawa ochrony dziedzictwa kultury</em> jest więc niczym innym niż podsumowaniem pewnego etapu budowania tej teorii, a jednocześnie <em>sui generis</em> kompilacją wykładu Profesora zawartego w jego najważniejszym dwutomowym dziele.</p>
<p><span data-olk-copy-source="MessageBody">Książka ukazała się w serii wydawniczej </span><a id="OWA12f94f6d-7087-9a73-ced7-da5d89e7ddd4" class="x_OWAAutoLink" title="https://wydawnictwo.ug.edu.pl/kategoria-produktu/serie-wydawnicze/biblioteka-prawa-ochrony-zabytkow/" href="https://wydawnictwo.ug.edu.pl/ksiegarnia-online/?_serie_wydawnicze=biblioteka-prawa-ochrony-zabytkow" target="_blank" rel="noopener noreferrer" data-auth="NotApplicable" data-linkindex="0">Biblioteka Prawa Ochrony Zabytków</a>.</p>
<p>Wznowienie książki Jana Pruszyńskiego, <i>Dziedzictwo kultury Polski. Jego straty i ochrona prawna</i>, t. 1-2 (Zakamycze 2001), zostało przygotowane przez Wolters Kluwer i e-book jest dostępny w księgarni <a href="https://www.profinfo.pl/sklep/dziedzictwo-kultury-polski-jego-straty-i-ochrona-prawna-tom-i-i-ii,183605.html">Profinfo.pl</a>.</p>
<p style="text-align: left;"><span data-olk-copy-source="MessageBody">Publikacja współwydana przez Narodowy Instytut Dziedzictwa i wydawnictwo Wolters Kluwer.</span></p>
<p style="text-align: left;"><img decoding="async" class="wp-image-25593 alignleft" src="https://wydawnictwo.ug.edu.pl/wp-content/uploads/2023/07/05_znak_uproszczony_kolor_biale_tlo_RGB-1024x288.png" alt="" width="163" height="46" srcset="https://wydawnictwo.ug.edu.pl/wp-content/uploads/2023/07/05_znak_uproszczony_kolor_biale_tlo_RGB-1024x288.png 1024w, https://wydawnictwo.ug.edu.pl/wp-content/uploads/2023/07/05_znak_uproszczony_kolor_biale_tlo_RGB-600x169.png 600w, https://wydawnictwo.ug.edu.pl/wp-content/uploads/2023/07/05_znak_uproszczony_kolor_biale_tlo_RGB-300x84.png 300w, https://wydawnictwo.ug.edu.pl/wp-content/uploads/2023/07/05_znak_uproszczony_kolor_biale_tlo_RGB-768x216.png 768w, https://wydawnictwo.ug.edu.pl/wp-content/uploads/2023/07/05_znak_uproszczony_kolor_biale_tlo_RGB-1536x432.png 1536w, https://wydawnictwo.ug.edu.pl/wp-content/uploads/2023/07/05_znak_uproszczony_kolor_biale_tlo_RGB-640x180.png 640w, https://wydawnictwo.ug.edu.pl/wp-content/uploads/2023/07/05_znak_uproszczony_kolor_biale_tlo_RGB-400x113.png 400w, https://wydawnictwo.ug.edu.pl/wp-content/uploads/2023/07/05_znak_uproszczony_kolor_biale_tlo_RGB.png 1600w" sizes="(max-width: 163px) 100vw, 163px" /><img decoding="async" class="wp-image-25734 alignleft" src="https://wydawnictwo.ug.edu.pl/wp-content/uploads/2023/07/nid-3-1-1024x535.png" alt="" width="112" height="59" srcset="https://wydawnictwo.ug.edu.pl/wp-content/uploads/2023/07/nid-3-1-1024x535.png 1024w, https://wydawnictwo.ug.edu.pl/wp-content/uploads/2023/07/nid-3-1-600x314.png 600w, https://wydawnictwo.ug.edu.pl/wp-content/uploads/2023/07/nid-3-1-300x157.png 300w, https://wydawnictwo.ug.edu.pl/wp-content/uploads/2023/07/nid-3-1-768x401.png 768w, https://wydawnictwo.ug.edu.pl/wp-content/uploads/2023/07/nid-3-1-640x334.png 640w, https://wydawnictwo.ug.edu.pl/wp-content/uploads/2023/07/nid-3-1-400x209.png 400w, https://wydawnictwo.ug.edu.pl/wp-content/uploads/2023/07/nid-3-1.png 1200w" sizes="(max-width: 112px) 100vw, 112px" /></p>
<p>&nbsp;</p>
<p>&nbsp;</p>
