{"id":45860,"date":"2025-12-02T10:44:30","date_gmt":"2025-12-02T10:44:30","guid":{"rendered":"https:\/\/wydawnictwo.ug.edu.pl\/ksiegarnia-online\/uncategorized\/estetyka-witkacego-w-kontekscie-przelomu-antynaturalistycznego-i-mozliwych-inspiracji\/"},"modified":"2026-02-10T13:59:59","modified_gmt":"2026-02-10T13:59:59","slug":"estetyka-witkacego-w-kontekscie-przelomu-antynaturalistycznego-i-mozliwych-inspiracji","status":"publish","type":"product","link":"https:\/\/wydawnictwo.ug.edu.pl\/en\/ksiegarnia-online\/filozofia\/estetyka-witkacego-w-kontekscie-przelomu-antynaturalistycznego-i-mozliwych-inspiracji\/","title":{"rendered":"Estetyka Witkacego w kontek\u015bcie prze\u0142omu antynaturalistycznego i mo\u017cliwych inspiracji"},"content":{"rendered":"","protected":false},"excerpt":{"rendered":"<p>Moj\u0105 opowie\u015b\u0107 zaczynam (&#8230;) od rekonstrukcji rozpozna\u0144 sytuacji problemowej w estetyce i filozofii dost\u0119pnych w czasie, gdy przysz\u0142y Witkacy dojrzewa\u0142 intelektualnie. Nie mam przy tym pewno\u015bci, \u017ce by\u0142y mu one znane, ale \u2013 jak wyka\u017c\u0119 \u2013 zbie\u017cno\u015bci mi\u0119dzy nimi a jego p\u00f3\u017aniejsz\u0105 tw\u00f3rczo\u015bci\u0105 intelektualn\u0105 jest tak wiele, i\u017c trudno oprze\u0107 si\u0119 wra\u017ceniu, \u017ce zna\u0142 je i przetworzy\u0142, na ich fundamencie buduj\u0105c swe w\u0142asne pogl\u0105dy. Nast\u0119pnie analizuj\u0119 jego g\u0142\u00f3wne dokonania z zakresu szeroko rozumianej estetyki, przy za\u0142o\u017ceniu, \u017ce prace swe pisa\u0142 jako artysta, aby uzasadni\u0107 swoje artystyczne preferencje, w szczeg\u00f3lno\u015bci uprawian\u0105 przez siebie sztuk\u0119 \u2013 to w\u0142a\u015bnie dlatego w tytule niniejszej ksi\u0105\u017cki wyst\u0119puje \u201eWitkacy\u201d ,a nie \u201eStanis\u0142aw Ignacy Witkiewicz\u201d. Estetyk\u0119 traktuj\u0119 jako cz\u0119\u015b\u0107 sztuki uprawianej przez artyst\u0119 Witkacego.<\/p>\n<p style=\"text-align: right;\"><em>Ze Wst\u0119pu<\/em><\/p>\n","protected":false},"featured_media":45165,"template":"","meta":{"_acf_changed":false},"journal":[],"rodzaj":[7074],"seria":[],"product_brand":[],"product_cat":[6936,6931],"product_tag":[7389],"class_list":{"0":"post-45860","1":"product","2":"type-product","3":"status-publish","4":"has-post-thumbnail","6":"rodzaj-ksiazki","7":"product_cat-historia-sztuki-i-kulturoznawstwo","8":"product_cat-filozofia","9":"product_tag-jozef-tarnowski","11":"first","12":"instock","13":"taxable","14":"shipping-taxable","15":"purchasable","16":"product-type-simple"},"acf":[],"_links":{"self":[{"href":"https:\/\/wydawnictwo.ug.edu.pl\/en\/wp-json\/wp\/v2\/product\/45860","targetHints":{"allow":["GET"]}}],"collection":[{"href":"https:\/\/wydawnictwo.ug.edu.pl\/en\/wp-json\/wp\/v2\/product"}],"about":[{"href":"https:\/\/wydawnictwo.ug.edu.pl\/en\/wp-json\/wp\/v2\/types\/product"}],"wp:featuredmedia":[{"embeddable":true,"href":"https:\/\/wydawnictwo.ug.edu.pl\/en\/wp-json\/wp\/v2\/media\/45165"}],"wp:attachment":[{"href":"https:\/\/wydawnictwo.ug.edu.pl\/en\/wp-json\/wp\/v2\/media?parent=45860"}],"wp:term":[{"taxonomy":"journal","embeddable":true,"href":"https:\/\/wydawnictwo.ug.edu.pl\/en\/wp-json\/wp\/v2\/journal?post=45860"},{"taxonomy":"rodzaj","embeddable":true,"href":"https:\/\/wydawnictwo.ug.edu.pl\/en\/wp-json\/wp\/v2\/rodzaj?post=45860"},{"taxonomy":"seria","embeddable":true,"href":"https:\/\/wydawnictwo.ug.edu.pl\/en\/wp-json\/wp\/v2\/seria?post=45860"},{"taxonomy":"product_brand","embeddable":true,"href":"https:\/\/wydawnictwo.ug.edu.pl\/en\/wp-json\/wp\/v2\/product_brand?post=45860"},{"taxonomy":"product_cat","embeddable":true,"href":"https:\/\/wydawnictwo.ug.edu.pl\/en\/wp-json\/wp\/v2\/product_cat?post=45860"},{"taxonomy":"product_tag","embeddable":true,"href":"https:\/\/wydawnictwo.ug.edu.pl\/en\/wp-json\/wp\/v2\/product_tag?post=45860"}],"curies":[{"name":"wp","href":"https:\/\/api.w.org\/{rel}","templated":true}]}}

Estetyka Witkacego w kontekście przełomu antynaturalistycznego i możliwych inspiracji

<p>Moją opowieść zaczynam (&#8230;) od rekonstrukcji rozpoznań sytuacji problemowej w estetyce i filozofii dostępnych w czasie, gdy przyszły Witkacy dojrzewał intelektualnie. Nie mam przy tym pewności, że były mu one znane, ale – jak wykażę – zbieżności między nimi a jego późniejszą twórczością intelektualną jest tak wiele, iż trudno oprzeć się wrażeniu, że znał je i przetworzył, na ich fundamencie budując swe własne poglądy. Następnie analizuję jego główne dokonania z zakresu szeroko rozumianej estetyki, przy założeniu, że prace swe pisał jako artysta, aby uzasadnić swoje artystyczne preferencje, w szczególności uprawianą przez siebie sztukę – to właśnie dlatego w tytule niniejszej książki występuje „Witkacy” ,a nie „Stanisław Ignacy Witkiewicz”. Estetykę traktuję jako część sztuki uprawianej przez artystę Witkacego.</p>
<p style="text-align: right;"><em>Ze Wstępu</em></p>
