{"id":45852,"date":"2025-12-05T07:26:14","date_gmt":"2025-12-05T07:26:14","guid":{"rendered":"https:\/\/wydawnictwo.ug.edu.pl\/ksiegarnia-online\/uncategorized\/presja-zagospodarowania-przestrzennego-w-otoczeniu-polskich-parkow-narodowych\/"},"modified":"2026-02-19T09:16:26","modified_gmt":"2026-02-19T09:16:26","slug":"presja-zagospodarowania-przestrzennego-w-otoczeniu-polskich-parkow-narodowych","status":"publish","type":"product","link":"https:\/\/wydawnictwo.ug.edu.pl\/en\/ksiegarnia-online\/geografia-spoleczno-ekonomiczna\/presja-zagospodarowania-przestrzennego-w-otoczeniu-polskich-parkow-narodowych\/","title":{"rendered":"Presja zagospodarowania przestrzennego w otoczeniu polskich park\u00f3w narodowych"},"content":{"rendered":"","protected":false},"excerpt":{"rendered":"<p>\u201eMonografia stanowi wyj\u0105tkowo cenne opracowanie, w unikalny spos\u00f3b ukazuj\u0105ce zagro\u017cenia, jakie dotycz\u0105 najcenniejszych przyrodniczo obszar\u00f3w w Polsce \u2013 park\u00f3w narodowych oraz ich otulin. Te zagro\u017cenia zosta\u0142y zidentyfikowane na podstawie analizy miejscowych plan\u00f3w zagospodarowania przestrzennego oraz decyzji o warunkach zabudowy i inwestycjach celu publicznego, co czyni analiz\u0119 szczeg\u00f3lnie wiarygodn\u0105 i opart\u0105 na rzeczywistej polityce przestrzennej prowadzonej przez gminy. Wnioski p\u0142yn\u0105ce z przeprowadzonych analiz s\u0105 niepokoj\u0105ce i powinny zwr\u00f3ci\u0107 uwag\u0119 wszystkich tych, kt\u00f3rym zale\u017cy na przysz\u0142o\u015bci polskich park\u00f3w narodowych. Opracowanie jest tym istotniejsze, \u017ce powsta\u0142o u progu wdro\u017cenia reformy systemu planowania przestrzennego w Polsce i zmian kluczowych dla gmin dokument\u00f3w planistycznych ze studi\u00f3w uwarunkowa\u0144 i kierunk\u00f3w zagospodarowania na plany og\u00f3lne\u201d.<\/p>\n<p style=\"text-align: right;\"><em>Z recenzji dr hab. Agaty Cieszewskiej<\/em><\/p>\n<p>\u201ePodstawowy problem badawczy i aplikacyjny monografii stanowi rozpoznanie presji na polskie parki narodowe, wynikaj\u0105cej z rzeczywistych i planowanych zmian w zagospodarowaniu i u\u017cytkowaniu terenu w otoczeniu park\u00f3w, a w kilku przypadkach w samych parkach. Celem przeanalizowania r\u00f3\u017cnic w zakresie zagospodarowania i planowania przestrzennego w parkach narodowych i ich otoczeniu jest okre\u015blenie ich wp\u0142ywu na skuteczno\u015b\u0107 realizacji podstawowej funkcji tych park\u00f3w, czyli ochrony przyrody, oraz wskazanie narz\u0119dzi \u0142agodz\u0105cych negatywne oddzia\u0142ywania i poprawiaj\u0105cych jako\u015b\u0107 ochrony. Na tle 23 polskich park\u00f3w narodowych szczeg\u00f3\u0142owym badaniom poddano Roztocza\u0144ski Park Narodowy i jego otoczenie\u201d.<\/p>\n<p style=\"text-align: right;\"><em>Ze Wst\u0119pu<\/em><\/p>\n","protected":false},"featured_media":45111,"template":"","meta":{"_acf_changed":false},"journal":[],"rodzaj":[7074],"seria":[],"product_brand":[],"product_cat":[6977],"product_tag":[7380],"class_list":{"0":"post-45852","1":"product","2":"type-product","3":"status-publish","4":"has-post-thumbnail","6":"rodzaj-ksiazki","7":"product_cat-geografia-spoleczno-ekonomiczna","8":"product_tag-mariusz-kistowskimariusz-kistowski","10":"first","11":"instock","12":"taxable","13":"shipping-taxable","14":"purchasable","15":"product-type-simple"},"acf":[],"_links":{"self":[{"href":"https:\/\/wydawnictwo.ug.edu.pl\/en\/wp-json\/wp\/v2\/product\/45852","targetHints":{"allow":["GET"]}}],"collection":[{"href":"https:\/\/wydawnictwo.ug.edu.pl\/en\/wp-json\/wp\/v2\/product"}],"about":[{"href":"https:\/\/wydawnictwo.ug.edu.pl\/en\/wp-json\/wp\/v2\/types\/product"}],"wp:featuredmedia":[{"embeddable":true,"href":"https:\/\/wydawnictwo.ug.edu.pl\/en\/wp-json\/wp\/v2\/media\/45111"}],"wp:attachment":[{"href":"https:\/\/wydawnictwo.ug.edu.pl\/en\/wp-json\/wp\/v2\/media?parent=45852"}],"wp:term":[{"taxonomy":"journal","embeddable":true,"href":"https:\/\/wydawnictwo.ug.edu.pl\/en\/wp-json\/wp\/v2\/journal?post=45852"},{"taxonomy":"rodzaj","embeddable":true,"href":"https:\/\/wydawnictwo.ug.edu.pl\/en\/wp-json\/wp\/v2\/rodzaj?post=45852"},{"taxonomy":"seria","embeddable":true,"href":"https:\/\/wydawnictwo.ug.edu.pl\/en\/wp-json\/wp\/v2\/seria?post=45852"},{"taxonomy":"product_brand","embeddable":true,"href":"https:\/\/wydawnictwo.ug.edu.pl\/en\/wp-json\/wp\/v2\/product_brand?post=45852"},{"taxonomy":"product_cat","embeddable":true,"href":"https:\/\/wydawnictwo.ug.edu.pl\/en\/wp-json\/wp\/v2\/product_cat?post=45852"},{"taxonomy":"product_tag","embeddable":true,"href":"https:\/\/wydawnictwo.ug.edu.pl\/en\/wp-json\/wp\/v2\/product_tag?post=45852"}],"curies":[{"name":"wp","href":"https:\/\/api.w.org\/{rel}","templated":true}]}}

Presja zagospodarowania przestrzennego w otoczeniu polskich parków narodowych

<p>„Monografia stanowi wyjątkowo cenne opracowanie, w unikalny sposób ukazujące zagrożenia, jakie dotyczą najcenniejszych przyrodniczo obszarów w Polsce – parków narodowych oraz ich otulin. Te zagrożenia zostały zidentyfikowane na podstawie analizy miejscowych planów zagospodarowania przestrzennego oraz decyzji o warunkach zabudowy i inwestycjach celu publicznego, co czyni analizę szczególnie wiarygodną i opartą na rzeczywistej polityce przestrzennej prowadzonej przez gminy. Wnioski płynące z przeprowadzonych analiz są niepokojące i powinny zwrócić uwagę wszystkich tych, którym zależy na przyszłości polskich parków narodowych. Opracowanie jest tym istotniejsze, że powstało u progu wdrożenia reformy systemu planowania przestrzennego w Polsce i zmian kluczowych dla gmin dokumentów planistycznych ze studiów uwarunkowań i kierunków zagospodarowania na plany ogólne”.</p>
<p style="text-align: right;"><em>Z recenzji dr hab. Agaty Cieszewskiej</em></p>
<p>„Podstawowy problem badawczy i aplikacyjny monografii stanowi rozpoznanie presji na polskie parki narodowe, wynikającej z rzeczywistych i planowanych zmian w zagospodarowaniu i użytkowaniu terenu w otoczeniu parków, a w kilku przypadkach w samych parkach. Celem przeanalizowania różnic w zakresie zagospodarowania i planowania przestrzennego w parkach narodowych i ich otoczeniu jest określenie ich wpływu na skuteczność realizacji podstawowej funkcji tych parków, czyli ochrony przyrody, oraz wskazanie narzędzi łagodzących negatywne oddziaływania i poprawiających jakość ochrony. Na tle 23 polskich parków narodowych szczegółowym badaniom poddano Roztoczański Park Narodowy i jego otoczenie”.</p>
<p style="text-align: right;"><em>Ze Wstępu</em></p>
