{"id":45851,"date":"2025-12-05T12:18:37","date_gmt":"2025-12-05T12:18:37","guid":{"rendered":"https:\/\/wydawnictwo.ug.edu.pl\/ksiegarnia-online\/uncategorized\/bledy-w-zapisie-angielskich-fonemow-samogloskowych-badania-nad-ortografia-15-i-16-letnich-uczniow-trojmiejskich-szkol\/"},"modified":"2026-02-19T09:16:24","modified_gmt":"2026-02-19T09:16:24","slug":"bledy-w-zapisie-angielskich-fonemow-samogloskowych-badania-nad-ortografia-15-i-16-letnich-uczniow-trojmiejskich-szkol","status":"publish","type":"product","link":"https:\/\/wydawnictwo.ug.edu.pl\/en\/ksiegarnia-online\/jezykoznawstwo\/bledy-w-zapisie-angielskich-fonemow-samogloskowych-badania-nad-ortografia-15-i-16-letnich-uczniow-trojmiejskich-szkol\/","title":{"rendered":"B\u0142\u0119dy w zapisie angielskich fonem\u00f3w samog\u0142oskowych. Badania nad ortografi\u0105 15- i 16-letnich uczni\u00f3w tr\u00f3jmiejskich szk\u00f3\u0142"},"content":{"rendered":"","protected":false},"excerpt":{"rendered":"<p data-start=\"206\" data-end=\"721\">Ksi\u0105\u017cka podejmuje glottodydaktyczny aspekt skomplikowanych relacji mi\u0119dzy angielskim tekstem m\u00f3wionym a pisanym, zar\u00f3wno w uj\u0119ciu teoretycznym, jak i praktycznym. Cz\u0119\u015b\u0107 teoretyczna pozwala czytelnikowi zaznajomi\u0107 si\u0119 ze sposobami klasyfikowania b\u0142\u0119d\u00f3w zapisu w j\u0119zyku angielskim oraz pozna\u0107 specyfik\u0119 systemu wokalicznego i relacji fonem\u2013grafem w tym j\u0119zyku. Praktyczne aspekty tytu\u0142owego zagadnienia autor przedstawia na przyk\u0142adzie prac pisemnych polskich uczni\u00f3w, dla kt\u00f3rych j\u0119zyk angielski jest j\u0119zykiem obcym.<\/p>\n<p data-start=\"723\" data-end=\"1035\">W rozdzia\u0142ach om\u00f3wiono m.in. problem klasyfikacji b\u0142\u0119d\u00f3w w zapisie angielskich fonem\u00f3w samog\u0142oskowych oraz wp\u0142yw frekwencji tekstowej poszczeg\u00f3lnych fonem\u00f3w na liczb\u0119 odnotowanych b\u0142\u0119d\u00f3w. Autor ocenia r\u00f3wnie\u017c mo\u017cliwy wp\u0142yw transferu relacji fonem\u2013grafem z j\u0119zyka polskiego na b\u0142\u0119dy w zapisie fonem\u00f3w angielskich.<\/p>\n","protected":false},"featured_media":45147,"template":"","meta":{"_acf_changed":false},"journal":[],"rodzaj":[7074],"seria":[],"product_brand":[],"product_cat":[6924],"product_tag":[7379],"class_list":{"0":"post-45851","1":"product","2":"type-product","3":"status-publish","4":"has-post-thumbnail","6":"rodzaj-ksiazki","7":"product_cat-jezykoznawstwo","8":"product_tag-jakub-solecki","10":"first","11":"instock","12":"taxable","13":"shipping-taxable","14":"purchasable","15":"product-type-simple"},"acf":[],"_links":{"self":[{"href":"https:\/\/wydawnictwo.ug.edu.pl\/en\/wp-json\/wp\/v2\/product\/45851","targetHints":{"allow":["GET"]}}],"collection":[{"href":"https:\/\/wydawnictwo.ug.edu.pl\/en\/wp-json\/wp\/v2\/product"}],"about":[{"href":"https:\/\/wydawnictwo.ug.edu.pl\/en\/wp-json\/wp\/v2\/types\/product"}],"wp:featuredmedia":[{"embeddable":true,"href":"https:\/\/wydawnictwo.ug.edu.pl\/en\/wp-json\/wp\/v2\/media\/45147"}],"wp:attachment":[{"href":"https:\/\/wydawnictwo.ug.edu.pl\/en\/wp-json\/wp\/v2\/media?parent=45851"}],"wp:term":[{"taxonomy":"journal","embeddable":true,"href":"https:\/\/wydawnictwo.ug.edu.pl\/en\/wp-json\/wp\/v2\/journal?post=45851"},{"taxonomy":"rodzaj","embeddable":true,"href":"https:\/\/wydawnictwo.ug.edu.pl\/en\/wp-json\/wp\/v2\/rodzaj?post=45851"},{"taxonomy":"seria","embeddable":true,"href":"https:\/\/wydawnictwo.ug.edu.pl\/en\/wp-json\/wp\/v2\/seria?post=45851"},{"taxonomy":"product_brand","embeddable":true,"href":"https:\/\/wydawnictwo.ug.edu.pl\/en\/wp-json\/wp\/v2\/product_brand?post=45851"},{"taxonomy":"product_cat","embeddable":true,"href":"https:\/\/wydawnictwo.ug.edu.pl\/en\/wp-json\/wp\/v2\/product_cat?post=45851"},{"taxonomy":"product_tag","embeddable":true,"href":"https:\/\/wydawnictwo.ug.edu.pl\/en\/wp-json\/wp\/v2\/product_tag?post=45851"}],"curies":[{"name":"wp","href":"https:\/\/api.w.org\/{rel}","templated":true}]}}

Błędy w zapisie angielskich fonemów samogłoskowych. Badania nad ortografią 15- i 16-letnich uczniów trójmiejskich szkół

<p data-start="206" data-end="721">Książka podejmuje glottodydaktyczny aspekt skomplikowanych relacji między angielskim tekstem mówionym a pisanym, zarówno w ujęciu teoretycznym, jak i praktycznym. Część teoretyczna pozwala czytelnikowi zaznajomić się ze sposobami klasyfikowania błędów zapisu w języku angielskim oraz poznać specyfikę systemu wokalicznego i relacji fonem–grafem w tym języku. Praktyczne aspekty tytułowego zagadnienia autor przedstawia na przykładzie prac pisemnych polskich uczniów, dla których język angielski jest językiem obcym.</p>
<p data-start="723" data-end="1035">W rozdziałach omówiono m.in. problem klasyfikacji błędów w zapisie angielskich fonemów samogłoskowych oraz wpływ frekwencji tekstowej poszczególnych fonemów na liczbę odnotowanych błędów. Autor ocenia również możliwy wpływ transferu relacji fonem–grafem z języka polskiego na błędy w zapisie fonemów angielskich.</p>
