{"id":45847,"date":"2025-12-08T10:21:57","date_gmt":"2025-12-08T10:21:57","guid":{"rendered":"https:\/\/wydawnictwo.ug.edu.pl\/ksiegarnia-online\/uncategorized\/w-strone-samopodtrzymywalnosci-regionow-perspektywa-strategii-inteligentnych-specjalizacji\/"},"modified":"2026-02-10T13:57:57","modified_gmt":"2026-02-10T13:57:57","slug":"w-strone-samopodtrzymywalnosci-regionow-perspektywa-strategii-inteligentnych-specjalizacji","status":"publish","type":"product","link":"https:\/\/wydawnictwo.ug.edu.pl\/en\/ksiegarnia-online\/geografia-spoleczno-ekonomiczna\/w-strone-samopodtrzymywalnosci-regionow-perspektywa-strategii-inteligentnych-specjalizacji\/","title":{"rendered":"W stron\u0119 samopodtrzymywalno\u015bci region\u00f3w. Perspektywa strategii inteligentnych specjalizacji"},"content":{"rendered":"","protected":false},"excerpt":{"rendered":"<p>Monografia Macieja Tarkowskiego <em>W stron\u0119 samopodtrzymywalno\u015bci \u00a0region\u00f3w. Perspektywa strategii inteligentnych specjalizacji<\/em> stanowi istotny i bardzo potrzebny g\u0142os w tocz\u0105cej si\u0119 debacie nad wyzwaniami wsp\u00f3\u0142czesnej polityki rozwoju regionalnego. Ukierunkowanie tematyki publikacji zgodnie z aktualnym sposobem rozumienia proces\u00f3w rozwojowych, opartym na obowi\u0105zuj\u0105cym paradygmacie terytorialnie zorientowanej polityki rozwoju oraz uwzgl\u0119dniaj\u0105cym wa\u017cne narz\u0119dzia programowania i realizacji dzia\u0142a\u0144 interwencyjnych, nadaje opracowaniu wysoki poziom aktualno\u015bci. Jestem przekonany, \u017ce monografia znajdzie uznanie zar\u00f3wno w gronie specjalist\u00f3w prowadz\u0105cych badania w dyscyplinie geografia spo\u0142eczno-ekonomiczna i gospodarka przestrzenna, jak i przedstawicieli dyscyplin nauk spo\u0142ecznych. Dzi\u0119ki po\u0142\u0105czeniu warto\u015bci poznawczych z aplikacyjnymi jest cennym \u017ar\u00f3d\u0142em wiedzy dla praktyk\u00f3w zajmuj\u0105cych si\u0119 polityk\u0105 regionaln\u0105. Publikacja mo\u017ce stanowi\u0107 lektur\u0119 uzupe\u0142niaj\u0105c\u0105 dla student\u00f3w kierunk\u00f3w zwi\u0105zanych z gospodarowaniem przestrzeni\u0105.<\/p>\n<p style=\"text-align: right;\"><em>Fragment recenzji prof. dr. hab. Paw\u0142a Churskiego<\/em><\/p>\n","protected":false},"featured_media":45100,"template":"","meta":{"_acf_changed":false},"journal":[],"rodzaj":[7074],"seria":[],"product_brand":[],"product_cat":[6977],"product_tag":[7375],"class_list":{"0":"post-45847","1":"product","2":"type-product","3":"status-publish","4":"has-post-thumbnail","6":"rodzaj-ksiazki","7":"product_cat-geografia-spoleczno-ekonomiczna","8":"product_tag-maciej-tarkowski","10":"first","11":"instock","12":"taxable","13":"shipping-taxable","14":"purchasable","15":"product-type-simple"},"acf":[],"_links":{"self":[{"href":"https:\/\/wydawnictwo.ug.edu.pl\/en\/wp-json\/wp\/v2\/product\/45847","targetHints":{"allow":["GET"]}}],"collection":[{"href":"https:\/\/wydawnictwo.ug.edu.pl\/en\/wp-json\/wp\/v2\/product"}],"about":[{"href":"https:\/\/wydawnictwo.ug.edu.pl\/en\/wp-json\/wp\/v2\/types\/product"}],"wp:featuredmedia":[{"embeddable":true,"href":"https:\/\/wydawnictwo.ug.edu.pl\/en\/wp-json\/wp\/v2\/media\/45100"}],"wp:attachment":[{"href":"https:\/\/wydawnictwo.ug.edu.pl\/en\/wp-json\/wp\/v2\/media?parent=45847"}],"wp:term":[{"taxonomy":"journal","embeddable":true,"href":"https:\/\/wydawnictwo.ug.edu.pl\/en\/wp-json\/wp\/v2\/journal?post=45847"},{"taxonomy":"rodzaj","embeddable":true,"href":"https:\/\/wydawnictwo.ug.edu.pl\/en\/wp-json\/wp\/v2\/rodzaj?post=45847"},{"taxonomy":"seria","embeddable":true,"href":"https:\/\/wydawnictwo.ug.edu.pl\/en\/wp-json\/wp\/v2\/seria?post=45847"},{"taxonomy":"product_brand","embeddable":true,"href":"https:\/\/wydawnictwo.ug.edu.pl\/en\/wp-json\/wp\/v2\/product_brand?post=45847"},{"taxonomy":"product_cat","embeddable":true,"href":"https:\/\/wydawnictwo.ug.edu.pl\/en\/wp-json\/wp\/v2\/product_cat?post=45847"},{"taxonomy":"product_tag","embeddable":true,"href":"https:\/\/wydawnictwo.ug.edu.pl\/en\/wp-json\/wp\/v2\/product_tag?post=45847"}],"curies":[{"name":"wp","href":"https:\/\/api.w.org\/{rel}","templated":true}]}}

W stronę samopodtrzymywalności regionów. Perspektywa strategii inteligentnych specjalizacji

<p>Monografia Macieja Tarkowskiego <em>W stronę samopodtrzymywalności  regionów. Perspektywa strategii inteligentnych specjalizacji</em> stanowi istotny i bardzo potrzebny głos w toczącej się debacie nad wyzwaniami współczesnej polityki rozwoju regionalnego. Ukierunkowanie tematyki publikacji zgodnie z aktualnym sposobem rozumienia procesów rozwojowych, opartym na obowiązującym paradygmacie terytorialnie zorientowanej polityki rozwoju oraz uwzględniającym ważne narzędzia programowania i realizacji działań interwencyjnych, nadaje opracowaniu wysoki poziom aktualności. Jestem przekonany, że monografia znajdzie uznanie zarówno w gronie specjalistów prowadzących badania w dyscyplinie geografia społeczno-ekonomiczna i gospodarka przestrzenna, jak i przedstawicieli dyscyplin nauk społecznych. Dzięki połączeniu wartości poznawczych z aplikacyjnymi jest cennym źródłem wiedzy dla praktyków zajmujących się polityką regionalną. Publikacja może stanowić lekturę uzupełniającą dla studentów kierunków związanych z gospodarowaniem przestrzenią.</p>
<p style="text-align: right;"><em>Fragment recenzji prof. dr. hab. Pawła Churskiego</em></p>
