{"id":45828,"date":"2025-12-16T08:05:33","date_gmt":"2025-12-16T08:05:33","guid":{"rendered":"https:\/\/wydawnictwo.ug.edu.pl\/ksiegarnia-online\/uncategorized\/organizacja-wobec-ksztaltowania-odpornosci-psychicznej-pracownikow-generacji-z\/"},"modified":"2026-04-09T09:07:54","modified_gmt":"2026-04-09T09:07:54","slug":"organizacja-wobec-ksztaltowania-odpornosci-psychicznej-pracownikow-generacji-z","status":"publish","type":"product","link":"https:\/\/wydawnictwo.ug.edu.pl\/en\/ksiegarnia-online\/zarzadzanie\/organizacja-wobec-ksztaltowania-odpornosci-psychicznej-pracownikow-generacji-z\/","title":{"rendered":"Organizacja wobec kszta\u0142towania odporno\u015bci psychicznej pracownik\u00f3w generacji Z"},"content":{"rendered":"","protected":false},"excerpt":{"rendered":"<p>Ksi\u0105\u017cka analizuje kluczowe czynniki psychospo\u0142eczne i organizacyjne kszta\u0142tuj\u0105ce odporno\u015b\u0107 psychiczn\u0105 pracownik\u00f3w z pokolenia Z. Sk\u0142ada si\u0119 z cz\u0119\u015bci teoretycznej i praktycznej, \u0142\u0105cz\u0105c perspektywy psychospo\u0142eczne, socjologiczne oraz organizacyjne. W cz\u0119\u015bci teoretycznej przedstawiono poj\u0119cie odporno\u015bci psychologicznej w kontek\u015bcie wsp\u00f3\u0142czesnych wyzwa\u0144 HR, wp\u0142yw czynnik\u00f3w spo\u0142ecznych, takich jak rodzina czy edukacja oraz rol\u0119 organizacji w jej wzmacnianiu. Cz\u0119\u015b\u0107 praktyczna zawiera konkretne narz\u0119dzia, takie jak model BASIC Ph, pierwsza pomoc psychologiczna czy budowanie wspieraj\u0105cych spo\u0142eczno\u015bci w miejscu pracy. Ksi\u0105\u017cka ko\u0144czy si\u0119 autorsk\u0105 koncepcj\u0105 wdro\u017cenia odporno\u015bci psychicznej w procesach HR, takich jak onboarding, motywowanie zespo\u0142\u00f3w czy tworzenie r\u00f3wnowagi mi\u0119dzy \u017cyciem zawodowym a prywatnym. Publikacja ma charakter interdyscyplinarny i jest adresowana do praktyk\u00f3w HR, badaczy oraz os\u00f3b zarz\u0105dzaj\u0105cych organizacjami.<\/p>\n","protected":false},"featured_media":45017,"template":"","meta":{"_acf_changed":false},"journal":[],"rodzaj":[7074],"seria":[],"product_brand":[],"product_cat":[6942,7311],"product_tag":[7351,7352,7353],"class_list":{"0":"post-45828","1":"product","2":"type-product","3":"status-publish","4":"has-post-thumbnail","6":"rodzaj-ksiazki","7":"product_cat-zarzadzanie","8":"product_cat-nowosci","9":"product_tag-agata-borowska-pietrzakagata-borowska-pietrzak","10":"product_tag-aleksandra-peplinska","11":"product_tag-dorota-godlewska-werner","13":"first","14":"instock","15":"taxable","16":"shipping-taxable","17":"purchasable","18":"product-type-simple"},"acf":[],"_links":{"self":[{"href":"https:\/\/wydawnictwo.ug.edu.pl\/en\/wp-json\/wp\/v2\/product\/45828","targetHints":{"allow":["GET"]}}],"collection":[{"href":"https:\/\/wydawnictwo.ug.edu.pl\/en\/wp-json\/wp\/v2\/product"}],"about":[{"href":"https:\/\/wydawnictwo.ug.edu.pl\/en\/wp-json\/wp\/v2\/types\/product"}],"wp:featuredmedia":[{"embeddable":true,"href":"https:\/\/wydawnictwo.ug.edu.pl\/en\/wp-json\/wp\/v2\/media\/45017"}],"wp:attachment":[{"href":"https:\/\/wydawnictwo.ug.edu.pl\/en\/wp-json\/wp\/v2\/media?parent=45828"}],"wp:term":[{"taxonomy":"journal","embeddable":true,"href":"https:\/\/wydawnictwo.ug.edu.pl\/en\/wp-json\/wp\/v2\/journal?post=45828"},{"taxonomy":"rodzaj","embeddable":true,"href":"https:\/\/wydawnictwo.ug.edu.pl\/en\/wp-json\/wp\/v2\/rodzaj?post=45828"},{"taxonomy":"seria","embeddable":true,"href":"https:\/\/wydawnictwo.ug.edu.pl\/en\/wp-json\/wp\/v2\/seria?post=45828"},{"taxonomy":"product_brand","embeddable":true,"href":"https:\/\/wydawnictwo.ug.edu.pl\/en\/wp-json\/wp\/v2\/product_brand?post=45828"},{"taxonomy":"product_cat","embeddable":true,"href":"https:\/\/wydawnictwo.ug.edu.pl\/en\/wp-json\/wp\/v2\/product_cat?post=45828"},{"taxonomy":"product_tag","embeddable":true,"href":"https:\/\/wydawnictwo.ug.edu.pl\/en\/wp-json\/wp\/v2\/product_tag?post=45828"}],"curies":[{"name":"wp","href":"https:\/\/api.w.org\/{rel}","templated":true}]}}

Organizacja wobec kształtowania odporności psychicznej pracowników generacji Z

<p>Książka analizuje kluczowe czynniki psychospołeczne i organizacyjne kształtujące odporność psychiczną pracowników z pokolenia Z. Składa się z części teoretycznej i praktycznej, łącząc perspektywy psychospołeczne, socjologiczne oraz organizacyjne. W części teoretycznej przedstawiono pojęcie odporności psychologicznej w kontekście współczesnych wyzwań HR, wpływ czynników społecznych, takich jak rodzina czy edukacja oraz rolę organizacji w jej wzmacnianiu. Część praktyczna zawiera konkretne narzędzia, takie jak model BASIC Ph, pierwsza pomoc psychologiczna czy budowanie wspierających społeczności w miejscu pracy. Książka kończy się autorską koncepcją wdrożenia odporności psychicznej w procesach HR, takich jak onboarding, motywowanie zespołów czy tworzenie równowagi między życiem zawodowym a prywatnym. Publikacja ma charakter interdyscyplinarny i jest adresowana do praktyków HR, badaczy oraz osób zarządzających organizacjami.</p>
