{"id":45824,"date":"2025-12-22T07:44:08","date_gmt":"2025-12-22T07:44:08","guid":{"rendered":"https:\/\/wydawnictwo.ug.edu.pl\/ksiegarnia-online\/uncategorized\/granice-zdrowego-rozsadku-teorie-spiskowe-i-przekazy-portali-konspiracyjnych\/"},"modified":"2026-04-09T07:09:19","modified_gmt":"2026-04-09T07:09:19","slug":"granice-zdrowego-rozsadku-teorie-spiskowe-i-przekazy-portali-konspiracyjnych","status":"publish","type":"product","link":"https:\/\/wydawnictwo.ug.edu.pl\/en\/ksiegarnia-online\/medioznawstwo\/granice-zdrowego-rozsadku-teorie-spiskowe-i-przekazy-portali-konspiracyjnych\/","title":{"rendered":"Granice zdrowego rozs\u0105dku \u2013 teorie spiskowe i przekazy portali konspiracyjnych"},"content":{"rendered":"","protected":false},"excerpt":{"rendered":"<p>Rozprzestrzenianie si\u0119 i akceptacja teorii spiskowych ma znacz\u0105cy wp\u0142yw na jako\u015b\u0107 dyskursu publicznego \u2013 potencjalnie podsyca wrogo\u015b\u0107 w spo\u0142ecze\u0144stwie lub pod\u017cega do zachowa\u0144 ekstremistycznych.<\/p>\n<p>Adam Majchrzak wyja\u015bnia istot\u0119 teorii spiskowych, omawia ich genez\u0119 i zag\u0142\u0119bia si\u0119 w fundamentalne pytanie: czy teorie spiskowe s\u0105 z natury b\u0142\u0119dne, czy mo\u017ce da si\u0119 w nich odnale\u017a\u0107 ziarno prawdy? W procesie poszukiwania odpowiedzi przeprowadza analiz\u0119 konspiracyjnych przekaz\u00f3w wok\u00f3\u0142 Billa Gatesa i George\u2019a Sorosa propagowanych za po\u015brednictwem polskich platform o konspiracyjnym charakterze.<\/p>\n<p>Doskona\u0142a orientacja Adama Majchrzaka w analizowanych zagadnieniach, zw\u0142aszcza za\u015b zdolno\u015b\u0107 \u0142\u0105czenia refleksji naukowej z \u017cyw\u0105 narracj\u0105 i barwnymi przyk\u0142adami czyni\u0105 z ksi\u0105\u017cki\u00a0<em>Granice zdrowego rozs\u0105dku \u2013 teorie spiskowe i przekazy portali konspiracyjnych\u00a0<\/em>pozycj\u0119 interesuj\u0105c\u0105 dla czytelnik\u00f3w o zr\u00f3\u017cnicowanych oczekiwaniach i kompetencjach. Jest to lektura obowi\u0105zkowa zar\u00f3wno dla teoretyk\u00f3w komunikacji i medi\u00f3w; dla edukator\u00f3w oraz przedstawicieli bran\u017c profesjonalnej komunikacji publicznej (zw\u0142aszcza dziennikarzy czy student\u00f3w kierunk\u00f3w dziennikarskich i medialnych), jak i dla wszystkich tych, kt\u00f3rzy funkcjonuj\u0105 we wsp\u00f3\u0142czesnej infosferze, b\u0119d\u0105c zar\u00f3wno odbiorcami, jak i kreatorami przekaz\u00f3w medialnych.<\/p>\n<p style=\"text-align: right;\"><em>Z recenzji dr hab. Kariny Stasiuk-Krajewskiej, prof. Uniwersytetu SWPS<\/em><\/p>\n","protected":false},"featured_media":45005,"template":"","meta":{"_acf_changed":false},"journal":[],"rodzaj":[7074],"seria":[],"product_brand":[],"product_cat":[6941,7311],"product_tag":[8256],"class_list":{"0":"post-45824","1":"product","2":"type-product","3":"status-publish","4":"has-post-thumbnail","6":"rodzaj-ksiazki","7":"product_cat-medioznawstwo","8":"product_cat-nowosci","9":"product_tag-adam-majchrzak","11":"first","12":"instock","13":"taxable","14":"shipping-taxable","15":"purchasable","16":"product-type-simple"},"acf":[],"_links":{"self":[{"href":"https:\/\/wydawnictwo.ug.edu.pl\/en\/wp-json\/wp\/v2\/product\/45824","targetHints":{"allow":["GET"]}}],"collection":[{"href":"https:\/\/wydawnictwo.ug.edu.pl\/en\/wp-json\/wp\/v2\/product"}],"about":[{"href":"https:\/\/wydawnictwo.ug.edu.pl\/en\/wp-json\/wp\/v2\/types\/product"}],"wp:featuredmedia":[{"embeddable":true,"href":"https:\/\/wydawnictwo.ug.edu.pl\/en\/wp-json\/wp\/v2\/media\/45005"}],"wp:attachment":[{"href":"https:\/\/wydawnictwo.ug.edu.pl\/en\/wp-json\/wp\/v2\/media?parent=45824"}],"wp:term":[{"taxonomy":"journal","embeddable":true,"href":"https:\/\/wydawnictwo.ug.edu.pl\/en\/wp-json\/wp\/v2\/journal?post=45824"},{"taxonomy":"rodzaj","embeddable":true,"href":"https:\/\/wydawnictwo.ug.edu.pl\/en\/wp-json\/wp\/v2\/rodzaj?post=45824"},{"taxonomy":"seria","embeddable":true,"href":"https:\/\/wydawnictwo.ug.edu.pl\/en\/wp-json\/wp\/v2\/seria?post=45824"},{"taxonomy":"product_brand","embeddable":true,"href":"https:\/\/wydawnictwo.ug.edu.pl\/en\/wp-json\/wp\/v2\/product_brand?post=45824"},{"taxonomy":"product_cat","embeddable":true,"href":"https:\/\/wydawnictwo.ug.edu.pl\/en\/wp-json\/wp\/v2\/product_cat?post=45824"},{"taxonomy":"product_tag","embeddable":true,"href":"https:\/\/wydawnictwo.ug.edu.pl\/en\/wp-json\/wp\/v2\/product_tag?post=45824"}],"curies":[{"name":"wp","href":"https:\/\/api.w.org\/{rel}","templated":true}]}}

Granice zdrowego rozsądku – teorie spiskowe i przekazy portali konspiracyjnych

<p>Rozprzestrzenianie się i akceptacja teorii spiskowych ma znaczący wpływ na jakość dyskursu publicznego – potencjalnie podsyca wrogość w społeczeństwie lub podżega do zachowań ekstremistycznych.</p>
<p>Adam Majchrzak wyjaśnia istotę teorii spiskowych, omawia ich genezę i zagłębia się w fundamentalne pytanie: czy teorie spiskowe są z natury błędne, czy może da się w nich odnaleźć ziarno prawdy? W procesie poszukiwania odpowiedzi przeprowadza analizę konspiracyjnych przekazów wokół Billa Gatesa i George’a Sorosa propagowanych za pośrednictwem polskich platform o konspiracyjnym charakterze.</p>
<p>Doskonała orientacja Adama Majchrzaka w analizowanych zagadnieniach, zwłaszcza zaś zdolność łączenia refleksji naukowej z żywą narracją i barwnymi przykładami czynią z książki <em>Granice zdrowego rozsądku – teorie spiskowe i przekazy portali konspiracyjnych </em>pozycję interesującą dla czytelników o zróżnicowanych oczekiwaniach i kompetencjach. Jest to lektura obowiązkowa zarówno dla teoretyków komunikacji i mediów; dla edukatorów oraz przedstawicieli branż profesjonalnej komunikacji publicznej (zwłaszcza dziennikarzy czy studentów kierunków dziennikarskich i medialnych), jak i dla wszystkich tych, którzy funkcjonują we współczesnej infosferze, będąc zarówno odbiorcami, jak i kreatorami przekazów medialnych.</p>
<p style="text-align: right;"><em>Z recenzji dr hab. Kariny Stasiuk-Krajewskiej, prof. Uniwersytetu SWPS</em></p>
