{"id":45819,"date":"2026-01-15T11:40:12","date_gmt":"2026-01-15T11:40:12","guid":{"rendered":"https:\/\/wydawnictwo.ug.edu.pl\/ksiegarnia-online\/uncategorized\/milosierdzie-w-prawie-karnym-jako-zagadnienie-wspolczesnej-filozofii-prawa\/"},"modified":"2026-04-02T13:08:52","modified_gmt":"2026-04-02T13:08:52","slug":"milosierdzie-w-prawie-karnym-jako-zagadnienie-wspolczesnej-filozofii-prawa","status":"publish","type":"product","link":"https:\/\/wydawnictwo.ug.edu.pl\/en\/ksiegarnia-online\/filozofia\/milosierdzie-w-prawie-karnym-jako-zagadnienie-wspolczesnej-filozofii-prawa\/","title":{"rendered":"Mi\u0142osierdzie w prawie karnym jako zagadnienie wsp\u00f3\u0142czesnej filozofii prawa"},"content":{"rendered":"","protected":false},"excerpt":{"rendered":"<p>Recenzowan\u0105 monografi\u0119 oceniam jako bardzo interesuj\u0105c\u0105. Ma ona charakter interdyscyplinarny, co jest jej niew\u0105tpliw\u0105 zalet\u0105. Kompleksowo przedstawia wiedz\u0119 z zakresu filozofii prawa dotycz\u0105c\u0105 mi\u0142osierdzia, zawiera tak\u017ce odniesienie jej do prawa karnego, w szczeg\u00f3lno\u015bci polskiego prawa karnego. Z pewno\u015bci\u0105 pogl\u0105dy Autora s\u0105 zajmuj\u0105ce, a spos\u00f3b ich prezentowania zach\u0119ca do podj\u0119cia polemiki.<\/p>\n<p style=\"text-align: right;\"><em>z recenzji prof. Magdaleny Budyn-Kulik<\/em><\/p>\n<p>Ksi\u0105\u017cka <em>Mi\u0142osierdzie w prawie karnym jako zagadnienie wsp\u00f3\u0142czesnej filozofii prawa. Studium wybranych problem\u00f3w <\/em>jest publikacj\u0105 naukow\u0105 bardzo potrzebn\u0105, odwa\u017cn\u0105, rzeteln\u0105. Autor na gruncie rozwa\u017ca\u0144 filozoficznoprawnych ukazuje potencja\u0142 mi\u0142osierdzia dla prawa karnego. Lektura jego wieloaspektowych i interdyscyplinarnych rozwa\u017ca\u0144 zmusza czytelnika do co najmniej przemy\u015blenia mo\u017cliwo\u015bci przyznania mi\u0142osierdziu miejsca w aksjologii prawa karnego. Publikacja Tomasza Snarskiego dostarcza argument\u00f3w za upatrywaniem w mi\u0142osierdziu nie zaprzeczenia sprawiedliwo\u015bci karnej, ale jej cz\u0119\u015bci sk\u0142adowej. Koncepcja mi\u0142osiernego prawa karnego stanowi intelektualne wyzwanie dla uczonych podzielaj\u0105cych utarte przekonanie, \u017ce wymierzanie sprawiedliwo\u015bci jest nie do pogodzenia z okazywaniem mi\u0142osierdzia.<\/p>\n<p style=\"text-align: right;\"><em>z recenzji prof. Grzegorza Maronia<\/em><\/p>\n","protected":false},"featured_media":44990,"template":"","meta":{"_acf_changed":false},"journal":[],"rodzaj":[7074],"seria":[],"product_brand":[],"product_cat":[6932,6931],"product_tag":[7340],"class_list":{"0":"post-45819","1":"product","2":"type-product","3":"status-publish","4":"has-post-thumbnail","6":"rodzaj-ksiazki","7":"product_cat-prawo-i-administracja","8":"product_cat-filozofia","9":"product_tag-tomasz-snarskitomasz-snarski","11":"first","12":"instock","13":"taxable","14":"shipping-taxable","15":"purchasable","16":"product-type-simple"},"acf":[],"_links":{"self":[{"href":"https:\/\/wydawnictwo.ug.edu.pl\/en\/wp-json\/wp\/v2\/product\/45819","targetHints":{"allow":["GET"]}}],"collection":[{"href":"https:\/\/wydawnictwo.ug.edu.pl\/en\/wp-json\/wp\/v2\/product"}],"about":[{"href":"https:\/\/wydawnictwo.ug.edu.pl\/en\/wp-json\/wp\/v2\/types\/product"}],"wp:featuredmedia":[{"embeddable":true,"href":"https:\/\/wydawnictwo.ug.edu.pl\/en\/wp-json\/wp\/v2\/media\/44990"}],"wp:attachment":[{"href":"https:\/\/wydawnictwo.ug.edu.pl\/en\/wp-json\/wp\/v2\/media?parent=45819"}],"wp:term":[{"taxonomy":"journal","embeddable":true,"href":"https:\/\/wydawnictwo.ug.edu.pl\/en\/wp-json\/wp\/v2\/journal?post=45819"},{"taxonomy":"rodzaj","embeddable":true,"href":"https:\/\/wydawnictwo.ug.edu.pl\/en\/wp-json\/wp\/v2\/rodzaj?post=45819"},{"taxonomy":"seria","embeddable":true,"href":"https:\/\/wydawnictwo.ug.edu.pl\/en\/wp-json\/wp\/v2\/seria?post=45819"},{"taxonomy":"product_brand","embeddable":true,"href":"https:\/\/wydawnictwo.ug.edu.pl\/en\/wp-json\/wp\/v2\/product_brand?post=45819"},{"taxonomy":"product_cat","embeddable":true,"href":"https:\/\/wydawnictwo.ug.edu.pl\/en\/wp-json\/wp\/v2\/product_cat?post=45819"},{"taxonomy":"product_tag","embeddable":true,"href":"https:\/\/wydawnictwo.ug.edu.pl\/en\/wp-json\/wp\/v2\/product_tag?post=45819"}],"curies":[{"name":"wp","href":"https:\/\/api.w.org\/{rel}","templated":true}]}}

Miłosierdzie w prawie karnym jako zagadnienie współczesnej filozofii prawa

<p>Recenzowaną monografię oceniam jako bardzo interesującą. Ma ona charakter interdyscyplinarny, co jest jej niewątpliwą zaletą. Kompleksowo przedstawia wiedzę z zakresu filozofii prawa dotyczącą miłosierdzia, zawiera także odniesienie jej do prawa karnego, w szczególności polskiego prawa karnego. Z pewnością poglądy Autora są zajmujące, a sposób ich prezentowania zachęca do podjęcia polemiki.</p>
<p style="text-align: right;"><em>z recenzji prof. Magdaleny Budyn-Kulik</em></p>
<p>Książka <em>Miłosierdzie w prawie karnym jako zagadnienie współczesnej filozofii prawa. Studium wybranych problemów </em>jest publikacją naukową bardzo potrzebną, odważną, rzetelną. Autor na gruncie rozważań filozoficznoprawnych ukazuje potencjał miłosierdzia dla prawa karnego. Lektura jego wieloaspektowych i interdyscyplinarnych rozważań zmusza czytelnika do co najmniej przemyślenia możliwości przyznania miłosierdziu miejsca w aksjologii prawa karnego. Publikacja Tomasza Snarskiego dostarcza argumentów za upatrywaniem w miłosierdziu nie zaprzeczenia sprawiedliwości karnej, ale jej części składowej. Koncepcja miłosiernego prawa karnego stanowi intelektualne wyzwanie dla uczonych podzielających utarte przekonanie, że wymierzanie sprawiedliwości jest nie do pogodzenia z okazywaniem miłosierdzia.</p>
<p style="text-align: right;"><em>z recenzji prof. Grzegorza Maronia</em></p>
