{"id":9961,"date":"2025-04-16T16:45:49","date_gmt":"2025-04-16T16:45:49","guid":{"rendered":"https:\/\/wydawnictwo.ug.edu.pl\/?post_type=events&#038;p=9961"},"modified":"2025-04-16T16:47:15","modified_gmt":"2025-04-16T16:47:15","slug":"ksiazkowe-schody-w-bibliotece-ug-w-nowej-odswiezonej-odslonie-2","status":"publish","type":"events","link":"https:\/\/wydawnictwo.ug.edu.pl\/en\/events\/ksiazkowe-schody-w-bibliotece-ug-w-nowej-odswiezonej-odslonie-2\/","title":{"rendered":"Ksi\u0105\u017ckowe schody w Bibliotece UG w nowej od\u015bwie\u017conej ods\u0142onie"},"content":{"rendered":"<p>Ksi\u0105\u017ckowe schody w Bibliotece UG w nowej od\u015bwie\u017conej ods\u0142onie \u2013 zapraszamy na spacer po schodach.<\/p>\n","protected":false},"excerpt":{"rendered":"<p>Ksi\u0105\u017ckowe schody w Bibliotece UG w nowej od\u015bwie\u017conej ods\u0142onie \u2013 zapraszamy na spacer po schodach.<\/p>\n","protected":false},"featured_media":10817,"parent":0,"menu_order":108,"template":"","format":"standard","meta":{"_acf_changed":false},"event_cat":[],"class_list":["post-9961","events","type-events","status-publish","format-standard","has-post-thumbnail","hentry"],"acf":[],"_links":{"self":[{"href":"https:\/\/wydawnictwo.ug.edu.pl\/en\/wp-json\/wp\/v2\/events\/9961","targetHints":{"allow":["GET"]}}],"collection":[{"href":"https:\/\/wydawnictwo.ug.edu.pl\/en\/wp-json\/wp\/v2\/events"}],"about":[{"href":"https:\/\/wydawnictwo.ug.edu.pl\/en\/wp-json\/wp\/v2\/types\/events"}],"wp:featuredmedia":[{"embeddable":true,"href":"https:\/\/wydawnictwo.ug.edu.pl\/en\/wp-json\/wp\/v2\/media\/10817"}],"wp:attachment":[{"href":"https:\/\/wydawnictwo.ug.edu.pl\/en\/wp-json\/wp\/v2\/media?parent=9961"}],"wp:term":[{"taxonomy":"event_cat","embeddable":true,"href":"https:\/\/wydawnictwo.ug.edu.pl\/en\/wp-json\/wp\/v2\/event_cat?post=9961"}],"curies":[{"name":"wp","href":"https:\/\/api.w.org\/{rel}","templated":true}]}}

Książkowe schody w Bibliotece UG w nowej odświeżonej odsłonie

<p>Książkowe schody w Bibliotece UG w nowej odświeżonej odsłonie – zapraszamy na spacer po schodach.</p>
