{"id":49156,"date":"2026-03-03T10:22:13","date_gmt":"2026-03-03T10:22:13","guid":{"rendered":"https:\/\/wydawnictwo.ug.edu.pl\/?post_type=events&#038;p=49156"},"modified":"2026-03-03T10:24:51","modified_gmt":"2026-03-03T10:24:51","slug":"spotkanie-z-adw-dr-tomaszem-snarskim-wokol-ksiazki-milosierdzie-w-prawie-karnym","status":"publish","type":"events","link":"https:\/\/wydawnictwo.ug.edu.pl\/en\/events\/spotkanie-z-adw-dr-tomaszem-snarskim-wokol-ksiazki-milosierdzie-w-prawie-karnym\/","title":{"rendered":"Spotkanie z adw. dr. Tomaszem Snarskim wok\u00f3\u0142 ksi\u0105\u017cki \u201eMi\u0142osierdzie w prawie karnym&#8230;\u201d"},"content":{"rendered":"<p><em>Mi\u0142osierdzie w prawie karnym jako zagadnienie wsp\u00f3\u0142czesnej filozofii prawa<\/em> to studium wsp\u00f3\u0142czesnej filozofii i dogmatyki prawa karnego po\u015bwi\u0119cone zagadnieniu mi\u0142osierdzia w prawie karnym. Tomasz Snarski bada filozoficzne i dogmatycznoprawne aspekty mi\u0142osierdzia i jego znaczenia we wsp\u00f3\u0142czesnej nauce prawa karnego.<\/p>\n<p>Badania przeprowadzone na potrzeby niniejszej pracy pozwoli\u0142y na sformu\u0142owanie autorskich koncepcji dotycz\u0105cych mi\u0142osierdzia w prawie karnym, a tak\u017ce postulat\u00f3w o charakterze dogmatycznym (zar\u00f3wno <em>de lege lata<\/em>, jak i <em>de lege ferenda<\/em>) oraz wniosk\u00f3w filozoficznoprawnych odnosz\u0105cych si\u0119 do roli mi\u0142osierdzia w prawie karnym.<\/p>\n<p>Rozmow\u0119 z autorem poprowadzi adw. Dariusz Strzelecki, Dziekan Okr\u0119gowej Rady Adwokackiej w Gda\u0144sku.<\/p>\n","protected":false},"excerpt":{"rendered":"<p>Mi\u0142osierdzie w prawie karnym jako zagadnienie wsp\u00f3\u0142czesnej filozofii prawa to studium wsp\u00f3\u0142czesnej filozofii i dogmatyki prawa karnego po\u015bwi\u0119cone zagadnieniu mi\u0142osierdzia w prawie karnym. Tomasz Snarski bada filozoficzne i dogmatycznoprawne aspekty mi\u0142osierdzia i jego znaczenia we wsp\u00f3\u0142czesnej nauce prawa karnego. Badania przeprowadzone na potrzeby niniejszej pracy pozwoli\u0142y na sformu\u0142owanie autorskich koncepcji dotycz\u0105cych mi\u0142osierdzia w prawie karnym, [&hellip;]<\/p>\n","protected":false},"featured_media":44794,"parent":0,"menu_order":0,"template":"","format":"standard","meta":{"_acf_changed":false},"event_cat":[],"class_list":["post-49156","events","type-events","status-publish","format-standard","has-post-thumbnail","hentry"],"acf":[],"_links":{"self":[{"href":"https:\/\/wydawnictwo.ug.edu.pl\/en\/wp-json\/wp\/v2\/events\/49156","targetHints":{"allow":["GET"]}}],"collection":[{"href":"https:\/\/wydawnictwo.ug.edu.pl\/en\/wp-json\/wp\/v2\/events"}],"about":[{"href":"https:\/\/wydawnictwo.ug.edu.pl\/en\/wp-json\/wp\/v2\/types\/events"}],"wp:featuredmedia":[{"embeddable":true,"href":"https:\/\/wydawnictwo.ug.edu.pl\/en\/wp-json\/wp\/v2\/media\/44794"}],"wp:attachment":[{"href":"https:\/\/wydawnictwo.ug.edu.pl\/en\/wp-json\/wp\/v2\/media?parent=49156"}],"wp:term":[{"taxonomy":"event_cat","embeddable":true,"href":"https:\/\/wydawnictwo.ug.edu.pl\/en\/wp-json\/wp\/v2\/event_cat?post=49156"}],"curies":[{"name":"wp","href":"https:\/\/api.w.org\/{rel}","templated":true}]}}

Spotkanie z adw. dr. Tomaszem Snarskim wokół książki „Miłosierdzie w prawie karnym&#8230;”

<p><em>Miłosierdzie w prawie karnym jako zagadnienie współczesnej filozofii prawa</em> to studium współczesnej filozofii i dogmatyki prawa karnego poświęcone zagadnieniu miłosierdzia w prawie karnym. Tomasz Snarski bada filozoficzne i dogmatycznoprawne aspekty miłosierdzia i jego znaczenia we współczesnej nauce prawa karnego.</p>
<p>Badania przeprowadzone na potrzeby niniejszej pracy pozwoliły na sformułowanie autorskich koncepcji dotyczących miłosierdzia w prawie karnym, a także postulatów o charakterze dogmatycznym (zarówno <em>de lege lata</em>, jak i <em>de lege ferenda</em>) oraz wniosków filozoficznoprawnych odnoszących się do roli miłosierdzia w prawie karnym.</p>
<p>Rozmowę z autorem poprowadzi adw. Dariusz Strzelecki, Dziekan Okręgowej Rady Adwokackiej w Gdańsku.</p>

<p>Miłosierdzie w prawie karnym jako zagadnienie współczesnej filozofii prawa to studium współczesnej filozofii i dogmatyki prawa karnego poświęcone zagadnieniu miłosierdzia w prawie karnym. Tomasz Snarski bada filozoficzne i dogmatycznoprawne aspekty miłosierdzia i jego znaczenia we współczesnej nauce prawa karnego. Badania przeprowadzone na potrzeby niniejszej pracy pozwoliły na sformułowanie autorskich koncepcji dotyczących miłosierdzia w prawie karnym, [&hellip;]</p>
