{"id":49132,"date":"2026-02-27T08:51:29","date_gmt":"2026-02-27T08:51:29","guid":{"rendered":"https:\/\/wydawnictwo.ug.edu.pl\/?post_type=events&#038;p=49132"},"modified":"2026-02-27T08:51:29","modified_gmt":"2026-02-27T08:51:29","slug":"promocja-ksiazki-rzemioslo-miejskie-w-malborku-do-1626-roku","status":"publish","type":"events","link":"https:\/\/wydawnictwo.ug.edu.pl\/en\/events\/promocja-ksiazki-rzemioslo-miejskie-w-malborku-do-1626-roku\/","title":{"rendered":"Promocja ksi\u0105\u017cki \u201eRzemios\u0142o miejskie w Malborku do 1626 roku\u201d"},"content":{"rendered":"<p>Autorka przedstawia w ksi\u0105\u017cce dzieje rzemios\u0142a malborskiego od pocz\u0105tku istnienia miasta do 1626 r. Na podstawie zachowanych \u017ar\u00f3de\u0142 ukazuje struktur\u0119 i funkcjonowanie cech\u00f3w w \u015bredniowieczu oraz w okresie wczesnonowo\u017cytnym, z uwzgl\u0119dnieniem ich funkcji zawodowych, spo\u0142ecznych i duchowych. Przedstawia tak\u017ce relacje mi\u0119dzy rzemios\u0142em miejskim a zamkiem w okresie krzy\u017cackim i po przej\u015bciu Malborka pod panowanie polskie.<\/p>\n","protected":false},"excerpt":{"rendered":"<p>Autorka przedstawia w ksi\u0105\u017cce dzieje rzemios\u0142a malborskiego od pocz\u0105tku istnienia miasta do 1626 r. Na podstawie zachowanych \u017ar\u00f3de\u0142 ukazuje struktur\u0119 i funkcjonowanie cech\u00f3w w \u015bredniowieczu oraz w okresie wczesnonowo\u017cytnym, z uwzgl\u0119dnieniem ich funkcji zawodowych, spo\u0142ecznych i duchowych. Przedstawia tak\u017ce relacje mi\u0119dzy rzemios\u0142em miejskim a zamkiem w okresie krzy\u017cackim i po przej\u015bciu Malborka pod panowanie polskie.<\/p>\n","protected":false},"featured_media":44406,"parent":0,"menu_order":0,"template":"","format":"standard","meta":{"_acf_changed":false},"event_cat":[],"class_list":["post-49132","events","type-events","status-publish","format-standard","has-post-thumbnail","hentry"],"acf":[],"_links":{"self":[{"href":"https:\/\/wydawnictwo.ug.edu.pl\/en\/wp-json\/wp\/v2\/events\/49132","targetHints":{"allow":["GET"]}}],"collection":[{"href":"https:\/\/wydawnictwo.ug.edu.pl\/en\/wp-json\/wp\/v2\/events"}],"about":[{"href":"https:\/\/wydawnictwo.ug.edu.pl\/en\/wp-json\/wp\/v2\/types\/events"}],"wp:featuredmedia":[{"embeddable":true,"href":"https:\/\/wydawnictwo.ug.edu.pl\/en\/wp-json\/wp\/v2\/media\/44406"}],"wp:attachment":[{"href":"https:\/\/wydawnictwo.ug.edu.pl\/en\/wp-json\/wp\/v2\/media?parent=49132"}],"wp:term":[{"taxonomy":"event_cat","embeddable":true,"href":"https:\/\/wydawnictwo.ug.edu.pl\/en\/wp-json\/wp\/v2\/event_cat?post=49132"}],"curies":[{"name":"wp","href":"https:\/\/api.w.org\/{rel}","templated":true}]}}

Promocja książki „Rzemiosło miejskie w Malborku do 1626 roku”

<p>Autorka przedstawia w książce dzieje rzemiosła malborskiego od początku istnienia miasta do 1626 r. Na podstawie zachowanych źródeł ukazuje strukturę i funkcjonowanie cechów w średniowieczu oraz w okresie wczesnonowożytnym, z uwzględnieniem ich funkcji zawodowych, społecznych i duchowych. Przedstawia także relacje między rzemiosłem miejskim a zamkiem w okresie krzyżackim i po przejściu Malborka pod panowanie polskie.</p>
