{"id":49021,"date":"2025-04-16T16:45:54","date_gmt":"2025-04-16T16:45:54","guid":{"rendered":"https:\/\/wydawnictwo.ug.edu.pl\/events\/czas-jerzego-limona-promocja-wydawnictw-w-gdanskim-teatrze-szekspirowskim-2\/"},"modified":"2025-04-16T16:45:54","modified_gmt":"2025-04-16T16:45:54","slug":"czas-jerzego-limona-promocja-wydawnictw-w-gdanskim-teatrze-szekspirowskim-2","status":"publish","type":"events","link":"https:\/\/wydawnictwo.ug.edu.pl\/en\/events\/czas-jerzego-limona-promocja-wydawnictw-w-gdanskim-teatrze-szekspirowskim-2\/","title":{"rendered":"Czas Jerzego Limona \u2013 promocja w Gda\u0144skim Teatrze Szekspirowskim"},"content":{"rendered":"<p><strong>11 grudnia 2023 roku o godzinie 18:00<\/strong> w <strong>Gda\u0144skim Teatrze Szekspirowskim<\/strong> odb\u0119dzie si\u0119 promocja wydawnictw po\u015bwi\u0119conych osobie i dzia\u0142alno\u015bci profesora Jerzego Limona \u2013 inicjatora powstania i pierwszego dyrektora Gda\u0144skiego Teatru Szekspirowskiego, znawcy Szekspira i teatru el\u017cbieta\u0144skiego, anglisty, pisarza i t\u0142umacza.<\/p>\n<p>B\u0119dzie to okazja do rozmowy na temat ksi\u0105\u017cki <strong><em><a href=\"\/?product_cat=czas-jerzego-limona-ksiega-pamiatkowa-ku-czci-tworcy-gdanskiego-teatru-szekspirowskiego&#038;lang=en\">Czas Jerzego Limona. Ksi\u0119ga pami\u0105tkowa ku czci tw\u00f3rcy Gda\u0144skiego Teatru Szekspirowskiego<\/a><\/em>\u00a0<\/strong>pod redakcj\u0105 Agnieszki \u017bukowskiej i Jacka Kopci\u0144skiego oraz jej angielskiego przek\u0142adu pod redakcj\u0105 Agnieszki \u017bukowskiej, Marii Fengler i Jean Ward. Pozycja ta stanowi owoc mi\u0119dzynarodowej konferencji naukowej \u201eJerzy Limon. Inspiracja \u2013 Dialog \u2013 Polemika\u201d, kt\u00f3ra odby\u0142a si\u0119 w Gda\u0144skim Teatrze Szekspirowskim w maju 2022 roku. Ksi\u0105\u017cka zosta\u0142a wydana nak\u0142adem Wydawnictwa Uniwersytetu Gda\u0144skiego. Partnerem wydania jest Bank Pekao S.A.<\/p>\n<p>Publikacja <em>Czas Jerzego Limona\u2026<\/em> w pa\u017adzierniku br. zosta\u0142a wyr\u00f3\u017cniona \u00a0za walory edytorskie Nagrod\u0105 Stowarzyszenia Wydawc\u00f3w Szk\u00f3\u0142 Wy\u017cszych Gaudeamus.<\/p>\n<p>Tego dnia swoj\u0105 premier\u0119 b\u0119dzie mie\u0107 r\u00f3wnie\u017c zbi\u00f3r felieton\u00f3w autorstwa Jerzego Limona publikowanych na \u0142amach magazynu \u201ePresti\u017c Tr\u00f3jmiasto\u201d w latach 2016\u20132021. <strong><a href=\"\/?product_cat=z-kurtyna-i-bez&#038;lang=en\"><em>Z kurtyn\u0105 i bez<\/em><\/a><\/strong> to cykl z\u0142o\u017cony z 52 tekst\u00f3w, w kt\u00f3rych \u2013 w dowcipny, ale i niepozbawiony wra\u017cliwo\u015bci spos\u00f3b \u2013 Jerzy Limon pisa\u0142 o Szekspirze i otaczaj\u0105cej nas codzienno\u015bci. Refleksje wzbogaci\u0142 ilustracjami Henryk Cze\u015bnik. Publikacja zosta\u0142a wydana przez Wydawnictwo Uniwersytetu Gda\u0144skiego przy wsparciu Kancelarii Radc\u00f3w Prawnych i Adwokat\u00f3w G\u0142uchowski, Siemi\u0105tkowski, Zwara; Fundacji Arte Infinita oraz we wsp\u00f3\u0142pracy z magazynem \u201ePresti\u017c Tr\u00f3jmiasto\u201d. Fragmenty felieton\u00f3w przeczyta Anna Kociarz \u2013 aktorka Teatru Wybrze\u017ce.<\/p>\n<p>Wydarzeniu towarzyszy\u0107 b\u0119dzie wystawa niezwyk\u0142ych fotografii Jerzego Limona, wykonanych przez Monik\u0119 Bia\u0142k\/Mona Blank dla magazyny \u201ePresti\u017c Tr\u00f3jmiasto\u201d.<\/p>\n<p>W trakcie spotkania b\u0119dzie mo\u017cna naby\u0107 ksi\u0105\u017cki przy stoisku Wydawnictwa Uniwersytetu Gda\u0144skiego.<\/p>\n<p>Organizatorzy: Uniwersytet Gda\u0144ski, Gda\u0144ski Teatr Szekspirowski, Wydawnictwo Uniwersytetu Gda\u0144skiego<\/p>\n<p>Partnerzy: magazyn \u201ePresti\u017c Tr\u00f3jmiasto\u201d, Fundacja Theatrum Gedanense<\/p>\n<p>Sponsorzy: Bank Pekao S.A., Kancelaria Radc\u00f3w Prawnych i Adwokat\u00f3w G\u0142uchowski, Siemi\u0105tkowski, Zwara; Fundacja Arte Infinita.<\/p>\n","protected":false},"excerpt":{"rendered":"<p>11 grudnia 2023 roku o godzinie 18:00 w Gda\u0144skim Teatrze Szekspirowskim odb\u0119dzie si\u0119 promocja wydawnictw po\u015bwi\u0119conych osobie i dzia\u0142alno\u015bci profesora Jerzego Limona \u2013 inicjatora powstania i pierwszego dyrektora Gda\u0144skiego Teatru Szekspirowskiego, znawcy Szekspira i teatru el\u017cbieta\u0144skiego, anglisty, pisarza i t\u0142umacza. B\u0119dzie to okazja do rozmowy na temat ksi\u0105\u017cki Czas Jerzego Limona. Ksi\u0119ga pami\u0105tkowa ku czci [&hellip;]<\/p>\n","protected":false},"featured_media":25091,"parent":0,"menu_order":0,"template":"","format":"standard","meta":{"_acf_changed":false},"event_cat":[],"class_list":["post-49021","events","type-events","status-publish","format-standard","has-post-thumbnail","hentry"],"acf":[],"_links":{"self":[{"href":"https:\/\/wydawnictwo.ug.edu.pl\/en\/wp-json\/wp\/v2\/events\/49021","targetHints":{"allow":["GET"]}}],"collection":[{"href":"https:\/\/wydawnictwo.ug.edu.pl\/en\/wp-json\/wp\/v2\/events"}],"about":[{"href":"https:\/\/wydawnictwo.ug.edu.pl\/en\/wp-json\/wp\/v2\/types\/events"}],"wp:featuredmedia":[{"embeddable":true,"href":"https:\/\/wydawnictwo.ug.edu.pl\/en\/wp-json\/wp\/v2\/media\/25091"}],"wp:attachment":[{"href":"https:\/\/wydawnictwo.ug.edu.pl\/en\/wp-json\/wp\/v2\/media?parent=49021"}],"wp:term":[{"taxonomy":"event_cat","embeddable":true,"href":"https:\/\/wydawnictwo.ug.edu.pl\/en\/wp-json\/wp\/v2\/event_cat?post=49021"}],"curies":[{"name":"wp","href":"https:\/\/api.w.org\/{rel}","templated":true}]}}

Czas Jerzego Limona – promocja w Gdańskim Teatrze Szekspirowskim

<p><strong>11 grudnia 2023 roku o godzinie 18:00</strong> w <strong>Gdańskim Teatrze Szekspirowskim</strong> odbędzie się promocja wydawnictw poświęconych osobie i działalności profesora Jerzego Limona – inicjatora powstania i pierwszego dyrektora Gdańskiego Teatru Szekspirowskiego, znawcy Szekspira i teatru elżbietańskiego, anglisty, pisarza i tłumacza.</p>
<p>Będzie to okazja do rozmowy na temat książki <strong><em><a href="/?product_cat=czas-jerzego-limona-ksiega-pamiatkowa-ku-czci-tworcy-gdanskiego-teatru-szekspirowskiego&#038;lang=en">Czas Jerzego Limona. Księga pamiątkowa ku czci twórcy Gdańskiego Teatru Szekspirowskiego</a></em> </strong>pod redakcją Agnieszki Żukowskiej i Jacka Kopcińskiego oraz jej angielskiego przekładu pod redakcją Agnieszki Żukowskiej, Marii Fengler i Jean Ward. Pozycja ta stanowi owoc międzynarodowej konferencji naukowej „Jerzy Limon. Inspiracja – Dialog – Polemika”, która odbyła się w Gdańskim Teatrze Szekspirowskim w maju 2022 roku. Książka została wydana nakładem Wydawnictwa Uniwersytetu Gdańskiego. Partnerem wydania jest Bank Pekao S.A.</p>
<p>Publikacja <em>Czas Jerzego Limona…</em> w październiku br. została wyróżniona  za walory edytorskie Nagrodą Stowarzyszenia Wydawców Szkół Wyższych Gaudeamus.</p>
<p>Tego dnia swoją premierę będzie mieć również zbiór felietonów autorstwa Jerzego Limona publikowanych na łamach magazynu „Prestiż Trójmiasto” w latach 2016–2021. <strong><a href="/?product_cat=z-kurtyna-i-bez&#038;lang=en"><em>Z kurtyną i bez</em></a></strong> to cykl złożony z 52 tekstów, w których – w dowcipny, ale i niepozbawiony wrażliwości sposób – Jerzy Limon pisał o Szekspirze i otaczającej nas codzienności. Refleksje wzbogacił ilustracjami Henryk Cześnik. Publikacja została wydana przez Wydawnictwo Uniwersytetu Gdańskiego przy wsparciu Kancelarii Radców Prawnych i Adwokatów Głuchowski, Siemiątkowski, Zwara; Fundacji Arte Infinita oraz we współpracy z magazynem „Prestiż Trójmiasto”. Fragmenty felietonów przeczyta Anna Kociarz – aktorka Teatru Wybrzeże.</p>
<p>Wydarzeniu towarzyszyć będzie wystawa niezwykłych fotografii Jerzego Limona, wykonanych przez Monikę Białk/Mona Blank dla magazyny „Prestiż Trójmiasto”.</p>
<p>W trakcie spotkania będzie można nabyć książki przy stoisku Wydawnictwa Uniwersytetu Gdańskiego.</p>
<p>Organizatorzy: Uniwersytet Gdański, Gdański Teatr Szekspirowski, Wydawnictwo Uniwersytetu Gdańskiego</p>
<p>Partnerzy: magazyn „Prestiż Trójmiasto”, Fundacja Theatrum Gedanense</p>
<p>Sponsorzy: Bank Pekao S.A., Kancelaria Radców Prawnych i Adwokatów Głuchowski, Siemiątkowski, Zwara; Fundacja Arte Infinita.</p>

<p>11 grudnia 2023 roku o godzinie 18:00 w Gdańskim Teatrze Szekspirowskim odbędzie się promocja wydawnictw poświęconych osobie i działalności profesora Jerzego Limona – inicjatora powstania i pierwszego dyrektora Gdańskiego Teatru Szekspirowskiego, znawcy Szekspira i teatru elżbietańskiego, anglisty, pisarza i tłumacza. Będzie to okazja do rozmowy na temat książki Czas Jerzego Limona. Księga pamiątkowa ku czci [&hellip;]</p>
