{"id":43374,"date":"2025-10-01T11:27:48","date_gmt":"2025-10-01T11:27:48","guid":{"rendered":"https:\/\/wydawnictwo.ug.edu.pl\/?post_type=events&#038;p=43374"},"modified":"2025-10-17T11:28:11","modified_gmt":"2025-10-17T11:28:11","slug":"uroczysta-promocja-ksiazki-jubileuszowej-rektorzy-i-prorektorzy-w-55-leciu-uniwersytetu-gdanskiego","status":"publish","type":"events","link":"https:\/\/wydawnictwo.ug.edu.pl\/en\/events\/uroczysta-promocja-ksiazki-jubileuszowej-rektorzy-i-prorektorzy-w-55-leciu-uniwersytetu-gdanskiego\/","title":{"rendered":"Uroczysta promocja ksi\u0105\u017cki jubileuszowej \u201eRektorzy i prorektorzy w 55-leciu Uniwersytetu Gda\u0144skiego\u201d"},"content":{"rendered":"<p>Rektor Uniwersytetu Gda\u0144skiego prof. dr hab. Piotr Stepnowski ma zaszczyt zaprosi\u0107 na uroczyst\u0105 promocj\u0119 ksi\u0105\u017cki jubileuszowej pt.\u00a0<a href=\"https:\/\/wydawnictwo.ug.edu.pl\/produkt\/rektorzy-i-prorektorzy-w-55-leciu-uniwersytetu-gdanskiego\/\"><em>Rektorzy i prorektorzy w 55-leciu Uniwersytetu Gda\u0144skiego<\/em><\/a>\u00a0pod redakcj\u0105 Jerzego B\u0142a\u017cejowskiego, kt\u00f3ra odb\u0119dzie si\u0119 10 pa\u017adziernika 2025 r. o godz. 16.00 w Bibliotece G\u0142\u00f3wnej Uniwersytetu Gda\u0144skiego (ul. Wita Stwosza 53, Gda\u0144sk-Oliwa).<\/p>\n<div class=\"related-image\">\n<div class=\"alt-wrap\"><\/div>\n<\/div>\n","protected":false},"excerpt":{"rendered":"<p>Rektor Uniwersytetu Gda\u0144skiego prof. dr hab. Piotr Stepnowski ma zaszczyt zaprosi\u0107 na uroczyst\u0105 promocj\u0119 ksi\u0105\u017cki jubileuszowej pt.\u00a0Rektorzy i prorektorzy w 55-leciu Uniwersytetu Gda\u0144skiego\u00a0pod redakcj\u0105 Jerzego B\u0142a\u017cejowskiego, kt\u00f3ra odb\u0119dzie si\u0119 10 pa\u017adziernika 2025 r. o godz. 16.00 w Bibliotece G\u0142\u00f3wnej Uniwersytetu Gda\u0144skiego (ul. Wita Stwosza 53, Gda\u0144sk-Oliwa).<\/p>\n","protected":false},"featured_media":43311,"parent":0,"menu_order":141,"template":"","format":"standard","meta":{"_acf_changed":false},"event_cat":[],"class_list":["post-43374","events","type-events","status-publish","format-standard","has-post-thumbnail","hentry"],"acf":[],"_links":{"self":[{"href":"https:\/\/wydawnictwo.ug.edu.pl\/en\/wp-json\/wp\/v2\/events\/43374","targetHints":{"allow":["GET"]}}],"collection":[{"href":"https:\/\/wydawnictwo.ug.edu.pl\/en\/wp-json\/wp\/v2\/events"}],"about":[{"href":"https:\/\/wydawnictwo.ug.edu.pl\/en\/wp-json\/wp\/v2\/types\/events"}],"wp:featuredmedia":[{"embeddable":true,"href":"https:\/\/wydawnictwo.ug.edu.pl\/en\/wp-json\/wp\/v2\/media\/43311"}],"wp:attachment":[{"href":"https:\/\/wydawnictwo.ug.edu.pl\/en\/wp-json\/wp\/v2\/media?parent=43374"}],"wp:term":[{"taxonomy":"event_cat","embeddable":true,"href":"https:\/\/wydawnictwo.ug.edu.pl\/en\/wp-json\/wp\/v2\/event_cat?post=43374"}],"curies":[{"name":"wp","href":"https:\/\/api.w.org\/{rel}","templated":true}]}}

Uroczysta promocja książki jubileuszowej „Rektorzy i prorektorzy w 55-leciu Uniwersytetu Gdańskiego”

<p>Rektor Uniwersytetu Gdańskiego prof. dr hab. Piotr Stepnowski ma zaszczyt zaprosić na uroczystą promocję książki jubileuszowej pt. <a href="https://wydawnictwo.ug.edu.pl/produkt/rektorzy-i-prorektorzy-w-55-leciu-uniwersytetu-gdanskiego/"><em>Rektorzy i prorektorzy w 55-leciu Uniwersytetu Gdańskiego</em></a> pod redakcją Jerzego Błażejowskiego, która odbędzie się 10 października 2025 r. o godz. 16.00 w Bibliotece Głównej Uniwersytetu Gdańskiego (ul. Wita Stwosza 53, Gdańsk-Oliwa).</p>
<div class="related-image">
<div class="alt-wrap"></div>
</div>

<p>Rektor Uniwersytetu Gdańskiego prof. dr hab. Piotr Stepnowski ma zaszczyt zaprosić na uroczystą promocję książki jubileuszowej pt. Rektorzy i prorektorzy w 55-leciu Uniwersytetu Gdańskiego pod redakcją Jerzego Błażejowskiego, która odbędzie się 10 października 2025 r. o godz. 16.00 w Bibliotece Głównej Uniwersytetu Gdańskiego (ul. Wita Stwosza 53, Gdańsk-Oliwa).</p>
