{"id":43370,"date":"2025-10-03T11:22:36","date_gmt":"2025-10-03T11:22:36","guid":{"rendered":"https:\/\/wydawnictwo.ug.edu.pl\/?post_type=events&#038;p=43370"},"modified":"2025-10-17T11:28:47","modified_gmt":"2025-10-17T11:28:47","slug":"spotkanie-z-prof-beata-mozejko","status":"publish","type":"events","link":"https:\/\/wydawnictwo.ug.edu.pl\/en\/events\/spotkanie-z-prof-beata-mozejko\/","title":{"rendered":"Spotkanie z prof. Beat\u0105 Mo\u017cejko"},"content":{"rendered":"<p>Spotkanie z prof. Beat\u0105 Mo\u017cejko wok\u00f3\u0142 ksi\u0105\u017cki\u00a0<a href=\"https:\/\/wydawnictwo.ug.edu.pl\/produkt\/ksiezniczki-i-inne\/\"><em data-start=\"366\" data-end=\"453\">Ksi\u0119\u017cniczki i inne. O sze\u015bciu \u015bredniowiecznych w\u0142adczyniach, szlachciance i pisarce<\/em><\/a>, w ramach\u00a0<a href=\"https:\/\/ug.edu.pl\/news\/pl\/event\/9259\/noc-bibliotek-w-bibliotece-ug\">Nocy Bibliotek 2025<\/a>. Prowadzenie: dr Joanna Kamie\u0144.<\/p>\n<p><a href=\"https:\/\/wydawnictwo.ug.edu.pl\/aktualnosci\/spotkanie-z-prof-beata-mozejko-podczas-nocy-bibliotek\/\">Wi\u0119cej informacji<\/a>.<\/p>\n","protected":false},"excerpt":{"rendered":"<p>Spotkanie z prof. Beat\u0105 Mo\u017cejko wok\u00f3\u0142 ksi\u0105\u017cki\u00a0Ksi\u0119\u017cniczki i inne. O sze\u015bciu \u015bredniowiecznych w\u0142adczyniach, szlachciance i pisarce, w ramach\u00a0Nocy Bibliotek 2025. Prowadzenie: dr Joanna Kamie\u0144. Wi\u0119cej informacji.<\/p>\n","protected":false},"featured_media":42602,"parent":0,"menu_order":137,"template":"","format":"standard","meta":{"_acf_changed":false},"event_cat":[],"class_list":["post-43370","events","type-events","status-publish","format-standard","has-post-thumbnail","hentry"],"acf":[],"_links":{"self":[{"href":"https:\/\/wydawnictwo.ug.edu.pl\/en\/wp-json\/wp\/v2\/events\/43370","targetHints":{"allow":["GET"]}}],"collection":[{"href":"https:\/\/wydawnictwo.ug.edu.pl\/en\/wp-json\/wp\/v2\/events"}],"about":[{"href":"https:\/\/wydawnictwo.ug.edu.pl\/en\/wp-json\/wp\/v2\/types\/events"}],"wp:featuredmedia":[{"embeddable":true,"href":"https:\/\/wydawnictwo.ug.edu.pl\/en\/wp-json\/wp\/v2\/media\/42602"}],"wp:attachment":[{"href":"https:\/\/wydawnictwo.ug.edu.pl\/en\/wp-json\/wp\/v2\/media?parent=43370"}],"wp:term":[{"taxonomy":"event_cat","embeddable":true,"href":"https:\/\/wydawnictwo.ug.edu.pl\/en\/wp-json\/wp\/v2\/event_cat?post=43370"}],"curies":[{"name":"wp","href":"https:\/\/api.w.org\/{rel}","templated":true}]}}

Spotkanie z prof. Beatą Możejko

<p>Spotkanie z prof. Beatą Możejko wokół książki <a href="https://wydawnictwo.ug.edu.pl/produkt/ksiezniczki-i-inne/"><em data-start="366" data-end="453">Księżniczki i inne. O sześciu średniowiecznych władczyniach, szlachciance i pisarce</em></a>, w ramach <a href="https://ug.edu.pl/news/pl/event/9259/noc-bibliotek-w-bibliotece-ug">Nocy Bibliotek 2025</a>. Prowadzenie: dr Joanna Kamień.</p>
<p><a href="https://wydawnictwo.ug.edu.pl/aktualnosci/spotkanie-z-prof-beata-mozejko-podczas-nocy-bibliotek/">Więcej informacji</a>.</p>

<p>Spotkanie z prof. Beatą Możejko wokół książki Księżniczki i inne. O sześciu średniowiecznych władczyniach, szlachciance i pisarce, w ramach Nocy Bibliotek 2025. Prowadzenie: dr Joanna Kamień. Więcej informacji.</p>
