{"id":40560,"date":"2025-05-26T11:22:37","date_gmt":"2025-05-26T11:22:37","guid":{"rendered":"https:\/\/wydawnictwo.ug.edu.pl\/?post_type=events&#038;p=40560"},"modified":"2025-05-26T12:19:17","modified_gmt":"2025-05-26T12:19:17","slug":"spotkanie-z-prof-piotrem-slezakiem-w-muzeum-lazienki-krolewskie","status":"publish","type":"events","link":"https:\/\/wydawnictwo.ug.edu.pl\/en\/events\/spotkanie-z-prof-piotrem-slezakiem-w-muzeum-lazienki-krolewskie\/","title":{"rendered":"Spotkanie z prof. Piotrem \u015al\u0119zakiem w Muzeum \u0141azienki Kr\u00f3lewskie"},"content":{"rendered":"<p>Stowarzyszenie Konserwator\u00f3w Zabytk\u00f3w \u2013 Zarz\u0105d G\u0142\u00f3wny wraz z Muzeum \u0141azienki Kr\u00f3lewskie zapraszaj\u0105 na wyj\u0105tkowe spotkanie z prof. dr. hab. Piotrem \u015al\u0119zakiem, uznanym specjalist\u0105 w dziedzinie prawa autorskiego i medi\u00f3w, autorem ksi\u0105\u017cki\u00a0<a href=\"https:\/\/wydawnictwo.ug.edu.pl\/produkt\/utwor-konserwatorski-w-polskim-prawie-autorskim\/\"><em>Utw\u00f3r konserwatorski w polskim prawie autorskim<\/em><\/a><em>.<\/em><\/p>\n<p>Wydarzenie po\u0142\u0105czone b\u0119dzie z promocj\u0105 publikacji oraz dyskusj\u0105 na temat mo\u017cliwo\u015bci obj\u0119cia dzia\u0142a\u0144 konserwatorskich ochron\u0105 prawa autorskiego. Podczas spotkania b\u0119dzie mo\u017cna zakupi\u0107 ksi\u0105\u017ck\u0119 w cenie promocyjnej.<\/p>\n<p><a href=\"https:\/\/wydawnictwo.ug.edu.pl\/wydarzenia\/spotkanie-z-prof-piotrem-slezakiem-w-muzeum-lazienki-krolewskie\/\"><strong>Wi\u0119cej<\/strong><\/a>\u00a0informacji.<\/p>\n<p>&nbsp;<\/p>\n","protected":false},"excerpt":{"rendered":"<p>Stowarzyszenie Konserwator\u00f3w Zabytk\u00f3w \u2013 Zarz\u0105d G\u0142\u00f3wny wraz z Muzeum \u0141azienki Kr\u00f3lewskie zapraszaj\u0105 na wyj\u0105tkowe spotkanie z prof. dr. hab. Piotrem \u015al\u0119zakiem, uznanym specjalist\u0105 w dziedzinie prawa autorskiego i medi\u00f3w, autorem ksi\u0105\u017cki\u00a0Utw\u00f3r konserwatorski w polskim prawie autorskim. Wydarzenie po\u0142\u0105czone b\u0119dzie z promocj\u0105 publikacji oraz dyskusj\u0105 na temat mo\u017cliwo\u015bci obj\u0119cia dzia\u0142a\u0144 konserwatorskich ochron\u0105 prawa autorskiego. Podczas spotkania [&hellip;]<\/p>\n","protected":false},"featured_media":40562,"parent":0,"menu_order":133,"template":"","format":"standard","meta":{"_acf_changed":false},"event_cat":[],"class_list":["post-40560","events","type-events","status-publish","format-standard","has-post-thumbnail","hentry"],"acf":[],"_links":{"self":[{"href":"https:\/\/wydawnictwo.ug.edu.pl\/en\/wp-json\/wp\/v2\/events\/40560","targetHints":{"allow":["GET"]}}],"collection":[{"href":"https:\/\/wydawnictwo.ug.edu.pl\/en\/wp-json\/wp\/v2\/events"}],"about":[{"href":"https:\/\/wydawnictwo.ug.edu.pl\/en\/wp-json\/wp\/v2\/types\/events"}],"wp:featuredmedia":[{"embeddable":true,"href":"https:\/\/wydawnictwo.ug.edu.pl\/en\/wp-json\/wp\/v2\/media\/40562"}],"wp:attachment":[{"href":"https:\/\/wydawnictwo.ug.edu.pl\/en\/wp-json\/wp\/v2\/media?parent=40560"}],"wp:term":[{"taxonomy":"event_cat","embeddable":true,"href":"https:\/\/wydawnictwo.ug.edu.pl\/en\/wp-json\/wp\/v2\/event_cat?post=40560"}],"curies":[{"name":"wp","href":"https:\/\/api.w.org\/{rel}","templated":true}]}}

Spotkanie z prof. Piotrem Ślęzakiem w Muzeum Łazienki Królewskie

<p>Stowarzyszenie Konserwatorów Zabytków – Zarząd Główny wraz z Muzeum Łazienki Królewskie zapraszają na wyjątkowe spotkanie z prof. dr. hab. Piotrem Ślęzakiem, uznanym specjalistą w dziedzinie prawa autorskiego i mediów, autorem książki <a href="https://wydawnictwo.ug.edu.pl/produkt/utwor-konserwatorski-w-polskim-prawie-autorskim/"><em>Utwór konserwatorski w polskim prawie autorskim</em></a><em>.</em></p>
<p>Wydarzenie połączone będzie z promocją publikacji oraz dyskusją na temat możliwości objęcia działań konserwatorskich ochroną prawa autorskiego. Podczas spotkania będzie można zakupić książkę w cenie promocyjnej.</p>
<p><a href="https://wydawnictwo.ug.edu.pl/wydarzenia/spotkanie-z-prof-piotrem-slezakiem-w-muzeum-lazienki-krolewskie/"><strong>Więcej</strong></a> informacji.</p>
<p>&nbsp;</p>

<p>Stowarzyszenie Konserwatorów Zabytków – Zarząd Główny wraz z Muzeum Łazienki Królewskie zapraszają na wyjątkowe spotkanie z prof. dr. hab. Piotrem Ślęzakiem, uznanym specjalistą w dziedzinie prawa autorskiego i mediów, autorem książki Utwór konserwatorski w polskim prawie autorskim. Wydarzenie połączone będzie z promocją publikacji oraz dyskusją na temat możliwości objęcia działań konserwatorskich ochroną prawa autorskiego. Podczas spotkania [&hellip;]</p>
