{"id":39651,"date":"2025-05-13T06:29:50","date_gmt":"2025-05-13T06:29:50","guid":{"rendered":"https:\/\/wydawnictwo.ug.edu.pl\/?post_type=events&#038;p=39651"},"modified":"2025-05-21T10:14:52","modified_gmt":"2025-05-21T10:14:52","slug":"are-komorebi-wystawa-fotografii-przemyslawa-rybinskiego-z-podrozy-do-japonii","status":"publish","type":"events","link":"https:\/\/wydawnictwo.ug.edu.pl\/en\/events\/are-komorebi-wystawa-fotografii-przemyslawa-rybinskiego-z-podrozy-do-japonii\/","title":{"rendered":"\u201eAre \u2013 Komorebi\u201d \u2013 wystawa fotografii Przemys\u0142awa Rybi\u0144skiego"},"content":{"rendered":"<p><em>Are<\/em>\u00a0\u2013 szorstko\u015b\u0107, ziarnisto\u015b\u0107, oraz\u00a0<em>komorebi<\/em>\u00a0\u2013 subtelno\u015b\u0107, harmonia i blask, to dwie estetyczne idee, kt\u00f3re przy\u015bwiecaj\u0105 tej osobistej, fotograficznej opowie\u015bci o Japonii. Kraj ten, widziany po raz pierwszy, zachwyca rozmachem, nowoczesno\u015bci\u0105 oraz g\u0142\u0119bokim szacunkiem dla tradycji i obyczaj\u00f3w.<\/p>\n<p>Zapraszamy na wystaw\u0119 fotografii Przemys\u0142awa Rybi\u0144skiego wykonanych podczas wizyty w Tokio i Fukuoce, odbywaj\u0105cej si\u0119 w ramach udzia\u0142u naukowc\u00f3w z Uniwersytetu Gda\u0144skiego w wydarzeniach naukowych i kulturalnych towarzysz\u0105cych Wystawie \u015awiatowej EXPO w Osace. Ekspozycja stanowi cz\u0119\u015b\u0107 II edycji Festiwalu Kultury Azjatyckiej NORIFEST organizowanego na Uniwersytecie Gda\u0144skim.<\/p>\n<p>Wernisa\u017c wystawy: 22 maja 2025 r., godz. 17:00<br \/>\nMiejsce: Galeria Palarnia, Wydzia\u0142 Prawa i Administracji, Uniwersytet Gda\u0144ski<br \/>\nCzas trwania wystawy: 25 maja \u2013 30 czerwca 2025 r.<\/p>\n<p>Organizator: Centrum Studi\u00f3w Azji Wschodniej Uniwersytetu Gda\u0144skiego<\/p>\n<p><strong>Przemys\u0142aw Rybi\u0144ski<\/strong>\u00a0\u2013 adwokat, fotograf amator, nauczyciel akademicki. Okazjonalny podr\u00f3\u017cnik, zdobywca dw\u00f3ch pi\u0119ciotysi\u0119cznik\u00f3w (2006, 2018), \u017ceglarz.<\/p>\n","protected":false},"excerpt":{"rendered":"<p>Are\u00a0\u2013 szorstko\u015b\u0107, ziarnisto\u015b\u0107, oraz\u00a0komorebi\u00a0\u2013 subtelno\u015b\u0107, harmonia i blask, to dwie estetyczne idee, kt\u00f3re przy\u015bwiecaj\u0105 tej osobistej, fotograficznej opowie\u015bci o Japonii. Kraj ten, widziany po raz pierwszy, zachwyca rozmachem, nowoczesno\u015bci\u0105 oraz g\u0142\u0119bokim szacunkiem dla tradycji i obyczaj\u00f3w. Zapraszamy na wystaw\u0119 fotografii Przemys\u0142awa Rybi\u0144skiego wykonanych podczas wizyty w Tokio i Fukuoce, odbywaj\u0105cej si\u0119 w ramach udzia\u0142u naukowc\u00f3w [&hellip;]<\/p>\n","protected":false},"featured_media":39652,"parent":0,"menu_order":131,"template":"","format":"standard","meta":{"_acf_changed":false},"event_cat":[],"class_list":["post-39651","events","type-events","status-publish","format-standard","has-post-thumbnail","hentry"],"acf":[],"_links":{"self":[{"href":"https:\/\/wydawnictwo.ug.edu.pl\/en\/wp-json\/wp\/v2\/events\/39651","targetHints":{"allow":["GET"]}}],"collection":[{"href":"https:\/\/wydawnictwo.ug.edu.pl\/en\/wp-json\/wp\/v2\/events"}],"about":[{"href":"https:\/\/wydawnictwo.ug.edu.pl\/en\/wp-json\/wp\/v2\/types\/events"}],"wp:featuredmedia":[{"embeddable":true,"href":"https:\/\/wydawnictwo.ug.edu.pl\/en\/wp-json\/wp\/v2\/media\/39652"}],"wp:attachment":[{"href":"https:\/\/wydawnictwo.ug.edu.pl\/en\/wp-json\/wp\/v2\/media?parent=39651"}],"wp:term":[{"taxonomy":"event_cat","embeddable":true,"href":"https:\/\/wydawnictwo.ug.edu.pl\/en\/wp-json\/wp\/v2\/event_cat?post=39651"}],"curies":[{"name":"wp","href":"https:\/\/api.w.org\/{rel}","templated":true}]}}

„Are – Komorebi” – wystawa fotografii Przemysława Rybińskiego

<p><em>Are</em> – szorstkość, ziarnistość, oraz <em>komorebi</em> – subtelność, harmonia i blask, to dwie estetyczne idee, które przyświecają tej osobistej, fotograficznej opowieści o Japonii. Kraj ten, widziany po raz pierwszy, zachwyca rozmachem, nowoczesnością oraz głębokim szacunkiem dla tradycji i obyczajów.</p>
<p>Zapraszamy na wystawę fotografii Przemysława Rybińskiego wykonanych podczas wizyty w Tokio i Fukuoce, odbywającej się w ramach udziału naukowców z Uniwersytetu Gdańskiego w wydarzeniach naukowych i kulturalnych towarzyszących Wystawie Światowej EXPO w Osace. Ekspozycja stanowi część II edycji Festiwalu Kultury Azjatyckiej NORIFEST organizowanego na Uniwersytecie Gdańskim.</p>
<p>Wernisaż wystawy: 22 maja 2025 r., godz. 17:00<br />
Miejsce: Galeria Palarnia, Wydział Prawa i Administracji, Uniwersytet Gdański<br />
Czas trwania wystawy: 25 maja – 30 czerwca 2025 r.</p>
<p>Organizator: Centrum Studiów Azji Wschodniej Uniwersytetu Gdańskiego</p>
<p><strong>Przemysław Rybiński</strong> – adwokat, fotograf amator, nauczyciel akademicki. Okazjonalny podróżnik, zdobywca dwóch pięciotysięczników (2006, 2018), żeglarz.</p>

<p>Are – szorstkość, ziarnistość, oraz komorebi – subtelność, harmonia i blask, to dwie estetyczne idee, które przyświecają tej osobistej, fotograficznej opowieści o Japonii. Kraj ten, widziany po raz pierwszy, zachwyca rozmachem, nowoczesnością oraz głębokim szacunkiem dla tradycji i obyczajów. Zapraszamy na wystawę fotografii Przemysława Rybińskiego wykonanych podczas wizyty w Tokio i Fukuoce, odbywającej się w ramach udziału naukowców [&hellip;]</p>
