{"id":38621,"date":"2025-04-15T08:44:23","date_gmt":"2025-04-15T08:44:23","guid":{"rendered":"https:\/\/wydawnictwo.ug.edu.pl\/?p=38621"},"modified":"2026-02-24T13:25:26","modified_gmt":"2026-02-24T13:25:26","slug":"echo-z-grobow-promocja-ksiazek-jana-godfryda-borka-w-muzeum-gdanska","status":"publish","type":"events","link":"https:\/\/wydawnictwo.ug.edu.pl\/en\/events\/echo-z-grobow-promocja-ksiazek-jana-godfryda-borka-w-muzeum-gdanska\/","title":{"rendered":"\u201eEcho z grob\u00f3w\u201d \u2013 promocja ksi\u0105\u017cek Jana Godfryda Borka w Muzeum Gda\u0144ska"},"content":{"rendered":"<h5><strong>Wydawnictwo Uniwersytetu Gda\u0144skiego, Instytut Kaszubski i Muzeum Gda\u0144ska zapraszaj\u0105 na promocj\u0119 ksi\u0105\u017cek ks. Jana Gotfryda Borka\u00a0<em>Echo Sepulchralis. Echo z grob\u00f3w. Tomy\u00a0<a href=\"https:\/\/wydawnictwo.ug.edu.pl\/produkt\/echo-sepulchralis-echo-z-grobow-tom-i-tekst-lacinski\/\">I<\/a>\u2013<a href=\"https:\/\/wydawnictwo.ug.edu.pl\/produkt\/echo-sepulchralis-echo-z-grobow-tom-ii-tekst-polski\/\">II<\/a>.<\/em><\/strong><\/h5>\n<p>Wydarzenie odb\u0119dzie si\u0119 24 kwietnia (czwartek) o godz. 17:00 w Wielkiej Sali Wety w Ratuszu G\u0142\u00f3wnego Miasta Gda\u0144ska (ul. D\u0142uga 46\/47).<\/p>\n<p>Zapraszamy do poznania fascynuj\u0105cej postaci Jana Gotfryda Borka \u2013 urodzonego w dzisiejszej gda\u0144skiej Oruni pasjonata historii, duchownego i bibliofila. Przez lata gromadzi\u0142 on materia\u0142y do swego monumentalnego dzie\u0142a\u00a0<em>Echo z grob\u00f3w<\/em>, b\u0119d\u0105cego cennym \u017ar\u00f3d\u0142em wiedzy o przesz\u0142o\u015bci Pomorza i Gda\u0144ska.<\/p>\n<p>Dzi\u0119ki staraniom badaczy, dzie\u0142o Borka zostanie wreszcie udost\u0119pnione szerszemu gronu czytelnik\u00f3w. To wyj\u0105tkowa okazja, by przybli\u017cy\u0107 spu\u015bcizn\u0119 autora, kt\u00f3ry z oddaniem dokumentowa\u0142 dzieje regionu.<\/p>\n<p>Spotkanie poprowadz\u0105 prof. J\u00f3zef Borzyszkowski oraz prof. S\u0142awomir Ko\u015bcielak. Wydawnictwo b\u0119dzie mo\u017cna zakupi\u0107 w cenie 80 z\u0142 (<em>Tom I<\/em>, tekst \u0142aci\u0144ski) i 100 z\u0142 (<em>Tom II<\/em>, t\u0142umaczenie na j\u0119zyk polski).<\/p>\n<p>Wst\u0119p bezp\u0142atny.<\/p>\n","protected":false},"excerpt":{"rendered":"<p>Wydawnictwo Uniwersytetu Gda\u0144skiego, Instytut Kaszubski i Muzeum Gda\u0144ska zapraszaj\u0105 na promocj\u0119 ksi\u0105\u017cek ks. Jana Gotfryda Borka\u00a0Echo Sepulchralis. Echo z grob\u00f3w. Tomy\u00a0I\u2013II. Wydarzenie odb\u0119dzie si\u0119 24 kwietnia (czwartek) o godz. 17:00 w Wielkiej Sali Wety w Ratuszu G\u0142\u00f3wnego Miasta Gda\u0144ska (ul. D\u0142uga 46\/47). Zapraszamy do poznania fascynuj\u0105cej postaci Jana Gotfryda Borka \u2013 urodzonego w dzisiejszej gda\u0144skiej [&hellip;]<\/p>\n","protected":false},"featured_media":38624,"parent":0,"menu_order":0,"template":"","format":"standard","meta":{"_acf_changed":false},"event_cat":[],"class_list":["post-38621","events","type-events","status-publish","format-standard","has-post-thumbnail","hentry"],"acf":[],"_links":{"self":[{"href":"https:\/\/wydawnictwo.ug.edu.pl\/en\/wp-json\/wp\/v2\/events\/38621","targetHints":{"allow":["GET"]}}],"collection":[{"href":"https:\/\/wydawnictwo.ug.edu.pl\/en\/wp-json\/wp\/v2\/events"}],"about":[{"href":"https:\/\/wydawnictwo.ug.edu.pl\/en\/wp-json\/wp\/v2\/types\/events"}],"wp:featuredmedia":[{"embeddable":true,"href":"https:\/\/wydawnictwo.ug.edu.pl\/en\/wp-json\/wp\/v2\/media\/38624"}],"wp:attachment":[{"href":"https:\/\/wydawnictwo.ug.edu.pl\/en\/wp-json\/wp\/v2\/media?parent=38621"}],"wp:term":[{"taxonomy":"event_cat","embeddable":true,"href":"https:\/\/wydawnictwo.ug.edu.pl\/en\/wp-json\/wp\/v2\/event_cat?post=38621"}],"curies":[{"name":"wp","href":"https:\/\/api.w.org\/{rel}","templated":true}]}}

„Echo z grobów” – promocja książek Jana Godfryda Borka w Muzeum Gdańska

<h5><strong>Wydawnictwo Uniwersytetu Gdańskiego, Instytut Kaszubski i Muzeum Gdańska zapraszają na promocję książek ks. Jana Gotfryda Borka <em>Echo Sepulchralis. Echo z grobów. Tomy <a href="https://wydawnictwo.ug.edu.pl/produkt/echo-sepulchralis-echo-z-grobow-tom-i-tekst-lacinski/">I</a>–<a href="https://wydawnictwo.ug.edu.pl/produkt/echo-sepulchralis-echo-z-grobow-tom-ii-tekst-polski/">II</a>.</em></strong></h5>
<p>Wydarzenie odbędzie się 24 kwietnia (czwartek) o godz. 17:00 w Wielkiej Sali Wety w Ratuszu Głównego Miasta Gdańska (ul. Długa 46/47).</p>
<p>Zapraszamy do poznania fascynującej postaci Jana Gotfryda Borka – urodzonego w dzisiejszej gdańskiej Oruni pasjonata historii, duchownego i bibliofila. Przez lata gromadził on materiały do swego monumentalnego dzieła <em>Echo z grobów</em>, będącego cennym źródłem wiedzy o przeszłości Pomorza i Gdańska.</p>
<p>Dzięki staraniom badaczy, dzieło Borka zostanie wreszcie udostępnione szerszemu gronu czytelników. To wyjątkowa okazja, by przybliżyć spuściznę autora, który z oddaniem dokumentował dzieje regionu.</p>
<p>Spotkanie poprowadzą prof. Józef Borzyszkowski oraz prof. Sławomir Kościelak. Wydawnictwo będzie można zakupić w cenie 80 zł (<em>Tom I</em>, tekst łaciński) i 100 zł (<em>Tom II</em>, tłumaczenie na język polski).</p>
<p>Wstęp bezpłatny.</p>

<p>Wydawnictwo Uniwersytetu Gdańskiego, Instytut Kaszubski i Muzeum Gdańska zapraszają na promocję książek ks. Jana Gotfryda Borka Echo Sepulchralis. Echo z grobów. Tomy I–II. Wydarzenie odbędzie się 24 kwietnia (czwartek) o godz. 17:00 w Wielkiej Sali Wety w Ratuszu Głównego Miasta Gdańska (ul. Długa 46/47). Zapraszamy do poznania fascynującej postaci Jana Gotfryda Borka – urodzonego w dzisiejszej gdańskiej [&hellip;]</p>
