{"id":29962,"date":"2025-04-16T16:45:54","date_gmt":"2025-04-16T16:45:54","guid":{"rendered":"https:\/\/wydawnictwo.ug.edu.pl\/events\/inauguracja-roku-akademickiego-2024-2025-na-uniwersytecie-gdanskim\/"},"modified":"2025-07-29T12:27:37","modified_gmt":"2025-07-29T12:27:37","slug":"inauguracja-roku-akademickiego-2024-2025-na-uniwersytecie-gdanskim","status":"publish","type":"events","link":"https:\/\/wydawnictwo.ug.edu.pl\/en\/events\/inauguracja-roku-akademickiego-2024-2025-na-uniwersytecie-gdanskim\/","title":{"rendered":"Inauguracja Roku Akademickiego 2024\/2025 na Uniwersytecie Gda\u0144skim"},"content":{"rendered":"<p>1 pa\u017adziernika 2024 odb\u0119dzie si\u0119 Inauguracja Roku Akademickiego 2024\/2025 na Uniwersytecie Gda\u0144skim. Wi\u0119cej informacji wkr\u00f3tce.<\/p>\n","protected":false},"excerpt":{"rendered":"<p>1 pa\u017adziernika 2024 odb\u0119dzie si\u0119 Inauguracja Roku Akademickiego 2024\/2025 na Uniwersytecie Gda\u0144skim. Wi\u0119cej informacji wkr\u00f3tce.<\/p>\n","protected":false},"featured_media":42673,"parent":0,"menu_order":0,"template":"","format":"standard","meta":{"_acf_changed":false},"event_cat":[],"class_list":["post-29962","events","type-events","status-publish","format-standard","has-post-thumbnail","hentry"],"acf":[],"_links":{"self":[{"href":"https:\/\/wydawnictwo.ug.edu.pl\/en\/wp-json\/wp\/v2\/events\/29962","targetHints":{"allow":["GET"]}}],"collection":[{"href":"https:\/\/wydawnictwo.ug.edu.pl\/en\/wp-json\/wp\/v2\/events"}],"about":[{"href":"https:\/\/wydawnictwo.ug.edu.pl\/en\/wp-json\/wp\/v2\/types\/events"}],"wp:featuredmedia":[{"embeddable":true,"href":"https:\/\/wydawnictwo.ug.edu.pl\/en\/wp-json\/wp\/v2\/media\/42673"}],"wp:attachment":[{"href":"https:\/\/wydawnictwo.ug.edu.pl\/en\/wp-json\/wp\/v2\/media?parent=29962"}],"wp:term":[{"taxonomy":"event_cat","embeddable":true,"href":"https:\/\/wydawnictwo.ug.edu.pl\/en\/wp-json\/wp\/v2\/event_cat?post=29962"}],"curies":[{"name":"wp","href":"https:\/\/api.w.org\/{rel}","templated":true}]}}

Inauguracja Roku Akademickiego 2024/2025 na Uniwersytecie Gdańskim

<p>1 października 2024 odbędzie się Inauguracja Roku Akademickiego 2024/2025 na Uniwersytecie Gdańskim. Więcej informacji wkrótce.</p>
