{"id":28400,"date":"2025-04-16T16:45:54","date_gmt":"2025-04-16T16:45:54","guid":{"rendered":"https:\/\/wydawnictwo.ug.edu.pl\/events\/szklanki-zydowskiej-krwi-spotkanie-autorskie-z-dariuszem-filarem\/"},"modified":"2025-07-29T12:30:45","modified_gmt":"2025-07-29T12:30:45","slug":"szklanki-zydowskiej-krwi-spotkanie-autorskie-z-dariuszem-filarem","status":"publish","type":"events","link":"https:\/\/wydawnictwo.ug.edu.pl\/en\/events\/szklanki-zydowskiej-krwi-spotkanie-autorskie-z-dariuszem-filarem\/","title":{"rendered":"\u201eSzklanki \u017cydowskiej krwi\u201d \u2013 spotkanie z Dariuszem Filarem"},"content":{"rendered":"<p><a href=\"https:\/\/ug.edu.pl\/\">Uniwersytet Gda\u0144ski<\/a>,<a href=\"https:\/\/wydawnictwo-arche.pl\/\">\u00a0Wydawnictwo Arche<\/a>\u00a0i Wydawnictwo Uniwersytetu Gda\u0144skiego zapraszaj\u0105 na promocj\u0119 ksi\u0105\u017cki\u00a0<strong><em>Szklanki \u017cydowskiej krwi<\/em><\/strong>\u00a0autorstwa Dariusza Filara, kt\u00f3ra odb\u0119dzie si\u0119 18 kwietnia 2024 o godz. 17:00 w\u00a0<a href=\"https:\/\/bg.ug.edu.pl\/\">Bibliotece Uniwersytetu Gda\u0144skiego<\/a>. Spotkanie poprowadzi dziennikarka TVP Gda\u0144sk, Hanna Kordalska-Rosiek.<\/p>\n<p><em>Szklanki \u017cydowskiej krwi<\/em>\u00a0to wielow\u0105tkowa rodzinna saga, rozci\u0105gaj\u0105ca si\u0119 na XX i XXI wiek, od I wojny \u015bwiatowej po wsp\u00f3\u0142czesno\u015b\u0107. Zim\u0105 1972 roku w swoim domu na Wybrze\u017cu umiera dobiegaj\u0105cy osiemdziesi\u0105tki Leopold Merst, potomek rodziny galicyjskich \u017byd\u00f3w. Wnuk, kt\u00f3ry mieszka\u0142 z nim pod jednym dachem, nie potrafi pogodzi\u0107 si\u0119 z tym, \u017ce ca\u0142e bogate \u017cycie dziadka rozp\u0142ynie si\u0119 w niebycie. Si\u0119gaj\u0105c do rodzinnych opowie\u015bci, starych zdj\u0119\u0107 i list\u00f3w, historycznych ksi\u0105\u017cek i dokument\u00f3w przyst\u0119puje do pisania wspomnie\u0144 niejako w zast\u0119pstwie zmar\u0142ego. W ten spos\u00f3b zdarzenia sprzed dziesi\u0119cioleci przeplataj\u0105 si\u0119 ze wsp\u00f3\u0142czesno\u015bci\u0105, tworz\u0105c fascynuj\u0105c\u0105 obejmuj\u0105c\u0105 ca\u0142e stulecie opowie\u015b\u0107 o losach polsko-\u017cydowskiej rodziny.<\/p>\n<p>Nazwisko Dariusza Filara kojarzy si\u0119 przede wszystkim ze \u015bwiatem polityki i gospodarki. Wsp\u00f3\u0142za\u0142o\u017cyciel drugoobiegowego \u201ePrzegl\u0105du Politycznego\u201d (1983), wyk\u0142adowca Wydzia\u0142u Ekonomicznego Uniwersytetu Gda\u0144skiego i University of Michigan w Ann Arbor, cz\u0142onek Rady Polityki Pieni\u0119\u017cnej (2004\u20132010). To tylko niekt\u00f3re fakty z jego ekonomiczno-politycznej biografii.<\/p>\n<p>Dariusz Filar ma jednak r\u00f3wnie\u017c drugie oblicze. Zanim jeszcze zosta\u0142 ekonomist\u0105, debiutowa\u0142 na \u0142amach \u201eM\u0142odego Technika\u201d opowiadaniem SF\u00a0<em>Mortigena Intellectualis<\/em>\u00a0(1969). Potem przysz\u0142y kolejne opowiadania, a tak\u017ce powie\u015bci. Ostatnia z nich \u2013\u00a0<em>Szklanki \u017cydowskiej krwi<\/em>\u00a0\u2013 ukaza\u0142a si\u0119 w roku 2021, nak\u0142adem Wojew\u00f3dzkiej i Miejskiej Biblioteki Publicznej im. Josepha Conrada w Gda\u0144sku. Ksi\u0105\u017cka zyska\u0142a uznanie krytyk\u00f3w i by\u0142a nominowana do Pomorskiej Nagrody Literackiej \u201eWiatr od morza\u201d. Nie trafi\u0142a jednak do normalnej dystrybucji ksi\u0119garskiej i zwyczajni czytelnicy \u2013 a\u017c do teraz \u2013 nie mieli szansy na to, \u017ceby j\u0105 doceni\u0107.<\/p>\n<p>W trakcie wydarzenia odb\u0119dzie si\u0119 sprzeda\u017c ksi\u0105\u017cki.<\/p>\n","protected":false},"excerpt":{"rendered":"<p>Uniwersytet Gda\u0144ski,\u00a0Wydawnictwo Arche\u00a0i Wydawnictwo Uniwersytetu Gda\u0144skiego zapraszaj\u0105 na promocj\u0119 ksi\u0105\u017cki\u00a0Szklanki \u017cydowskiej krwi\u00a0autorstwa Dariusza Filara, kt\u00f3ra odb\u0119dzie si\u0119 18 kwietnia 2024 o godz. 17:00 w\u00a0Bibliotece Uniwersytetu Gda\u0144skiego. Spotkanie poprowadzi dziennikarka TVP Gda\u0144sk, Hanna Kordalska-Rosiek. Szklanki \u017cydowskiej krwi\u00a0to wielow\u0105tkowa rodzinna saga, rozci\u0105gaj\u0105ca si\u0119 na XX i XXI wiek, od I wojny \u015bwiatowej po wsp\u00f3\u0142czesno\u015b\u0107. Zim\u0105 1972 roku [&hellip;]<\/p>\n","protected":false},"featured_media":42603,"parent":0,"menu_order":0,"template":"","format":"standard","meta":{"_acf_changed":false},"event_cat":[],"class_list":["post-28400","events","type-events","status-publish","format-standard","has-post-thumbnail","hentry"],"acf":[],"_links":{"self":[{"href":"https:\/\/wydawnictwo.ug.edu.pl\/en\/wp-json\/wp\/v2\/events\/28400","targetHints":{"allow":["GET"]}}],"collection":[{"href":"https:\/\/wydawnictwo.ug.edu.pl\/en\/wp-json\/wp\/v2\/events"}],"about":[{"href":"https:\/\/wydawnictwo.ug.edu.pl\/en\/wp-json\/wp\/v2\/types\/events"}],"wp:featuredmedia":[{"embeddable":true,"href":"https:\/\/wydawnictwo.ug.edu.pl\/en\/wp-json\/wp\/v2\/media\/42603"}],"wp:attachment":[{"href":"https:\/\/wydawnictwo.ug.edu.pl\/en\/wp-json\/wp\/v2\/media?parent=28400"}],"wp:term":[{"taxonomy":"event_cat","embeddable":true,"href":"https:\/\/wydawnictwo.ug.edu.pl\/en\/wp-json\/wp\/v2\/event_cat?post=28400"}],"curies":[{"name":"wp","href":"https:\/\/api.w.org\/{rel}","templated":true}]}}

„Szklanki żydowskiej krwi” – spotkanie z Dariuszem Filarem

<p><a href="https://ug.edu.pl/">Uniwersytet Gdański</a>,<a href="https://wydawnictwo-arche.pl/"> Wydawnictwo Arche</a> i Wydawnictwo Uniwersytetu Gdańskiego zapraszają na promocję książki <strong><em>Szklanki żydowskiej krwi</em></strong> autorstwa Dariusza Filara, która odbędzie się 18 kwietnia 2024 o godz. 17:00 w <a href="https://bg.ug.edu.pl/">Bibliotece Uniwersytetu Gdańskiego</a>. Spotkanie poprowadzi dziennikarka TVP Gdańsk, Hanna Kordalska-Rosiek.</p>
<p><em>Szklanki żydowskiej krwi</em> to wielowątkowa rodzinna saga, rozciągająca się na XX i XXI wiek, od I wojny światowej po współczesność. Zimą 1972 roku w swoim domu na Wybrzeżu umiera dobiegający osiemdziesiątki Leopold Merst, potomek rodziny galicyjskich Żydów. Wnuk, który mieszkał z nim pod jednym dachem, nie potrafi pogodzić się z tym, że całe bogate życie dziadka rozpłynie się w niebycie. Sięgając do rodzinnych opowieści, starych zdjęć i listów, historycznych książek i dokumentów przystępuje do pisania wspomnień niejako w zastępstwie zmarłego. W ten sposób zdarzenia sprzed dziesięcioleci przeplatają się ze współczesnością, tworząc fascynującą obejmującą całe stulecie opowieść o losach polsko-żydowskiej rodziny.</p>
<p>Nazwisko Dariusza Filara kojarzy się przede wszystkim ze światem polityki i gospodarki. Współzałożyciel drugoobiegowego „Przeglądu Politycznego” (1983), wykładowca Wydziału Ekonomicznego Uniwersytetu Gdańskiego i University of Michigan w Ann Arbor, członek Rady Polityki Pieniężnej (2004–2010). To tylko niektóre fakty z jego ekonomiczno-politycznej biografii.</p>
<p>Dariusz Filar ma jednak również drugie oblicze. Zanim jeszcze został ekonomistą, debiutował na łamach „Młodego Technika” opowiadaniem SF <em>Mortigena Intellectualis</em> (1969). Potem przyszły kolejne opowiadania, a także powieści. Ostatnia z nich – <em>Szklanki żydowskiej krwi</em> – ukazała się w roku 2021, nakładem Wojewódzkiej i Miejskiej Biblioteki Publicznej im. Josepha Conrada w Gdańsku. Książka zyskała uznanie krytyków i była nominowana do Pomorskiej Nagrody Literackiej „Wiatr od morza”. Nie trafiła jednak do normalnej dystrybucji księgarskiej i zwyczajni czytelnicy – aż do teraz – nie mieli szansy na to, żeby ją docenić.</p>
<p>W trakcie wydarzenia odbędzie się sprzedaż książki.</p>

<p>Uniwersytet Gdański, Wydawnictwo Arche i Wydawnictwo Uniwersytetu Gdańskiego zapraszają na promocję książki Szklanki żydowskiej krwi autorstwa Dariusza Filara, która odbędzie się 18 kwietnia 2024 o godz. 17:00 w Bibliotece Uniwersytetu Gdańskiego. Spotkanie poprowadzi dziennikarka TVP Gdańsk, Hanna Kordalska-Rosiek. Szklanki żydowskiej krwi to wielowątkowa rodzinna saga, rozciągająca się na XX i XXI wiek, od I wojny światowej po współczesność. Zimą 1972 roku [&hellip;]</p>
