{"id":27436,"date":"2025-04-16T16:45:54","date_gmt":"2025-04-16T16:45:54","guid":{"rendered":"https:\/\/wydawnictwo.ug.edu.pl\/events\/promocja-tomiku-poetyckiego-patrycjusza-dziczka-my-dorosli-zagubieni-chlopcy\/"},"modified":"2025-07-29T12:31:04","modified_gmt":"2025-07-29T12:31:04","slug":"promocja-tomiku-poetyckiego-patrycjusza-dziczka-my-dorosli-zagubieni-chlopcy-2","status":"publish","type":"events","link":"https:\/\/wydawnictwo.ug.edu.pl\/en\/events\/promocja-tomiku-poetyckiego-patrycjusza-dziczka-my-dorosli-zagubieni-chlopcy-2\/","title":{"rendered":"Promocja tomiku poetyckiego Patrycjusza Dziczka \u201eMy doro\u015bli, zagubieni ch\u0142opcy\u201d"},"content":{"rendered":"<p>Wydawnictwo Uniwersytetu Gda\u0144skiego zaprasza na spotkanie z poet\u0105 Patrycjuszem Dziczkiem autorem tomiku <a href=\"https:\/\/wydawnictwo.ug.edu.pl\/product\/my-dorosli-zagubieni-chlopcy\/?lang=en\"><strong><em>My doro\u015bli, zagubieni ch\u0142opcy<\/em><\/strong><\/a>. Spotkanie odb\u0119dzie si\u0119 10 stycznia (\u015broda) o godz. 18:00 w Bibliotece Uniwersytetu Gda\u0144skiego (Wita Stwosza 53, Gda\u0144sk).<\/p>\n<p>W najnowszym tomiku Patrycjusz Dziczek podejmuje refleksj\u0119 nad wi\u0119ziami rodzinnymi, procesem dojrzewania, ojcostwem i wynikaj\u0105cej z tej roli odpowiedzialno\u015bci, a tak\u017ce przygl\u0105da si\u0119 wra\u017cliwej i zal\u0119knionej naturze, skrytej w ka\u017cdym m\u0119\u017cczy\u017anie.<\/p>\n<p>Publikacja zosta\u0142a sfinansowana ze \u015brodk\u00f3w Gda\u0144skiego Funduszu Promocji Wydawnictw. W trakcie wydarzenia b\u0119dzie mo\u017cna zakupi\u0107 tomik.<\/p>\n<p><strong>Patrycjusz Dziczek<\/strong> \u2013 urodzony w 1983 roku w Ornecie, poezj\u0105 zainteresowa\u0142 si\u0119 jako student Akademii Wychowania Fizycznego. W 2011 roku ukaza\u0142 si\u0119 jego debiutancki tomik poezji \u201ePolowanie na malinowy \u015bnieg\u201d. Publikowa\u0142 m.in. w \u201eAutografie\u201d, \u201eMigotaniach i przeja\u015bnieniach\u201d, \u201eTyglu Kultury\u201d, czy \u201ePoboczach\u201d. Laureat wielu konkurs\u00f3w poetyckich. Tw\u00f3rca i za\u0142o\u017cyciel kawiarenki artystycznej M\u0142ody Byron w Dworku Sierakowskich w Sopocie. Jest cz\u0142onkiem Polskiego Stowarzyszenia Terapeut\u00f3w Terapii Skoncentrowanej na Rozwi\u0105zaniach (PSTTSR).<\/p>\n<p>Z autorem porozmawia doktor nauk prawnych <strong>Tomasz Snarski<\/strong> \u2013 adiunkt w Katedrze Prawa Karnego Materialnego i Kryminologii na Wydziale Prawa i Administracji Uniwersytetu Gda\u0144skiego, poeta, autor tomik\u00f3w <em>Przezpatrzenia<\/em>,<em> Werblista<\/em>, <em>\u017bmuty<\/em>.<\/p>\n<p class=\"x11i5rnm xat24cr x1mh8g0r x1vvkbs xtlvy1s\">\n","protected":false},"excerpt":{"rendered":"<p>Wydawnictwo Uniwersytetu Gda\u0144skiego zaprasza na spotkanie z poet\u0105 Patrycjuszem Dziczkiem autorem tomiku My doro\u015bli, zagubieni ch\u0142opcy. Spotkanie odb\u0119dzie si\u0119 10 stycznia (\u015broda) o godz. 18:00 w Bibliotece Uniwersytetu Gda\u0144skiego (Wita Stwosza 53, Gda\u0144sk). W najnowszym tomiku Patrycjusz Dziczek podejmuje refleksj\u0119 nad wi\u0119ziami rodzinnymi, procesem dojrzewania, ojcostwem i wynikaj\u0105cej z tej roli odpowiedzialno\u015bci, a tak\u017ce przygl\u0105da [&hellip;]<\/p>\n","protected":false},"featured_media":26869,"parent":0,"menu_order":0,"template":"","format":"standard","meta":{"_acf_changed":false},"event_cat":[],"class_list":["post-27436","events","type-events","status-publish","format-standard","has-post-thumbnail","hentry"],"acf":[],"_links":{"self":[{"href":"https:\/\/wydawnictwo.ug.edu.pl\/en\/wp-json\/wp\/v2\/events\/27436","targetHints":{"allow":["GET"]}}],"collection":[{"href":"https:\/\/wydawnictwo.ug.edu.pl\/en\/wp-json\/wp\/v2\/events"}],"about":[{"href":"https:\/\/wydawnictwo.ug.edu.pl\/en\/wp-json\/wp\/v2\/types\/events"}],"wp:featuredmedia":[{"embeddable":true,"href":"https:\/\/wydawnictwo.ug.edu.pl\/en\/wp-json\/wp\/v2\/media\/26869"}],"wp:attachment":[{"href":"https:\/\/wydawnictwo.ug.edu.pl\/en\/wp-json\/wp\/v2\/media?parent=27436"}],"wp:term":[{"taxonomy":"event_cat","embeddable":true,"href":"https:\/\/wydawnictwo.ug.edu.pl\/en\/wp-json\/wp\/v2\/event_cat?post=27436"}],"curies":[{"name":"wp","href":"https:\/\/api.w.org\/{rel}","templated":true}]}}

Promocja tomiku poetyckiego Patrycjusza Dziczka „My dorośli, zagubieni chłopcy”

<p>Wydawnictwo Uniwersytetu Gdańskiego zaprasza na spotkanie z poetą Patrycjuszem Dziczkiem autorem tomiku <a href="https://wydawnictwo.ug.edu.pl/product/my-dorosli-zagubieni-chlopcy/?lang=en"><strong><em>My dorośli, zagubieni chłopcy</em></strong></a>. Spotkanie odbędzie się 10 stycznia (środa) o godz. 18:00 w Bibliotece Uniwersytetu Gdańskiego (Wita Stwosza 53, Gdańsk).</p>
<p>W najnowszym tomiku Patrycjusz Dziczek podejmuje refleksję nad więziami rodzinnymi, procesem dojrzewania, ojcostwem i wynikającej z tej roli odpowiedzialności, a także przygląda się wrażliwej i zalęknionej naturze, skrytej w każdym mężczyźnie.</p>
<p>Publikacja została sfinansowana ze środków Gdańskiego Funduszu Promocji Wydawnictw. W trakcie wydarzenia będzie można zakupić tomik.</p>
<p><strong>Patrycjusz Dziczek</strong> – urodzony w 1983 roku w Ornecie, poezją zainteresował się jako student Akademii Wychowania Fizycznego. W 2011 roku ukazał się jego debiutancki tomik poezji „Polowanie na malinowy śnieg”. Publikował m.in. w „Autografie”, „Migotaniach i przejaśnieniach”, „Tyglu Kultury”, czy „Poboczach”. Laureat wielu konkursów poetyckich. Twórca i założyciel kawiarenki artystycznej Młody Byron w Dworku Sierakowskich w Sopocie. Jest członkiem Polskiego Stowarzyszenia Terapeutów Terapii Skoncentrowanej na Rozwiązaniach (PSTTSR).</p>
<p>Z autorem porozmawia doktor nauk prawnych <strong>Tomasz Snarski</strong> – adiunkt w Katedrze Prawa Karnego Materialnego i Kryminologii na Wydziale Prawa i Administracji Uniwersytetu Gdańskiego, poeta, autor tomików <em>Przezpatrzenia</em>,<em> Werblista</em>, <em>Żmuty</em>.</p>
<p class="x11i5rnm xat24cr x1mh8g0r x1vvkbs xtlvy1s">

<p>Wydawnictwo Uniwersytetu Gdańskiego zaprasza na spotkanie z poetą Patrycjuszem Dziczkiem autorem tomiku My dorośli, zagubieni chłopcy. Spotkanie odbędzie się 10 stycznia (środa) o godz. 18:00 w Bibliotece Uniwersytetu Gdańskiego (Wita Stwosza 53, Gdańsk). W najnowszym tomiku Patrycjusz Dziczek podejmuje refleksję nad więziami rodzinnymi, procesem dojrzewania, ojcostwem i wynikającej z tej roli odpowiedzialności, a także przygląda [&hellip;]</p>
