{"id":26623,"date":"2025-04-16T16:45:52","date_gmt":"2025-04-16T16:45:52","guid":{"rendered":"https:\/\/wydawnictwo.ug.edu.pl\/?post_type=events&#038;p=26623"},"modified":"2025-07-29T12:53:35","modified_gmt":"2025-07-29T12:53:35","slug":"spotkanie-z-profesorem-jerzym-zajadlo-3","status":"publish","type":"events","link":"https:\/\/wydawnictwo.ug.edu.pl\/en\/events\/spotkanie-z-profesorem-jerzym-zajadlo-3\/","title":{"rendered":"Spotkanie z profesorem Jerzym Zajad\u0142o"},"content":{"rendered":"<p><span class=\"OYPEnA text-decoration-none text-strikethrough-none\">Wydawnictwo Uniwersytetu Gda\u0144skiego <\/span><span class=\"OYPEnA text-decoration-none text-strikethrough-none\">zaprasza na spotkanie <\/span><span class=\"OYPEnA text-decoration-none text-strikethrough-none\">z profesorem Jerzym Zajad\u0142o, <\/span><span class=\"OYPEnA text-decoration-none text-strikethrough-none\">autorem nowych ksi\u0105\u017cek: <\/span><span class=\"OYPEnA text-decoration-none text-strikethrough-none\"><strong><a href=\"https:\/\/wydawnictwo.ug.edu.pl\/produkt\/cyceron-dla-prawnikow\/\"><em>Cyceron dla prawnik\u00f3w<\/em><\/a><\/strong>, <\/span><span class=\"OYPEnA text-decoration-none text-strikethrough-none\"><strong><a href=\"https:\/\/wydawnictwo.ug.edu.pl\/produkt\/demostenes-dla-prawnikow\/\"><em>Demostenes dla prawnik\u00f3w<\/em><\/a><\/strong> i <\/span><span class=\"OYPEnA text-decoration-none text-strikethrough-none\"><strong><a href=\"https:\/\/wydawnictwo.ug.edu.pl\/produkt\/arystofenes-dla-prawnikow\/\"><em>Arystofanes dla prawnik\u00f3w<\/em><\/a><\/strong>. Wydarzenie odb\u0119dzie si\u0119 8 grudnia 2023 roku o godz. 18:00 w Bibliotece G\u0142\u00f3wnej Uniwersytetu Gda\u0144skiego (I pi\u0119tro, sala 1.22). W trakcie mo\u017cna b\u0119dzie zakupi\u0107 publikacje prof. Zajad\u0142o. Spotkanie b\u0119dzie transmitowane na \u017cywo na profilu Wydawnictwa Uniwersytetu Gda\u0144skiego na Facebooku.<\/span><\/p>\n<p>Trzy ksi\u0105\u017cki prof. Jerzego Zajad\u0142o, o kt\u00f3rych mowa b\u0119dzie w trakcie spotkania, po\u015bwi\u0119cone s\u0105 postaciom staro\u017cytnej Grecji i Rzymu: wybitnemu m\u00f3wcy, dow\u00f3dcy wojskowemu i filozofowi Cyceronowi; m\u00f3wcy i politykowi Demostenesowi oraz greckiemu komediopisarzowi Arystofanesowi. Odwo\u0142uj\u0105c si\u0119 do ich tw\u00f3rczo\u015bci, Jerzy Zajad\u0142o nie tylko wskazuje na wielowiekowe tradycje humanistyczne, kt\u00f3re stoj\u0105 u podstaw wsp\u00f3\u0142czesnych uniwersytet\u00f3w, ale te\u017c stara si\u0119 czerpa\u0107 z nich inspiracj\u0119 dla wsp\u00f3\u0142czesnej my\u015bli prawniczej.<\/p>\n<p><strong>Jerzy Zajad\u0142o<\/strong> \u2013 profesor nauk prawnych, filozof, pracownik Katedry Teorii i Filozofii Pa\u0144stwa i Prawa na Wydziale Prawa i Administracji UG. Cz\u0142onek-korespondent Polskiej Akademii Nauk i Polskiej Akademii Umiej\u0119tno\u015bci. Stypendysta Fundacji Alexandra von Humboldta, laureat m.in. Nagrody im. Tadeusza Kotarbi\u0144skiego za wybitne dzie\u0142o naukowe z zakresu nauk humanistycznych (<em>Minima luridica. Refleksje o pewnych (nie)oczywisto\u015bciach prawniczych<\/em>, Arche, Wydawnictwo Uniwersytetu Gda\u0144skiego, 2019). Autor licznych publikacji naukowych z zakresu prawa, w szczeg\u00f3lno\u015bci dotycz\u0105cych wsp\u00f3\u0142czesnej niemieckiej filozofii prawa, statusu metodologicznego filozofii prawa i filozofii prawa mi\u0119dzynarodowego.<\/p>\n","protected":false},"excerpt":{"rendered":"<p>Wydawnictwo Uniwersytetu Gda\u0144skiego zaprasza na spotkanie z profesorem Jerzym Zajad\u0142o, autorem nowych ksi\u0105\u017cek: Cyceron dla prawnik\u00f3w, Demostenes dla prawnik\u00f3w i Arystofanes dla prawnik\u00f3w. Wydarzenie odb\u0119dzie si\u0119 8 grudnia 2023 roku o godz. 18:00 w Bibliotece G\u0142\u00f3wnej Uniwersytetu Gda\u0144skiego (I pi\u0119tro, sala 1.22). W trakcie mo\u017cna b\u0119dzie zakupi\u0107 publikacje prof. Zajad\u0142o. Spotkanie b\u0119dzie transmitowane na \u017cywo [&hellip;]<\/p>\n","protected":false},"featured_media":27676,"parent":0,"menu_order":0,"template":"","format":"standard","meta":{"_acf_changed":false},"event_cat":[],"class_list":["post-26623","events","type-events","status-publish","format-standard","has-post-thumbnail","hentry"],"acf":[],"_links":{"self":[{"href":"https:\/\/wydawnictwo.ug.edu.pl\/en\/wp-json\/wp\/v2\/events\/26623","targetHints":{"allow":["GET"]}}],"collection":[{"href":"https:\/\/wydawnictwo.ug.edu.pl\/en\/wp-json\/wp\/v2\/events"}],"about":[{"href":"https:\/\/wydawnictwo.ug.edu.pl\/en\/wp-json\/wp\/v2\/types\/events"}],"wp:featuredmedia":[{"embeddable":true,"href":"https:\/\/wydawnictwo.ug.edu.pl\/en\/wp-json\/wp\/v2\/media\/27676"}],"wp:attachment":[{"href":"https:\/\/wydawnictwo.ug.edu.pl\/en\/wp-json\/wp\/v2\/media?parent=26623"}],"wp:term":[{"taxonomy":"event_cat","embeddable":true,"href":"https:\/\/wydawnictwo.ug.edu.pl\/en\/wp-json\/wp\/v2\/event_cat?post=26623"}],"curies":[{"name":"wp","href":"https:\/\/api.w.org\/{rel}","templated":true}]}}

Spotkanie z profesorem Jerzym Zajadło

<p><span class="OYPEnA text-decoration-none text-strikethrough-none">Wydawnictwo Uniwersytetu Gdańskiego </span><span class="OYPEnA text-decoration-none text-strikethrough-none">zaprasza na spotkanie </span><span class="OYPEnA text-decoration-none text-strikethrough-none">z profesorem Jerzym Zajadło, </span><span class="OYPEnA text-decoration-none text-strikethrough-none">autorem nowych książek: </span><span class="OYPEnA text-decoration-none text-strikethrough-none"><strong><a href="https://wydawnictwo.ug.edu.pl/produkt/cyceron-dla-prawnikow/"><em>Cyceron dla prawników</em></a></strong>, </span><span class="OYPEnA text-decoration-none text-strikethrough-none"><strong><a href="https://wydawnictwo.ug.edu.pl/produkt/demostenes-dla-prawnikow/"><em>Demostenes dla prawników</em></a></strong> i </span><span class="OYPEnA text-decoration-none text-strikethrough-none"><strong><a href="https://wydawnictwo.ug.edu.pl/produkt/arystofenes-dla-prawnikow/"><em>Arystofanes dla prawników</em></a></strong>. Wydarzenie odbędzie się 8 grudnia 2023 roku o godz. 18:00 w Bibliotece Głównej Uniwersytetu Gdańskiego (I piętro, sala 1.22). W trakcie można będzie zakupić publikacje prof. Zajadło. Spotkanie będzie transmitowane na żywo na profilu Wydawnictwa Uniwersytetu Gdańskiego na Facebooku.</span></p>
<p>Trzy książki prof. Jerzego Zajadło, o których mowa będzie w trakcie spotkania, poświęcone są postaciom starożytnej Grecji i Rzymu: wybitnemu mówcy, dowódcy wojskowemu i filozofowi Cyceronowi; mówcy i politykowi Demostenesowi oraz greckiemu komediopisarzowi Arystofanesowi. Odwołując się do ich twórczości, Jerzy Zajadło nie tylko wskazuje na wielowiekowe tradycje humanistyczne, które stoją u podstaw współczesnych uniwersytetów, ale też stara się czerpać z nich inspirację dla współczesnej myśli prawniczej.</p>
<p><strong>Jerzy Zajadło</strong> – profesor nauk prawnych, filozof, pracownik Katedry Teorii i Filozofii Państwa i Prawa na Wydziale Prawa i Administracji UG. Członek-korespondent Polskiej Akademii Nauk i Polskiej Akademii Umiejętności. Stypendysta Fundacji Alexandra von Humboldta, laureat m.in. Nagrody im. Tadeusza Kotarbińskiego za wybitne dzieło naukowe z zakresu nauk humanistycznych (<em>Minima luridica. Refleksje o pewnych (nie)oczywistościach prawniczych</em>, Arche, Wydawnictwo Uniwersytetu Gdańskiego, 2019). Autor licznych publikacji naukowych z zakresu prawa, w szczególności dotyczących współczesnej niemieckiej filozofii prawa, statusu metodologicznego filozofii prawa i filozofii prawa międzynarodowego.</p>

<p>Wydawnictwo Uniwersytetu Gdańskiego zaprasza na spotkanie z profesorem Jerzym Zajadło, autorem nowych książek: Cyceron dla prawników, Demostenes dla prawników i Arystofanes dla prawników. Wydarzenie odbędzie się 8 grudnia 2023 roku o godz. 18:00 w Bibliotece Głównej Uniwersytetu Gdańskiego (I piętro, sala 1.22). W trakcie można będzie zakupić publikacje prof. Zajadło. Spotkanie będzie transmitowane na żywo [&hellip;]</p>
