{"id":24170,"date":"2025-04-16T16:45:52","date_gmt":"2025-04-16T16:45:52","guid":{"rendered":"https:\/\/wydawnictwo.ug.edu.pl\/events\/spotkanie-ze-stefanem-chwinem-w-ecs\/"},"modified":"2025-07-29T12:57:30","modified_gmt":"2025-07-29T12:57:30","slug":"spotkanie-ze-stefanem-chwinem-w-ecs","status":"publish","type":"events","link":"https:\/\/wydawnictwo.ug.edu.pl\/en\/events\/spotkanie-ze-stefanem-chwinem-w-ecs\/","title":{"rendered":"Spotkanie ze Stefanem Chwinem w ECS"},"content":{"rendered":"<p>Stefan Chwin, pisarz z Gda\u0144ska, specjalista od stawiania niewygodnych pyta\u0144, zn\u00f3w burzy dobrostan czytelnika. Czy pami\u0119\u0107 sprzyja rozwojowi demokracji? Czy ironia mo\u017ce by\u0107 j\u0119zykiem prawdy? O czym lepiej nie m\u00f3wi\u0107 g\u0142o\u015bno w Polsce? \u2013 to niewielka liczba pyta\u0144 spo\u015br\u00f3d tych, kt\u00f3re mno\u017cy <a href=\"https:\/\/wydawnictwo.ug.edu.pl\/product\/wolnosc-pisana-po-jalcie\/?lang=en\"><em>Wolno\u015b\u0107 pisana po Ja\u0142cie<\/em><\/a>. Zapraszamy do biblioteki ECS na spotkanie z autorem Stefanem Chwinem, kt\u00f3re poprowadzi Grzegorz Wysocki. Tom wyda\u0142y Wojew\u00f3dzka i Miejska Biblioteka Publiczna im. Josepha Conrada-Korzeniowskiego w Gda\u0144sku oraz Wydawnictwo Uniwersytetu Gda\u0144skiego (2022).<\/p>\n<p>Spotkanie odb\u0119dzie si\u0119 20 kwietnia o godz. 18.00. W trakcie wydarzenia b\u0119dzie mo\u017cna naby\u0107 ksi\u0105\u017ck\u0119.<\/p>\n","protected":false},"excerpt":{"rendered":"<p>Stefan Chwin, pisarz z Gda\u0144ska, specjalista od stawiania niewygodnych pyta\u0144, zn\u00f3w burzy dobrostan czytelnika. Czy pami\u0119\u0107 sprzyja rozwojowi demokracji? Czy ironia mo\u017ce by\u0107 j\u0119zykiem prawdy? O czym lepiej nie m\u00f3wi\u0107 g\u0142o\u015bno w Polsce? \u2013 to niewielka liczba pyta\u0144 spo\u015br\u00f3d tych, kt\u00f3re mno\u017cy Wolno\u015b\u0107 pisana po Ja\u0142cie. Zapraszamy do biblioteki ECS na spotkanie z autorem Stefanem [&hellip;]<\/p>\n","protected":false},"featured_media":42599,"parent":0,"menu_order":0,"template":"","format":"standard","meta":{"_acf_changed":false},"event_cat":[],"class_list":["post-24170","events","type-events","status-publish","format-standard","has-post-thumbnail","hentry"],"acf":[],"_links":{"self":[{"href":"https:\/\/wydawnictwo.ug.edu.pl\/en\/wp-json\/wp\/v2\/events\/24170","targetHints":{"allow":["GET"]}}],"collection":[{"href":"https:\/\/wydawnictwo.ug.edu.pl\/en\/wp-json\/wp\/v2\/events"}],"about":[{"href":"https:\/\/wydawnictwo.ug.edu.pl\/en\/wp-json\/wp\/v2\/types\/events"}],"wp:featuredmedia":[{"embeddable":true,"href":"https:\/\/wydawnictwo.ug.edu.pl\/en\/wp-json\/wp\/v2\/media\/42599"}],"wp:attachment":[{"href":"https:\/\/wydawnictwo.ug.edu.pl\/en\/wp-json\/wp\/v2\/media?parent=24170"}],"wp:term":[{"taxonomy":"event_cat","embeddable":true,"href":"https:\/\/wydawnictwo.ug.edu.pl\/en\/wp-json\/wp\/v2\/event_cat?post=24170"}],"curies":[{"name":"wp","href":"https:\/\/api.w.org\/{rel}","templated":true}]}}

<p>Stefan Chwin, pisarz z Gdańska, specjalista od stawiania niewygodnych pytań, znów burzy dobrostan czytelnika. Czy pamięć sprzyja rozwojowi demokracji? Czy ironia może być językiem prawdy? O czym lepiej nie mówić głośno w Polsce? – to niewielka liczba pytań spośród tych, które mnoży <a href="https://wydawnictwo.ug.edu.pl/product/wolnosc-pisana-po-jalcie/?lang=en"><em>Wolność pisana po Jałcie</em></a>. Zapraszamy do biblioteki ECS na spotkanie z autorem Stefanem Chwinem, które poprowadzi Grzegorz Wysocki. Tom wydały Wojewódzka i Miejska Biblioteka Publiczna im. Josepha Conrada-Korzeniowskiego w Gdańsku oraz Wydawnictwo Uniwersytetu Gdańskiego (2022).</p>
<p>Spotkanie odbędzie się 20 kwietnia o godz. 18.00. W trakcie wydarzenia będzie można nabyć książkę.</p>

<p>Stefan Chwin, pisarz z Gdańska, specjalista od stawiania niewygodnych pytań, znów burzy dobrostan czytelnika. Czy pamięć sprzyja rozwojowi demokracji? Czy ironia może być językiem prawdy? O czym lepiej nie mówić głośno w Polsce? – to niewielka liczba pytań spośród tych, które mnoży Wolność pisana po Jałcie. Zapraszamy do biblioteki ECS na spotkanie z autorem Stefanem [&hellip;]</p>
