{"id":23320,"date":"2025-04-16T16:45:53","date_gmt":"2025-04-16T16:45:53","guid":{"rendered":"https:\/\/wydawnictwo.ug.edu.pl\/?post_type=events&#038;p=23320"},"modified":"2025-07-29T12:51:03","modified_gmt":"2025-07-29T12:51:03","slug":"uroczyste-wreczenie-nagrody-generalnego-konserwatora-zabytkow-i-stowarzyszenia-konserwatorow-zabytkow","status":"publish","type":"events","link":"https:\/\/wydawnictwo.ug.edu.pl\/en\/events\/uroczyste-wreczenie-nagrody-generalnego-konserwatora-zabytkow-i-stowarzyszenia-konserwatorow-zabytkow\/","title":{"rendered":"Wr\u0119czenie nagr\u00f3d Generalnego Konserwatora Zabytk\u00f3w i Stowarzyszenia Konserwator\u00f3w Zabytk\u00f3w"},"content":{"rendered":"<p>31 stycznia 2023 r. w Sali Bia\u0142ej Muzeum Pa\u0142acu Kr\u00f3la Jana III Sobieskiego w Wilanowie odby\u0142a si\u0119 uroczysto\u015b\u0107 wr\u0119czenia nagr\u00f3d w\u00a0<a href=\"http:\/\/www.skz.pl\/skz_files\/nagrody\/konkurs_gkz_laureaci_2022.php\">Konkursie Generalnego Konserwatora Zabytk\u00f3w i Stowarzyszenia Konserwator\u00f3w Zabytk\u00f3w<\/a>\u00a0na najlepsze prace studialne, naukowe oraz popularyzatorskie, dotycz\u0105ce ochrony zabytk\u00f3w i muzealnictwa \u2013 edycja 2022. Podczas uroczysto\u015bci\u00a0<strong>dr Andrzej Mo\u015b<\/strong>\u00a0odebra\u0142 z r\u0105k Sekretarza Stanu w MKiDN, Generalnego Konserwatora Zabytk\u00f3w dr. Jaros\u0142awa Sellina oraz Prezesa Zarz\u0105du G\u0142\u00f3wnego Stowarzyszenia Konserwator\u00f3w Zabytk\u00f3w Jacka\u00a0<span class=\"hiddenSpellError\">Rulewicza<\/span>\u00a0nagrod\u0119 w kategorii\u00a0<strong>najlepsza ksi\u0105\u017cka naukowa<\/strong>\u00a0za publikacj\u0119\u00a0<em><a href=\"https:\/\/wydawnictwo.ug.edu.pl\/produkt\/zasady-relacji-miedzy-rzeczapospolita-polska-a-kosciolem-katolickim-w-zakresie-ochrony-koscielnych-dobr-kultury\/\">Zasady relacji mi\u0119dzy Rzecz\u0105pospolit\u0105 Polsk\u0105 a Ko\u015bcio\u0142em katolickim w zakresie ochrony ko\u015bcielnych d\u00f3br kultury<\/a><\/em>. Ksi\u0105\u017cka\u00a0powsta\u0142a\u00a0na podstawie rozprawy doktorskiej, kt\u00f3rej promotorem by\u0142 prof. dr hab. Kamil\u00a0<span class=\"hiddenSpellError\">Zeidler i\u00a0<\/span>ukaza\u0142a si\u0119 w 2021 r. w Wydawnictwie Uniwersytetu Gda\u0144skiego w serii Biblioteka Prawa Ochrony Zabytk\u00f3w. W uroczysto\u015bci wr\u0119czenia nagr\u00f3d wzi\u0119li udzia\u0142 tak\u017ce prof. Kamil\u00a0<span class=\"hiddenSpellError\">Zeidler<\/span>\u00a0i dyrektor Wydawnictwa Uniwersytetu Gda\u0144skiego Joanna Kamie\u0144.<\/p>\n","protected":false},"excerpt":{"rendered":"<p>31 stycznia 2023 r. w Sali Bia\u0142ej Muzeum Pa\u0142acu Kr\u00f3la Jana III Sobieskiego w Wilanowie odby\u0142a si\u0119 uroczysto\u015b\u0107 wr\u0119czenia nagr\u00f3d w\u00a0Konkursie Generalnego Konserwatora Zabytk\u00f3w i Stowarzyszenia Konserwator\u00f3w Zabytk\u00f3w\u00a0na najlepsze prace studialne, naukowe oraz popularyzatorskie, dotycz\u0105ce ochrony zabytk\u00f3w i muzealnictwa \u2013 edycja 2022. Podczas uroczysto\u015bci\u00a0dr Andrzej Mo\u015b\u00a0odebra\u0142 z r\u0105k Sekretarza Stanu w MKiDN, Generalnego Konserwatora Zabytk\u00f3w [&hellip;]<\/p>\n","protected":false},"featured_media":42619,"parent":0,"menu_order":14,"template":"","format":"standard","meta":{"_acf_changed":false},"event_cat":[],"class_list":["post-23320","events","type-events","status-publish","format-standard","has-post-thumbnail","hentry"],"acf":[],"_links":{"self":[{"href":"https:\/\/wydawnictwo.ug.edu.pl\/en\/wp-json\/wp\/v2\/events\/23320","targetHints":{"allow":["GET"]}}],"collection":[{"href":"https:\/\/wydawnictwo.ug.edu.pl\/en\/wp-json\/wp\/v2\/events"}],"about":[{"href":"https:\/\/wydawnictwo.ug.edu.pl\/en\/wp-json\/wp\/v2\/types\/events"}],"wp:featuredmedia":[{"embeddable":true,"href":"https:\/\/wydawnictwo.ug.edu.pl\/en\/wp-json\/wp\/v2\/media\/42619"}],"wp:attachment":[{"href":"https:\/\/wydawnictwo.ug.edu.pl\/en\/wp-json\/wp\/v2\/media?parent=23320"}],"wp:term":[{"taxonomy":"event_cat","embeddable":true,"href":"https:\/\/wydawnictwo.ug.edu.pl\/en\/wp-json\/wp\/v2\/event_cat?post=23320"}],"curies":[{"name":"wp","href":"https:\/\/api.w.org\/{rel}","templated":true}]}}

Wręczenie nagród Generalnego Konserwatora Zabytków i Stowarzyszenia Konserwatorów Zabytków

<p>31 stycznia 2023 r. w Sali Białej Muzeum Pałacu Króla Jana III Sobieskiego w Wilanowie odbyła się uroczystość wręczenia nagród w <a href="http://www.skz.pl/skz_files/nagrody/konkurs_gkz_laureaci_2022.php">Konkursie Generalnego Konserwatora Zabytków i Stowarzyszenia Konserwatorów Zabytków</a> na najlepsze prace studialne, naukowe oraz popularyzatorskie, dotyczące ochrony zabytków i muzealnictwa – edycja 2022. Podczas uroczystości <strong>dr Andrzej Moś</strong> odebrał z rąk Sekretarza Stanu w MKiDN, Generalnego Konserwatora Zabytków dr. Jarosława Sellina oraz Prezesa Zarządu Głównego Stowarzyszenia Konserwatorów Zabytków Jacka <span class="hiddenSpellError">Rulewicza</span> nagrodę w kategorii <strong>najlepsza książka naukowa</strong> za publikację <em><a href="https://wydawnictwo.ug.edu.pl/produkt/zasady-relacji-miedzy-rzeczapospolita-polska-a-kosciolem-katolickim-w-zakresie-ochrony-koscielnych-dobr-kultury/">Zasady relacji między Rzecząpospolitą Polską a Kościołem katolickim w zakresie ochrony kościelnych dóbr kultury</a></em>. Książka powstała na podstawie rozprawy doktorskiej, której promotorem był prof. dr hab. Kamil <span class="hiddenSpellError">Zeidler i </span>ukazała się w 2021 r. w Wydawnictwie Uniwersytetu Gdańskiego w serii Biblioteka Prawa Ochrony Zabytków. W uroczystości wręczenia nagród wzięli udział także prof. Kamil <span class="hiddenSpellError">Zeidler</span> i dyrektor Wydawnictwa Uniwersytetu Gdańskiego Joanna Kamień.</p>

<p>31 stycznia 2023 r. w Sali Białej Muzeum Pałacu Króla Jana III Sobieskiego w Wilanowie odbyła się uroczystość wręczenia nagród w Konkursie Generalnego Konserwatora Zabytków i Stowarzyszenia Konserwatorów Zabytków na najlepsze prace studialne, naukowe oraz popularyzatorskie, dotyczące ochrony zabytków i muzealnictwa – edycja 2022. Podczas uroczystości dr Andrzej Moś odebrał z rąk Sekretarza Stanu w MKiDN, Generalnego Konserwatora Zabytków [&hellip;]</p>
