{"id":23098,"date":"2025-04-16T16:45:53","date_gmt":"2025-04-16T16:45:53","guid":{"rendered":"https:\/\/wydawnictwo.ug.edu.pl\/?post_type=events&#038;p=23098"},"modified":"2025-07-29T12:51:12","modified_gmt":"2025-07-29T12:51:12","slug":"wydawnictwo-ug-gra-dla-wosp-3","status":"publish","type":"events","link":"https:\/\/wydawnictwo.ug.edu.pl\/en\/events\/wydawnictwo-ug-gra-dla-wosp-3\/","title":{"rendered":"Wydawnictwo UG gra dla WO\u015aP"},"content":{"rendered":"<p>W porozumieniu z naszymi autorami i Uniwersytetem Gda\u0144skim przeznaczyli\u015bmy trzy ksi\u0105\u017cki Wydawnictwa Uniwersytetu Gda\u0144skiego do licytacji podczas tegorocznego fina\u0142u Wielkiej Orkiestry \u015awi\u0105tecznej Pomocy! To wyj\u0105tkowe egzemplarze, bo opatrzone podpisami ich tw\u00f3rc\u00f3w. W\u015br\u00f3d propozycji znajduj\u0105 si\u0119: <a href=\"https:\/\/wydawnictwo.ug.edu.pl\/produkt\/wolnosc-pisana-po-jalcie\/\"><em>Wolno\u015b\u0107 pisana po Ja\u0142cie<\/em><\/a> Stefana Chwina, <a href=\"https:\/\/wydawnictwo.ug.edu.pl\/produkt\/swiety-mikolaj-z-myr-licyjskich-w-swietle-greckich-i-lacinskich-zrodel-starozytnych-i-sredniowiecznych\/\"><em>\u015awi\u0119ty Miko\u0142aj z Myr Licyjskich \u015bwietle greckich i \u0142aci\u0144skich \u017ar\u00f3de\u0142 staro\u017cytnych i \u015bredniowiecznych<\/em><\/a> Tatiany Krynickiej i <a href=\"https:\/\/wydawnictwo.ug.edu.pl\/produkt\/seppuku-jako-przyklad-procesu-normatywizacji-zwyczaju-w-prawie-japonskim\/\"><em>Seppuku jako przyk\u0142ad normatywizacji zwyczaju w prawie japo\u0144skim<\/em><\/a> Luizy Kliczkowskiej. Ksi\u0105\u017cki wystawione na aukcje oraz inne propozycje przedstawione przez Uniwersytet Gda\u0144ski, mo\u017cna zobaczy\u0107 <a href=\"https:\/\/ug.edu.pl\/news\/pl\/4648\/ug-gra-dla-wosp-licytacje-na-31-final-wielkiej-orkiestry-swiatecznej-pomocy?fbclid=IwAR20MRCZKhTp9eSzGUdDzmYvVkmmIE4PIhlAgx1q5YXBKWeG9h5fS5Rrei4\">tutaj<\/a>. Nasze ksi\u0105\u017cki mo\u017cna licytowa\u0107 do 1 lutego 2023 r. Warto pomaga\u0107!<\/p>\n","protected":false},"excerpt":{"rendered":"<p>W porozumieniu z naszymi autorami i Uniwersytetem Gda\u0144skim przeznaczyli\u015bmy trzy ksi\u0105\u017cki Wydawnictwa Uniwersytetu Gda\u0144skiego do licytacji podczas tegorocznego fina\u0142u Wielkiej Orkiestry \u015awi\u0105tecznej Pomocy! To wyj\u0105tkowe egzemplarze, bo opatrzone podpisami ich tw\u00f3rc\u00f3w. W\u015br\u00f3d propozycji znajduj\u0105 si\u0119: Wolno\u015b\u0107 pisana po Ja\u0142cie Stefana Chwina, \u015awi\u0119ty Miko\u0142aj z Myr Licyjskich \u015bwietle greckich i \u0142aci\u0144skich \u017ar\u00f3de\u0142 staro\u017cytnych i \u015bredniowiecznych Tatiany [&hellip;]<\/p>\n","protected":false},"featured_media":42587,"parent":0,"menu_order":18,"template":"","format":"standard","meta":{"_acf_changed":false},"event_cat":[],"class_list":["post-23098","events","type-events","status-publish","format-standard","has-post-thumbnail","hentry"],"acf":[],"_links":{"self":[{"href":"https:\/\/wydawnictwo.ug.edu.pl\/en\/wp-json\/wp\/v2\/events\/23098","targetHints":{"allow":["GET"]}}],"collection":[{"href":"https:\/\/wydawnictwo.ug.edu.pl\/en\/wp-json\/wp\/v2\/events"}],"about":[{"href":"https:\/\/wydawnictwo.ug.edu.pl\/en\/wp-json\/wp\/v2\/types\/events"}],"wp:featuredmedia":[{"embeddable":true,"href":"https:\/\/wydawnictwo.ug.edu.pl\/en\/wp-json\/wp\/v2\/media\/42587"}],"wp:attachment":[{"href":"https:\/\/wydawnictwo.ug.edu.pl\/en\/wp-json\/wp\/v2\/media?parent=23098"}],"wp:term":[{"taxonomy":"event_cat","embeddable":true,"href":"https:\/\/wydawnictwo.ug.edu.pl\/en\/wp-json\/wp\/v2\/event_cat?post=23098"}],"curies":[{"name":"wp","href":"https:\/\/api.w.org\/{rel}","templated":true}]}}

Wydawnictwo UG gra dla WOŚP

<p>W porozumieniu z naszymi autorami i Uniwersytetem Gdańskim przeznaczyliśmy trzy książki Wydawnictwa Uniwersytetu Gdańskiego do licytacji podczas tegorocznego finału Wielkiej Orkiestry Świątecznej Pomocy! To wyjątkowe egzemplarze, bo opatrzone podpisami ich twórców. Wśród propozycji znajdują się: <a href="https://wydawnictwo.ug.edu.pl/produkt/wolnosc-pisana-po-jalcie/"><em>Wolność pisana po Jałcie</em></a> Stefana Chwina, <a href="https://wydawnictwo.ug.edu.pl/produkt/swiety-mikolaj-z-myr-licyjskich-w-swietle-greckich-i-lacinskich-zrodel-starozytnych-i-sredniowiecznych/"><em>Święty Mikołaj z Myr Licyjskich świetle greckich i łacińskich źródeł starożytnych i średniowiecznych</em></a> Tatiany Krynickiej i <a href="https://wydawnictwo.ug.edu.pl/produkt/seppuku-jako-przyklad-procesu-normatywizacji-zwyczaju-w-prawie-japonskim/"><em>Seppuku jako przykład normatywizacji zwyczaju w prawie japońskim</em></a> Luizy Kliczkowskiej. Książki wystawione na aukcje oraz inne propozycje przedstawione przez Uniwersytet Gdański, można zobaczyć <a href="https://ug.edu.pl/news/pl/4648/ug-gra-dla-wosp-licytacje-na-31-final-wielkiej-orkiestry-swiatecznej-pomocy?fbclid=IwAR20MRCZKhTp9eSzGUdDzmYvVkmmIE4PIhlAgx1q5YXBKWeG9h5fS5Rrei4">tutaj</a>. Nasze książki można licytować do 1 lutego 2023 r. Warto pomagać!</p>

<p>W porozumieniu z naszymi autorami i Uniwersytetem Gdańskim przeznaczyliśmy trzy książki Wydawnictwa Uniwersytetu Gdańskiego do licytacji podczas tegorocznego finału Wielkiej Orkiestry Świątecznej Pomocy! To wyjątkowe egzemplarze, bo opatrzone podpisami ich twórców. Wśród propozycji znajdują się: Wolność pisana po Jałcie Stefana Chwina, Święty Mikołaj z Myr Licyjskich świetle greckich i łacińskich źródeł starożytnych i średniowiecznych Tatiany [&hellip;]</p>
