{"id":21726,"date":"2025-04-16T16:45:53","date_gmt":"2025-04-16T16:45:53","guid":{"rendered":"https:\/\/wydawnictwo.ug.edu.pl\/?post_type=events&#038;p=21726"},"modified":"2025-07-29T12:53:40","modified_gmt":"2025-07-29T12:53:40","slug":"inauguracja-roku-akademickiego-2022-2023-2","status":"publish","type":"events","link":"https:\/\/wydawnictwo.ug.edu.pl\/en\/events\/inauguracja-roku-akademickiego-2022-2023-2\/","title":{"rendered":"Inauguracja roku akademickiego 2022\/2023"},"content":{"rendered":"<p>3 pa\u017adziernika 2022 roku w czytelni Biblioteki Uniwersytetu Gda\u0144skiego odb\u0119dzie si\u0119 inauguracja roku akademickiego 2022\/2023.<\/p>\n","protected":false},"excerpt":{"rendered":"<p>3 pa\u017adziernika 2022 roku w czytelni Biblioteki Uniwersytetu Gda\u0144skiego odb\u0119dzie si\u0119 inauguracja roku akademickiego 2022\/2023.<\/p>\n","protected":false},"featured_media":42673,"parent":0,"menu_order":36,"template":"","format":"standard","meta":{"_acf_changed":false},"event_cat":[],"class_list":["post-21726","events","type-events","status-publish","format-standard","has-post-thumbnail","hentry"],"acf":[],"_links":{"self":[{"href":"https:\/\/wydawnictwo.ug.edu.pl\/en\/wp-json\/wp\/v2\/events\/21726","targetHints":{"allow":["GET"]}}],"collection":[{"href":"https:\/\/wydawnictwo.ug.edu.pl\/en\/wp-json\/wp\/v2\/events"}],"about":[{"href":"https:\/\/wydawnictwo.ug.edu.pl\/en\/wp-json\/wp\/v2\/types\/events"}],"wp:featuredmedia":[{"embeddable":true,"href":"https:\/\/wydawnictwo.ug.edu.pl\/en\/wp-json\/wp\/v2\/media\/42673"}],"wp:attachment":[{"href":"https:\/\/wydawnictwo.ug.edu.pl\/en\/wp-json\/wp\/v2\/media?parent=21726"}],"wp:term":[{"taxonomy":"event_cat","embeddable":true,"href":"https:\/\/wydawnictwo.ug.edu.pl\/en\/wp-json\/wp\/v2\/event_cat?post=21726"}],"curies":[{"name":"wp","href":"https:\/\/api.w.org\/{rel}","templated":true}]}}

<p>3 października 2022 roku w czytelni Biblioteki Uniwersytetu Gdańskiego odbędzie się inauguracja roku akademickiego 2022/2023.</p>
