{"id":19677,"date":"2025-04-16T16:45:53","date_gmt":"2025-04-16T16:45:53","guid":{"rendered":"https:\/\/wydawnictwo.ug.edu.pl\/?post_type=events&#038;p=19677"},"modified":"2025-04-16T16:47:12","modified_gmt":"2025-04-16T16:47:12","slug":"between-pomiedzy-2022-w-brazylii-2","status":"publish","type":"events","link":"https:\/\/wydawnictwo.ug.edu.pl\/en\/events\/between-pomiedzy-2022-w-brazylii-2\/","title":{"rendered":"Between.Pomi\u0119dzy 2022 w Brazylii"},"content":{"rendered":"<p>Od dwunastu lat tworzymy w Gda\u0144sku, Sopocie i Gdyni przestrze\u0144 do tw\u00f3rczych spotka\u0144 badaczy i artyst\u00f3w. Tw\u00f3rcy teatralni, poeci, pisarze, t\u0142umacze, wydawcy i naukowcy z r\u00f3\u017cnych cz\u0119\u015bci \u015bwiata przybywaj\u0105 do pracy w \u015brodowisku laboratoryjnym, aby pod\u0105\u017ca\u0107 w\u0142asnymi \u015bcie\u017ckami i dzieli\u0107 si\u0119 cz\u0119\u015bci\u0105 swoich wewn\u0119trznych \u015bwiat\u00f3w. W 2022 roku Between.Pomi\u0119dzy przybiera form\u0119 Festiwalu Rozproszonego, kt\u00f3ra stanowi pr\u00f3b\u0119 odpowiedzi na cz\u0119\u015b\u0107 wyzwa\u0144, z jakimi mierzymy si\u0119 w otaczaj\u0105cym nas \u015bwiecie. Oznacza to, \u017ce wydarzenia akademickie i artystyczne odbywaj\u0105 si\u0119 przez ca\u0142y rok, w r\u00f3\u017cnych miejscach, a format, jaki przybieraj\u0105, mo\u017ce okaza\u0107 si\u0119 zaskakuj\u0105cy \u2013 r\u00f3wnie\u017c dla nas.<\/p>\n<p>Festiwal Rozproszony rozpoczynamy od wydarze\u0144 nazwanych ENTRE, kt\u00f3re organizujemy wsp\u00f3lnie z brazylijskim Teatrem M\u00e1skara oraz Federalnym Uniwersytetem Goi\u00e1s, wsp\u00f3\u0142pracuj\u0105c z Instytutem im. Jerzego Grotowskiego. ENTRE odb\u0119dzie si\u0119 w dniach 8-13 czerwca w\u0142a\u015bnie w Brazylii, w mie\u015bcie Goi\u00e2nia oraz w S\u00e3o Paolo.<\/p>\n","protected":false},"excerpt":{"rendered":"<p>Od dwunastu lat tworzymy w Gda\u0144sku, Sopocie i Gdyni przestrze\u0144 do tw\u00f3rczych spotka\u0144 badaczy i artyst\u00f3w. Tw\u00f3rcy teatralni, poeci, pisarze, t\u0142umacze, wydawcy i naukowcy z r\u00f3\u017cnych cz\u0119\u015bci \u015bwiata przybywaj\u0105 do pracy w \u015brodowisku laboratoryjnym, aby pod\u0105\u017ca\u0107 w\u0142asnymi \u015bcie\u017ckami i dzieli\u0107 si\u0119 cz\u0119\u015bci\u0105 swoich wewn\u0119trznych \u015bwiat\u00f3w. W 2022 roku Between.Pomi\u0119dzy przybiera form\u0119 Festiwalu Rozproszonego, kt\u00f3ra stanowi [&hellip;]<\/p>\n","protected":false},"featured_media":19673,"parent":0,"menu_order":42,"template":"","format":"standard","meta":{"_acf_changed":false},"event_cat":[],"class_list":["post-19677","events","type-events","status-publish","format-standard","has-post-thumbnail","hentry"],"acf":[],"_links":{"self":[{"href":"https:\/\/wydawnictwo.ug.edu.pl\/en\/wp-json\/wp\/v2\/events\/19677","targetHints":{"allow":["GET"]}}],"collection":[{"href":"https:\/\/wydawnictwo.ug.edu.pl\/en\/wp-json\/wp\/v2\/events"}],"about":[{"href":"https:\/\/wydawnictwo.ug.edu.pl\/en\/wp-json\/wp\/v2\/types\/events"}],"wp:featuredmedia":[{"embeddable":true,"href":"https:\/\/wydawnictwo.ug.edu.pl\/en\/wp-json\/wp\/v2\/media\/19673"}],"wp:attachment":[{"href":"https:\/\/wydawnictwo.ug.edu.pl\/en\/wp-json\/wp\/v2\/media?parent=19677"}],"wp:term":[{"taxonomy":"event_cat","embeddable":true,"href":"https:\/\/wydawnictwo.ug.edu.pl\/en\/wp-json\/wp\/v2\/event_cat?post=19677"}],"curies":[{"name":"wp","href":"https:\/\/api.w.org\/{rel}","templated":true}]}}

Between.Pomiędzy 2022 w Brazylii

<p>Od dwunastu lat tworzymy w Gdańsku, Sopocie i Gdyni przestrzeń do twórczych spotkań badaczy i artystów. Twórcy teatralni, poeci, pisarze, tłumacze, wydawcy i naukowcy z różnych części świata przybywają do pracy w środowisku laboratoryjnym, aby podążać własnymi ścieżkami i dzielić się częścią swoich wewnętrznych światów. W 2022 roku Between.Pomiędzy przybiera formę Festiwalu Rozproszonego, która stanowi próbę odpowiedzi na część wyzwań, z jakimi mierzymy się w otaczającym nas świecie. Oznacza to, że wydarzenia akademickie i artystyczne odbywają się przez cały rok, w różnych miejscach, a format, jaki przybierają, może okazać się zaskakujący – również dla nas.</p>
<p>Festiwal Rozproszony rozpoczynamy od wydarzeń nazwanych ENTRE, które organizujemy wspólnie z brazylijskim Teatrem Máskara oraz Federalnym Uniwersytetem Goiás, współpracując z Instytutem im. Jerzego Grotowskiego. ENTRE odbędzie się w dniach 8-13 czerwca właśnie w Brazylii, w mieście Goiânia oraz w São Paolo.</p>

<p>Od dwunastu lat tworzymy w Gdańsku, Sopocie i Gdyni przestrzeń do twórczych spotkań badaczy i artystów. Twórcy teatralni, poeci, pisarze, tłumacze, wydawcy i naukowcy z różnych części świata przybywają do pracy w środowisku laboratoryjnym, aby podążać własnymi ścieżkami i dzielić się częścią swoich wewnętrznych światów. W 2022 roku Between.Pomiędzy przybiera formę Festiwalu Rozproszonego, która stanowi [&hellip;]</p>
