{"id":19603,"date":"2025-04-16T16:45:53","date_gmt":"2025-04-16T16:45:53","guid":{"rendered":"https:\/\/wydawnictwo.ug.edu.pl\/events\/promocja-ksiazki-demokratyczna-kultura-piotra-zbieranka\/"},"modified":"2025-05-21T10:12:36","modified_gmt":"2025-05-21T10:12:36","slug":"promocja-ksiazki-demokratyczna-kultura-piotra-zbieranka-2","status":"publish","type":"events","link":"https:\/\/wydawnictwo.ug.edu.pl\/en\/events\/promocja-ksiazki-demokratyczna-kultura-piotra-zbieranka-2\/","title":{"rendered":"Promocja ksi\u0105\u017cki \u201eDemokratyczna kultura&#8230;\u201d"},"content":{"rendered":"<p><a href=\"https:\/\/pl-pl.facebook.com\/wns.ug.centrum.kultury\/\">Pomorskie Centrum Bada\u0144 nad Kultur\u0105 Uniwersytetu Gda\u0144skiego<\/a> oraz <a href=\"https:\/\/www.facebook.com\/OddzialGdanskiPTS\/\">Oddzia\u0142 Gda\u0144skiego Polskiego Towarzystwa Socjologicznego<\/a> zaprasza na spotkanie po\u015bwi\u0119cone ksi\u0105\u017cce Piotra Zbieranka <em><a href=\"https:\/\/wydawnictwo.ug.edu.pl\/produkt\/demokratyczna-kultura-proces-formulowania-polityk-publicznych-w-zakresie-kultury\/\">Demokratyczna kultura. Proces formu\u0142owania polityk publicznych w zakresie kultury<\/a>.<\/em>\u00a0Spotkanie odb\u0119dzie 8 czerwca (\u015broda) o godz. 18.00 na platformie MS Teams pod <a href=\"https:\/\/teams.microsoft.com\/l\/meetupjoin\/19%3ameeting_NTJjNjJiYmQtYjg4Ny00OTkwLThjOTUtZGYwMmIwZjhlYTY3%40thread.v2\/ 0?context=%7b%22Tid%22%3a%22b2b950ec-1ee3-4d9d-ac5e4dd9db5e0b73%22%2c%22Oid%22%3a%227a805798-67a4-4b92-a272- 2bdd6b82a4d6%22%7d\">tym linkiem<\/a>. Wi\u0119cej informacji na temat wydarzenia na <a href=\"https:\/\/fb.me\/e\/1vTuTiHTB\">Facebooku<\/a>.<\/p>\n","protected":false},"excerpt":{"rendered":"<p>Pomorskie Centrum Bada\u0144 nad Kultur\u0105 Uniwersytetu Gda\u0144skiego oraz Oddzia\u0142 Gda\u0144skiego Polskiego Towarzystwa Socjologicznego zaprasza na spotkanie po\u015bwi\u0119cone ksi\u0105\u017cce Piotra Zbieranka Demokratyczna kultura. Proces formu\u0142owania polityk publicznych w zakresie kultury.\u00a0Spotkanie odb\u0119dzie 8 czerwca (\u015broda) o godz. 18.00 na platformie MS Teams pod tym linkiem. Wi\u0119cej informacji na temat wydarzenia na Facebooku.<\/p>\n","protected":false},"featured_media":17229,"parent":0,"menu_order":44,"template":"","format":"standard","meta":{"_acf_changed":false},"event_cat":[],"class_list":["post-19603","events","type-events","status-publish","format-standard","has-post-thumbnail","hentry"],"acf":[],"_links":{"self":[{"href":"https:\/\/wydawnictwo.ug.edu.pl\/en\/wp-json\/wp\/v2\/events\/19603","targetHints":{"allow":["GET"]}}],"collection":[{"href":"https:\/\/wydawnictwo.ug.edu.pl\/en\/wp-json\/wp\/v2\/events"}],"about":[{"href":"https:\/\/wydawnictwo.ug.edu.pl\/en\/wp-json\/wp\/v2\/types\/events"}],"wp:featuredmedia":[{"embeddable":true,"href":"https:\/\/wydawnictwo.ug.edu.pl\/en\/wp-json\/wp\/v2\/media\/17229"}],"wp:attachment":[{"href":"https:\/\/wydawnictwo.ug.edu.pl\/en\/wp-json\/wp\/v2\/media?parent=19603"}],"wp:term":[{"taxonomy":"event_cat","embeddable":true,"href":"https:\/\/wydawnictwo.ug.edu.pl\/en\/wp-json\/wp\/v2\/event_cat?post=19603"}],"curies":[{"name":"wp","href":"https:\/\/api.w.org\/{rel}","templated":true}]}}

Promocja książki „Demokratyczna kultura&#8230;”

<p><a href="https://pl-pl.facebook.com/wns.ug.centrum.kultury/">Pomorskie Centrum Badań nad Kulturą Uniwersytetu Gdańskiego</a> oraz <a href="https://www.facebook.com/OddzialGdanskiPTS/">Oddział Gdańskiego Polskiego Towarzystwa Socjologicznego</a> zaprasza na spotkanie poświęcone książce Piotra Zbieranka <em><a href="https://wydawnictwo.ug.edu.pl/produkt/demokratyczna-kultura-proces-formulowania-polityk-publicznych-w-zakresie-kultury/">Demokratyczna kultura. Proces formułowania polityk publicznych w zakresie kultury</a>.</em> Spotkanie odbędzie 8 czerwca (środa) o godz. 18.00 na platformie MS Teams pod <a href="https://teams.microsoft.com/l/meetupjoin/19%3ameeting_NTJjNjJiYmQtYjg4Ny00OTkwLThjOTUtZGYwMmIwZjhlYTY3%40thread.v2/ 0?context=%7b%22Tid%22%3a%22b2b950ec-1ee3-4d9d-ac5e4dd9db5e0b73%22%2c%22Oid%22%3a%227a805798-67a4-4b92-a272- 2bdd6b82a4d6%22%7d">tym linkiem</a>. Więcej informacji na temat wydarzenia na <a href="https://fb.me/e/1vTuTiHTB">Facebooku</a>.</p>

<p>Pomorskie Centrum Badań nad Kulturą Uniwersytetu Gdańskiego oraz Oddział Gdańskiego Polskiego Towarzystwa Socjologicznego zaprasza na spotkanie poświęcone książce Piotra Zbieranka Demokratyczna kultura. Proces formułowania polityk publicznych w zakresie kultury. Spotkanie odbędzie 8 czerwca (środa) o godz. 18.00 na platformie MS Teams pod tym linkiem. Więcej informacji na temat wydarzenia na Facebooku.</p>
