{"id":19402,"date":"2025-04-16T16:45:53","date_gmt":"2025-04-16T16:45:53","guid":{"rendered":"https:\/\/wydawnictwo.ug.edu.pl\/?post_type=events&#038;p=19402"},"modified":"2025-07-29T12:52:22","modified_gmt":"2025-07-29T12:52:22","slug":"premiera-ksiazki-stefana-chwina-wolnosc-pisana-po-jalcie-w-bibliotece-ratuszowej-2","status":"publish","type":"events","link":"https:\/\/wydawnictwo.ug.edu.pl\/en\/events\/premiera-ksiazki-stefana-chwina-wolnosc-pisana-po-jalcie-w-bibliotece-ratuszowej-2\/","title":{"rendered":"Premiera ksi\u0105\u017cki Stefana Chwina \u201eWolno\u015b\u0107 pisana po Ja\u0142cie\u201d"},"content":{"rendered":"<p>Zapraszamy na promocj\u0119 ksi\u0105\u017cki\u00a0<a href=\"https:\/\/wydawnictwo.ug.edu.pl\/produkt\/wolnosc-pisana-po-jalcie\/\"><em>Wolno\u015b\u0107 pisana po Ja\u0142cie<\/em><\/a> Stefana Chwina, kt\u00f3ra odb\u0119dzie si\u0119 20 czerwca 2022 roku o godzinie 18:00 w Bibliotece Ratuszowej (ul. Go\u015bcinna 1, Gda\u0144sk-Orunia). Spotkanie z autorem poprowadzi Micha\u0142 Noga\u015b. Eseje profesora, a zarazem cenionego powie\u015bciopisarza, krytyka literackiego, historyka literatury zwi\u0105zanego z Gda\u0144skiem, wydane wsp\u00f3lnie przez Wydawnictwo Uniwersytetu Gda\u0144skiego i\u00a0<a href=\"https:\/\/www.wbpg.org.pl\/\">Wojew\u00f3dzk\u0105 i Miejsk\u0105 Bibliotek\u0119 Publiczn\u0105 w Gda\u0144sku im. Josepha Conrada Korzeniowskiego<\/a> to trzecia pozycja z Serii Prozatorskiej. Wi\u0119cej informacji na temat wydarzenia mo\u017cna przeczyta\u0107 <a href=\"https:\/\/wydawnictwo.ug.edu.pl\/aktualnosci\/premiera-ksiazki-stefana-chwina-wolnosc-pisana-po-jalcie-w-bibliotece-ratuszowej\/\">tutaj<\/a>.<\/p>\n","protected":false},"excerpt":{"rendered":"<p>Zapraszamy na promocj\u0119 ksi\u0105\u017cki\u00a0Wolno\u015b\u0107 pisana po Ja\u0142cie Stefana Chwina, kt\u00f3ra odb\u0119dzie si\u0119 20 czerwca 2022 roku o godzinie 18:00 w Bibliotece Ratuszowej (ul. Go\u015bcinna 1, Gda\u0144sk-Orunia). Spotkanie z autorem poprowadzi Micha\u0142 Noga\u015b. Eseje profesora, a zarazem cenionego powie\u015bciopisarza, krytyka literackiego, historyka literatury zwi\u0105zanego z Gda\u0144skiem, wydane wsp\u00f3lnie przez Wydawnictwo Uniwersytetu Gda\u0144skiego i\u00a0Wojew\u00f3dzk\u0105 i Miejsk\u0105 Bibliotek\u0119 [&hellip;]<\/p>\n","protected":false},"featured_media":18979,"parent":0,"menu_order":46,"template":"","format":"standard","meta":{"_acf_changed":false},"event_cat":[],"class_list":["post-19402","events","type-events","status-publish","format-standard","has-post-thumbnail","hentry"],"acf":[],"_links":{"self":[{"href":"https:\/\/wydawnictwo.ug.edu.pl\/en\/wp-json\/wp\/v2\/events\/19402","targetHints":{"allow":["GET"]}}],"collection":[{"href":"https:\/\/wydawnictwo.ug.edu.pl\/en\/wp-json\/wp\/v2\/events"}],"about":[{"href":"https:\/\/wydawnictwo.ug.edu.pl\/en\/wp-json\/wp\/v2\/types\/events"}],"wp:featuredmedia":[{"embeddable":true,"href":"https:\/\/wydawnictwo.ug.edu.pl\/en\/wp-json\/wp\/v2\/media\/18979"}],"wp:attachment":[{"href":"https:\/\/wydawnictwo.ug.edu.pl\/en\/wp-json\/wp\/v2\/media?parent=19402"}],"wp:term":[{"taxonomy":"event_cat","embeddable":true,"href":"https:\/\/wydawnictwo.ug.edu.pl\/en\/wp-json\/wp\/v2\/event_cat?post=19402"}],"curies":[{"name":"wp","href":"https:\/\/api.w.org\/{rel}","templated":true}]}}

Premiera książki Stefana Chwina „Wolność pisana po Jałcie”

<p>Zapraszamy na promocję książki <a href="https://wydawnictwo.ug.edu.pl/produkt/wolnosc-pisana-po-jalcie/"><em>Wolność pisana po Jałcie</em></a> Stefana Chwina, która odbędzie się 20 czerwca 2022 roku o godzinie 18:00 w Bibliotece Ratuszowej (ul. Gościnna 1, Gdańsk-Orunia). Spotkanie z autorem poprowadzi Michał Nogaś. Eseje profesora, a zarazem cenionego powieściopisarza, krytyka literackiego, historyka literatury związanego z Gdańskiem, wydane wspólnie przez Wydawnictwo Uniwersytetu Gdańskiego i <a href="https://www.wbpg.org.pl/">Wojewódzką i Miejską Bibliotekę Publiczną w Gdańsku im. Josepha Conrada Korzeniowskiego</a> to trzecia pozycja z Serii Prozatorskiej. Więcej informacji na temat wydarzenia można przeczytać <a href="https://wydawnictwo.ug.edu.pl/aktualnosci/premiera-ksiazki-stefana-chwina-wolnosc-pisana-po-jalcie-w-bibliotece-ratuszowej/">tutaj</a>.</p>

<p>Zapraszamy na promocję książki Wolność pisana po Jałcie Stefana Chwina, która odbędzie się 20 czerwca 2022 roku o godzinie 18:00 w Bibliotece Ratuszowej (ul. Gościnna 1, Gdańsk-Orunia). Spotkanie z autorem poprowadzi Michał Nogaś. Eseje profesora, a zarazem cenionego powieściopisarza, krytyka literackiego, historyka literatury związanego z Gdańskiem, wydane wspólnie przez Wydawnictwo Uniwersytetu Gdańskiego i Wojewódzką i Miejską Bibliotekę [&hellip;]</p>
