{"id":19116,"date":"2025-04-16T16:45:49","date_gmt":"2025-04-16T16:45:49","guid":{"rendered":"https:\/\/wydawnictwo.ug.edu.pl\/events\/spotkanie-autorskie-z-prof-jerzym-zajadlo-podczas-lata-z-foka-w-helu\/"},"modified":"2025-07-29T12:55:44","modified_gmt":"2025-07-29T12:55:44","slug":"spotkanie-autorskie-z-prof-jerzym-zajadlo-podczas-lata-z-foka-w-helu-2","status":"publish","type":"events","link":"https:\/\/wydawnictwo.ug.edu.pl\/en\/events\/spotkanie-autorskie-z-prof-jerzym-zajadlo-podczas-lata-z-foka-w-helu-2\/","title":{"rendered":"Spotkanie z prof. Jerzym Zajad\u0142o podczas Lata z fok\u0105 w Helu"},"content":{"rendered":"<p>Wspominamy Lato z fok\u0105 w Helu. W cyklu filmowym przypomnimy rozmowy z autorami, kt\u00f3re odby\u0142y si\u0119 podczas drugiej edycji Lata z fok\u0105 w Helu. Wkr\u00f3tce uka\u017ce si\u0119 film ze spotkania autorskiego z prof. Jerzym Zajad\u0142o.<\/p>\n","protected":false},"excerpt":{"rendered":"<p>Wspominamy Lato z fok\u0105 w Helu. W cyklu filmowym przypomnimy rozmowy z autorami, kt\u00f3re odby\u0142y si\u0119 podczas drugiej edycji Lata z fok\u0105 w Helu. Wkr\u00f3tce uka\u017ce si\u0119 film ze spotkania autorskiego z prof. Jerzym Zajad\u0142o.<\/p>\n","protected":false},"featured_media":42597,"parent":0,"menu_order":120,"template":"","format":"standard","meta":{"_acf_changed":false},"event_cat":[],"class_list":["post-19116","events","type-events","status-publish","format-standard","has-post-thumbnail","hentry"],"acf":[],"_links":{"self":[{"href":"https:\/\/wydawnictwo.ug.edu.pl\/en\/wp-json\/wp\/v2\/events\/19116","targetHints":{"allow":["GET"]}}],"collection":[{"href":"https:\/\/wydawnictwo.ug.edu.pl\/en\/wp-json\/wp\/v2\/events"}],"about":[{"href":"https:\/\/wydawnictwo.ug.edu.pl\/en\/wp-json\/wp\/v2\/types\/events"}],"wp:featuredmedia":[{"embeddable":true,"href":"https:\/\/wydawnictwo.ug.edu.pl\/en\/wp-json\/wp\/v2\/media\/42597"}],"wp:attachment":[{"href":"https:\/\/wydawnictwo.ug.edu.pl\/en\/wp-json\/wp\/v2\/media?parent=19116"}],"wp:term":[{"taxonomy":"event_cat","embeddable":true,"href":"https:\/\/wydawnictwo.ug.edu.pl\/en\/wp-json\/wp\/v2\/event_cat?post=19116"}],"curies":[{"name":"wp","href":"https:\/\/api.w.org\/{rel}","templated":true}]}}

Spotkanie z prof. Jerzym Zajadło podczas Lata z foką w Helu

<p>Wspominamy Lato z foką w Helu. W cyklu filmowym przypomnimy rozmowy z autorami, które odbyły się podczas drugiej edycji Lata z foką w Helu. Wkrótce ukaże się film ze spotkania autorskiego z prof. Jerzym Zajadło.</p>
