{"id":19114,"date":"2025-04-16T16:45:49","date_gmt":"2025-04-16T16:45:49","guid":{"rendered":"https:\/\/wydawnictwo.ug.edu.pl\/events\/pierwsze-spotkanie-nowego-kolegium-redakcyjnego\/"},"modified":"2025-07-29T12:56:45","modified_gmt":"2025-07-29T12:56:45","slug":"pierwsze-spotkanie-nowego-kolegium-redakcyjnego","status":"publish","type":"events","link":"https:\/\/wydawnictwo.ug.edu.pl\/en\/events\/pierwsze-spotkanie-nowego-kolegium-redakcyjnego\/","title":{"rendered":"Pierwsze spotkanie nowego Kolegium Redakcyjnego"},"content":{"rendered":"<p>6 wrze\u015bnia 2021 odby\u0142o si\u0119 pierwsze spotkanie nowego Kolegium Redakcyjnego Wydawnictwa UG, w kt\u00f3rego sk\u0142ad wchodz\u0105: prof. Pawe\u0142 Antonowicz, prof. Beata Mo\u017cejko, prof. Tomasz Swoboda i prof. Kamil Zeidler. Na spotkaniu zorganizowanym przez dyrektor Wydawnictwa Joann\u0119 Kamie\u0144 obecny by\u0142 te\u017c prorektor ds. bada\u0144 naukowych prof. Wies\u0142aw Laskowski.<\/p>\n","protected":false},"excerpt":{"rendered":"<p>6 wrze\u015bnia 2021 odby\u0142o si\u0119 pierwsze spotkanie nowego Kolegium Redakcyjnego Wydawnictwa UG, w kt\u00f3rego sk\u0142ad wchodz\u0105: prof. Pawe\u0142 Antonowicz, prof. Beata Mo\u017cejko, prof. Tomasz Swoboda i prof. Kamil Zeidler. Na spotkaniu zorganizowanym przez dyrektor Wydawnictwa Joann\u0119 Kamie\u0144 obecny by\u0142 te\u017c prorektor ds. bada\u0144 naukowych prof. Wies\u0142aw Laskowski.<\/p>\n","protected":false},"featured_media":42665,"parent":0,"menu_order":115,"template":"","format":"standard","meta":{"_acf_changed":false},"event_cat":[],"class_list":["post-19114","events","type-events","status-publish","format-standard","has-post-thumbnail","hentry"],"acf":[],"_links":{"self":[{"href":"https:\/\/wydawnictwo.ug.edu.pl\/en\/wp-json\/wp\/v2\/events\/19114","targetHints":{"allow":["GET"]}}],"collection":[{"href":"https:\/\/wydawnictwo.ug.edu.pl\/en\/wp-json\/wp\/v2\/events"}],"about":[{"href":"https:\/\/wydawnictwo.ug.edu.pl\/en\/wp-json\/wp\/v2\/types\/events"}],"wp:featuredmedia":[{"embeddable":true,"href":"https:\/\/wydawnictwo.ug.edu.pl\/en\/wp-json\/wp\/v2\/media\/42665"}],"wp:attachment":[{"href":"https:\/\/wydawnictwo.ug.edu.pl\/en\/wp-json\/wp\/v2\/media?parent=19114"}],"wp:term":[{"taxonomy":"event_cat","embeddable":true,"href":"https:\/\/wydawnictwo.ug.edu.pl\/en\/wp-json\/wp\/v2\/event_cat?post=19114"}],"curies":[{"name":"wp","href":"https:\/\/api.w.org\/{rel}","templated":true}]}}

<p>6 września 2021 odbyło się pierwsze spotkanie nowego Kolegium Redakcyjnego Wydawnictwa UG, w którego skład wchodzą: prof. Paweł Antonowicz, prof. Beata Możejko, prof. Tomasz Swoboda i prof. Kamil Zeidler. Na spotkaniu zorganizowanym przez dyrektor Wydawnictwa Joannę Kamień obecny był też prorektor ds. badań naukowych prof. Wiesław Laskowski.</p>
