{"id":19112,"date":"2025-04-16T16:45:49","date_gmt":"2025-04-16T16:45:49","guid":{"rendered":"https:\/\/wydawnictwo.ug.edu.pl\/?post_type=events&#038;p=19112"},"modified":"2025-07-29T12:56:53","modified_gmt":"2025-07-29T12:56:53","slug":"flagi-na-maszt-2","status":"publish","type":"events","link":"https:\/\/wydawnictwo.ug.edu.pl\/en\/events\/flagi-na-maszt-2\/","title":{"rendered":"Flagi na maszt!"},"content":{"rendered":"<p>Na UG ko\u0144czymy przygotowania do wystawy Wajda. Cz\u0142owiek z Gda\u0144ska. Przed Bibliotek\u0105 UG zawis\u0142y flagi zwi\u0105zane z wystaw\u0105, a my spakowali\u015bmy dopiero co wydane katalogi wystawy.<\/p>\n","protected":false},"excerpt":{"rendered":"<p>Na UG ko\u0144czymy przygotowania do wystawy Wajda. Cz\u0142owiek z Gda\u0144ska. Przed Bibliotek\u0105 UG zawis\u0142y flagi zwi\u0105zane z wystaw\u0105, a my spakowali\u015bmy dopiero co wydane katalogi wystawy.<\/p>\n","protected":false},"featured_media":42665,"parent":0,"menu_order":116,"template":"","format":"standard","meta":{"_acf_changed":false},"event_cat":[],"class_list":["post-19112","events","type-events","status-publish","format-standard","has-post-thumbnail","hentry"],"acf":[],"_links":{"self":[{"href":"https:\/\/wydawnictwo.ug.edu.pl\/en\/wp-json\/wp\/v2\/events\/19112","targetHints":{"allow":["GET"]}}],"collection":[{"href":"https:\/\/wydawnictwo.ug.edu.pl\/en\/wp-json\/wp\/v2\/events"}],"about":[{"href":"https:\/\/wydawnictwo.ug.edu.pl\/en\/wp-json\/wp\/v2\/types\/events"}],"wp:featuredmedia":[{"embeddable":true,"href":"https:\/\/wydawnictwo.ug.edu.pl\/en\/wp-json\/wp\/v2\/media\/42665"}],"wp:attachment":[{"href":"https:\/\/wydawnictwo.ug.edu.pl\/en\/wp-json\/wp\/v2\/media?parent=19112"}],"wp:term":[{"taxonomy":"event_cat","embeddable":true,"href":"https:\/\/wydawnictwo.ug.edu.pl\/en\/wp-json\/wp\/v2\/event_cat?post=19112"}],"curies":[{"name":"wp","href":"https:\/\/api.w.org\/{rel}","templated":true}]}}

<p>Na UG kończymy przygotowania do wystawy Wajda. Człowiek z Gdańska. Przed Biblioteką UG zawisły flagi związane z wystawą, a my spakowaliśmy dopiero co wydane katalogi wystawy.</p>
