{"id":19102,"date":"2025-04-16T16:45:53","date_gmt":"2025-04-16T16:45:53","guid":{"rendered":"https:\/\/wydawnictwo.ug.edu.pl\/events\/uroczystosc-wreczenia-nagrody-przegladu-wschodniego\/"},"modified":"2025-07-29T12:52:33","modified_gmt":"2025-07-29T12:52:33","slug":"uroczystosc-wreczenia-nagrody-przegladu-wschodniego-2","status":"publish","type":"events","link":"https:\/\/wydawnictwo.ug.edu.pl\/en\/events\/uroczystosc-wreczenia-nagrody-przegladu-wschodniego-2\/","title":{"rendered":"Uroczysto\u015b\u0107 wr\u0119czenia Nagrody Przegl\u0105du Wschodniego"},"content":{"rendered":"<p>26 marca na Uniwersytecie Warszawskim odb\u0119dzie si\u0119 uroczysto\u015b\u0107 wr\u0119czenia Nagrody Przegl\u0105du Wschodniego im. Aleksandra Gieysztora. Ksi\u0105\u017cka <em><a href=\"https:\/\/wydawnictwo.ug.edu.pl\/produkt\/wydzial-humanistyczny-uniwersytetu-stefana-batorego-w-wilnie-1919-1939\/\">Wydzia\u0142 Humanistyczny Uniwersytetu Stefana Batorego w Wilnie 1919-1939<\/a><\/em> Zbigniewa Opackiego zosta\u0142a wyr\u00f3\u017cniona przez jury konkursu w kategorii<span id=\"Laureaci_Nagrody_Przegl\u0105du_Wschodniego_im._Aleksandra_Gieysztora\" class=\"mw-headline\"> Nagroda Krajowa.<\/span><\/p>\n","protected":false},"excerpt":{"rendered":"<p>26 marca na Uniwersytecie Warszawskim odb\u0119dzie si\u0119 uroczysto\u015b\u0107 wr\u0119czenia Nagrody Przegl\u0105du Wschodniego im. Aleksandra Gieysztora. Ksi\u0105\u017cka Wydzia\u0142 Humanistyczny Uniwersytetu Stefana Batorego w Wilnie 1919-1939 Zbigniewa Opackiego zosta\u0142a wyr\u00f3\u017cniona przez jury konkursu w kategorii Nagroda Krajowa.<\/p>\n","protected":false},"featured_media":42623,"parent":0,"menu_order":64,"template":"","format":"standard","meta":{"_acf_changed":false},"event_cat":[],"class_list":["post-19102","events","type-events","status-publish","format-standard","has-post-thumbnail","hentry"],"acf":[],"_links":{"self":[{"href":"https:\/\/wydawnictwo.ug.edu.pl\/en\/wp-json\/wp\/v2\/events\/19102","targetHints":{"allow":["GET"]}}],"collection":[{"href":"https:\/\/wydawnictwo.ug.edu.pl\/en\/wp-json\/wp\/v2\/events"}],"about":[{"href":"https:\/\/wydawnictwo.ug.edu.pl\/en\/wp-json\/wp\/v2\/types\/events"}],"wp:featuredmedia":[{"embeddable":true,"href":"https:\/\/wydawnictwo.ug.edu.pl\/en\/wp-json\/wp\/v2\/media\/42623"}],"wp:attachment":[{"href":"https:\/\/wydawnictwo.ug.edu.pl\/en\/wp-json\/wp\/v2\/media?parent=19102"}],"wp:term":[{"taxonomy":"event_cat","embeddable":true,"href":"https:\/\/wydawnictwo.ug.edu.pl\/en\/wp-json\/wp\/v2\/event_cat?post=19102"}],"curies":[{"name":"wp","href":"https:\/\/api.w.org\/{rel}","templated":true}]}}

Uroczystość wręczenia Nagrody Przeglądu Wschodniego

<p>26 marca na Uniwersytecie Warszawskim odbędzie się uroczystość wręczenia Nagrody Przeglądu Wschodniego im. Aleksandra Gieysztora. Książka <em><a href="https://wydawnictwo.ug.edu.pl/produkt/wydzial-humanistyczny-uniwersytetu-stefana-batorego-w-wilnie-1919-1939/">Wydział Humanistyczny Uniwersytetu Stefana Batorego w Wilnie 1919-1939</a></em> Zbigniewa Opackiego została wyróżniona przez jury konkursu w kategorii<span id="Laureaci_Nagrody_Przeglądu_Wschodniego_im._Aleksandra_Gieysztora" class="mw-headline"> Nagroda Krajowa.</span></p>

<p>26 marca na Uniwersytecie Warszawskim odbędzie się uroczystość wręczenia Nagrody Przeglądu Wschodniego im. Aleksandra Gieysztora. Książka Wydział Humanistyczny Uniwersytetu Stefana Batorego w Wilnie 1919-1939 Zbigniewa Opackiego została wyróżniona przez jury konkursu w kategorii Nagroda Krajowa.</p>
