{"id":12044,"date":"2025-04-16T16:45:51","date_gmt":"2025-04-16T16:45:51","guid":{"rendered":"https:\/\/wydawnictwo.ug.edu.pl\/?post_type=events&#038;p=12044"},"modified":"2025-04-16T16:47:13","modified_gmt":"2025-04-16T16:47:13","slug":"gala-fundacji-lex-humana","status":"publish","type":"events","link":"https:\/\/wydawnictwo.ug.edu.pl\/en\/events\/gala-fundacji-lex-humana\/","title":{"rendered":"Gala Fundacji Lex Humana"},"content":{"rendered":"<p>W dniu 18 listopada w Damnickim Pa\u0142acu odb\u0119dzie si\u0119 uroczysta Gala i og\u0142oszenie wynik\u00f3w konkursu organizowanego przez fundacj\u0119 Lex Humana. \u201eOcali\u0107 znaczenia wczoraj, uratowa\u0107 dzisiaj\u201d to konkurs na najlepsz\u0105 ksi\u0105\u017ck\u0119 o charakterze literackim, historycznym, reporterskim, publicystycznym lub naukowym, prezentuj\u0105c\u0105 problematyk\u0119 walki o w\u0142asn\u0105 to\u017csamo\u015b\u0107 na tle polskiej tradycji historycznoliterackiej.<\/p>\n<p>W\u015br\u00f3d nominowanych do nagrody znalaz\u0142a si\u0119 ksi\u0105\u017cka <a href=\"https:\/\/wydawnictwo.ug.edu.pl\/produkt\/general-tomasz-hrabia-lubienski-1784-1870-zolnierz-i-przedsiebiorca\/\"><em>Genera\u0142 hrabia \u0141ubie\u0144ski (1784-1870) \u017co\u0142nierz i przedsi\u0119biorca<\/em><\/a> dr. Micha\u0142a Prykaszczyka (<span class=\"nc684nl6\">Wydzia\u0142 Historyczny Uniwersytetu Gda\u0144skiego<\/span>).<\/p>\n","protected":false},"excerpt":{"rendered":"<p>W dniu 18 listopada w Damnickim Pa\u0142acu odb\u0119dzie si\u0119 uroczysta Gala i og\u0142oszenie wynik\u00f3w konkursu organizowanego przez fundacj\u0119 Lex Humana. \u201eOcali\u0107 znaczenia wczoraj, uratowa\u0107 dzisiaj\u201d to konkurs na najlepsz\u0105 ksi\u0105\u017ck\u0119 o charakterze literackim, historycznym, reporterskim, publicystycznym lub naukowym, prezentuj\u0105c\u0105 problematyk\u0119 walki o w\u0142asn\u0105 to\u017csamo\u015b\u0107 na tle polskiej tradycji historycznoliterackiej. W\u015br\u00f3d nominowanych do nagrody znalaz\u0142a si\u0119 [&hellip;]<\/p>\n","protected":false},"featured_media":12045,"parent":0,"menu_order":97,"template":"","format":"standard","meta":{"_acf_changed":false},"event_cat":[],"class_list":["post-12044","events","type-events","status-publish","format-standard","has-post-thumbnail","hentry"],"acf":[],"_links":{"self":[{"href":"https:\/\/wydawnictwo.ug.edu.pl\/en\/wp-json\/wp\/v2\/events\/12044","targetHints":{"allow":["GET"]}}],"collection":[{"href":"https:\/\/wydawnictwo.ug.edu.pl\/en\/wp-json\/wp\/v2\/events"}],"about":[{"href":"https:\/\/wydawnictwo.ug.edu.pl\/en\/wp-json\/wp\/v2\/types\/events"}],"wp:featuredmedia":[{"embeddable":true,"href":"https:\/\/wydawnictwo.ug.edu.pl\/en\/wp-json\/wp\/v2\/media\/12045"}],"wp:attachment":[{"href":"https:\/\/wydawnictwo.ug.edu.pl\/en\/wp-json\/wp\/v2\/media?parent=12044"}],"wp:term":[{"taxonomy":"event_cat","embeddable":true,"href":"https:\/\/wydawnictwo.ug.edu.pl\/en\/wp-json\/wp\/v2\/event_cat?post=12044"}],"curies":[{"name":"wp","href":"https:\/\/api.w.org\/{rel}","templated":true}]}}

<p>W dniu 18 listopada w Damnickim Pałacu odbędzie się uroczysta Gala i ogłoszenie wyników konkursu organizowanego przez fundację Lex Humana. „Ocalić znaczenia wczoraj, uratować dzisiaj” to konkurs na najlepszą książkę o charakterze literackim, historycznym, reporterskim, publicystycznym lub naukowym, prezentującą problematykę walki o własną tożsamość na tle polskiej tradycji historycznoliterackiej.</p>
<p>Wśród nominowanych do nagrody znalazła się książka <a href="https://wydawnictwo.ug.edu.pl/produkt/general-tomasz-hrabia-lubienski-1784-1870-zolnierz-i-przedsiebiorca/"><em>Generał hrabia Łubieński (1784-1870) żołnierz i przedsiębiorca</em></a> dr. Michała Prykaszczyka (<span class="nc684nl6">Wydział Historyczny Uniwersytetu Gdańskiego</span>).</p>

<p>W dniu 18 listopada w Damnickim Pałacu odbędzie się uroczysta Gala i ogłoszenie wyników konkursu organizowanego przez fundację Lex Humana. „Ocalić znaczenia wczoraj, uratować dzisiaj” to konkurs na najlepszą książkę o charakterze literackim, historycznym, reporterskim, publicystycznym lub naukowym, prezentującą problematykę walki o własną tożsamość na tle polskiej tradycji historycznoliterackiej. Wśród nominowanych do nagrody znalazła się [&hellip;]</p>
