{"id":12040,"date":"2025-04-16T16:45:51","date_gmt":"2025-04-16T16:45:51","guid":{"rendered":"https:\/\/wydawnictwo.ug.edu.pl\/?post_type=events&#038;p=12040"},"modified":"2025-07-29T12:56:28","modified_gmt":"2025-07-29T12:56:28","slug":"wydawnictwo-ug-na-gdanskich-targach-ksiazki-2","status":"publish","type":"events","link":"https:\/\/wydawnictwo.ug.edu.pl\/en\/events\/wydawnictwo-ug-na-gdanskich-targach-ksiazki-2\/","title":{"rendered":"Wydawnictwo UG na Gda\u0144skich Targach Ksi\u0105\u017cki"},"content":{"rendered":"<p>W dniach 19-21 listopada w Amber EXPO zapraszamy na najwi\u0119ksze \u015bwi\u0119to ksi\u0105\u017cek i czytelnictwa na Pomorzu &#8211; <a href=\"https:\/\/www.gdanskietargiksiazki.pl\/\">Gda\u0144skie Targi Ksi\u0105\u017cki<\/a>. Podczas targ\u00f3w b\u0119dzie mo\u017cna zakupi\u0107 wydane przez nas publikacje, wzi\u0105\u0107 udzia\u0142 w warsztatach, a tak\u017ce spotka\u0107 si\u0119 z autorami: m.in. Zbigniewem Rokit\u0105 czy Jakubem \u017bulczykiem.<\/p>\n","protected":false},"excerpt":{"rendered":"<p>W dniach 19-21 listopada w Amber EXPO zapraszamy na najwi\u0119ksze \u015bwi\u0119to ksi\u0105\u017cek i czytelnictwa na Pomorzu &#8211; Gda\u0144skie Targi Ksi\u0105\u017cki. Podczas targ\u00f3w b\u0119dzie mo\u017cna zakupi\u0107 wydane przez nas publikacje, wzi\u0105\u0107 udzia\u0142 w warsztatach, a tak\u017ce spotka\u0107 si\u0119 z autorami: m.in. Zbigniewem Rokit\u0105 czy Jakubem \u017bulczykiem.<\/p>\n","protected":false},"featured_media":42637,"parent":0,"menu_order":96,"template":"","format":"standard","meta":{"_acf_changed":false},"event_cat":[],"class_list":["post-12040","events","type-events","status-publish","format-standard","has-post-thumbnail","hentry"],"acf":[],"_links":{"self":[{"href":"https:\/\/wydawnictwo.ug.edu.pl\/en\/wp-json\/wp\/v2\/events\/12040","targetHints":{"allow":["GET"]}}],"collection":[{"href":"https:\/\/wydawnictwo.ug.edu.pl\/en\/wp-json\/wp\/v2\/events"}],"about":[{"href":"https:\/\/wydawnictwo.ug.edu.pl\/en\/wp-json\/wp\/v2\/types\/events"}],"wp:featuredmedia":[{"embeddable":true,"href":"https:\/\/wydawnictwo.ug.edu.pl\/en\/wp-json\/wp\/v2\/media\/42637"}],"wp:attachment":[{"href":"https:\/\/wydawnictwo.ug.edu.pl\/en\/wp-json\/wp\/v2\/media?parent=12040"}],"wp:term":[{"taxonomy":"event_cat","embeddable":true,"href":"https:\/\/wydawnictwo.ug.edu.pl\/en\/wp-json\/wp\/v2\/event_cat?post=12040"}],"curies":[{"name":"wp","href":"https:\/\/api.w.org\/{rel}","templated":true}]}}

Wydawnictwo UG na Gdańskich Targach Książki

<p>W dniach 19-21 listopada w Amber EXPO zapraszamy na największe święto książek i czytelnictwa na Pomorzu &#8211; <a href="https://www.gdanskietargiksiazki.pl/">Gdańskie Targi Książki</a>. Podczas targów będzie można zakupić wydane przez nas publikacje, wziąć udział w warsztatach, a także spotkać się z autorami: m.in. Zbigniewem Rokitą czy Jakubem Żulczykiem.</p>

<p>W dniach 19-21 listopada w Amber EXPO zapraszamy na największe święto książek i czytelnictwa na Pomorzu &#8211; Gdańskie Targi Książki. Podczas targów będzie można zakupić wydane przez nas publikacje, wziąć udział w warsztatach, a także spotkać się z autorami: m.in. Zbigniewem Rokitą czy Jakubem Żulczykiem.</p>
