{"id":10815,"date":"2025-04-16T16:45:50","date_gmt":"2025-04-16T16:45:50","guid":{"rendered":"https:\/\/wydawnictwo.ug.edu.pl\/?post_type=events&#038;p=10815"},"modified":"2025-04-16T16:47:13","modified_gmt":"2025-04-16T16:47:13","slug":"wajda-czlowiek-z-gdanska-wystawa-rysunkow-akwarel-i-plakatow-andrzeja-wajdy-2","status":"publish","type":"events","link":"https:\/\/wydawnictwo.ug.edu.pl\/en\/events\/wajda-czlowiek-z-gdanska-wystawa-rysunkow-akwarel-i-plakatow-andrzeja-wajdy-2\/","title":{"rendered":"Wajda. Cz\u0142owiek z Gda\u0144ska. Wystawa rysunk\u00f3w, akwarel i plakat\u00f3w Andrzeja Wajdy"},"content":{"rendered":"<p>Od 5 pa\u017adziernika w Bibliotece G\u0142\u00f3wnej Uniwersytetu Gda\u0144skiego otwarta jest wystawa akwarel, rysunk\u00f3w Andrzeja Wajdy oraz plakat\u00f3w do jego film\u00f3w &#8211; \u201eWajda. Cz\u0142owiek z Gda\u0144ska\u201d. Zbiory udost\u0119pnione przez Muzeum Sztuki i Techniki Japo\u0144skiej Manggha, znajduj\u0105 si\u0119 w Sali wystawowej na parterze Biblioteki, na I pi\u0119trze Biblioteki oraz w przestrzeni otwartej czytelni. Wystawa b\u0119dzie czynna do 30 stycznia 2022 roku.<\/p>\n<p><strong>Godziny otwarcia wystawy:<\/strong><\/p>\n<p>wtorek-pi\u0105tek <strong>12.00-17.00<\/strong><\/p>\n<p>sobota <strong>10.00-15.00<\/strong>.<\/p>\n<p>W poniedzia\u0142ki i niedziele wystawa nieczynna.<\/p>\n<p>&nbsp;<\/p>\n<p><a href=\"https:\/\/wydawnictwo.ug.edu.pl\/wp-content\/uploads\/2021\/10\/Regulamin-Wystawy-Wajda.-Czlowiek-z-Gdan\u0301ska1.docx\">Regulamin Wystawy Wajda. Cz\u0142owiek z Gdan\u0301ska<\/a>.<\/p>\n","protected":false},"excerpt":{"rendered":"<p>Od 5 pa\u017adziernika w Bibliotece G\u0142\u00f3wnej Uniwersytetu Gda\u0144skiego otwarta jest wystawa akwarel, rysunk\u00f3w Andrzeja Wajdy oraz plakat\u00f3w do jego film\u00f3w &#8211; \u201eWajda. Cz\u0142owiek z Gda\u0144ska\u201d. Zbiory udost\u0119pnione przez Muzeum Sztuki i Techniki Japo\u0144skiej Manggha, znajduj\u0105 si\u0119 w Sali wystawowej na parterze Biblioteki, na I pi\u0119trze Biblioteki oraz w przestrzeni otwartej czytelni. Wystawa b\u0119dzie czynna do [&hellip;]<\/p>\n","protected":false},"featured_media":10723,"parent":0,"menu_order":106,"template":"","format":"standard","meta":{"_acf_changed":false},"event_cat":[],"class_list":["post-10815","events","type-events","status-publish","format-standard","has-post-thumbnail","hentry"],"acf":[],"_links":{"self":[{"href":"https:\/\/wydawnictwo.ug.edu.pl\/en\/wp-json\/wp\/v2\/events\/10815","targetHints":{"allow":["GET"]}}],"collection":[{"href":"https:\/\/wydawnictwo.ug.edu.pl\/en\/wp-json\/wp\/v2\/events"}],"about":[{"href":"https:\/\/wydawnictwo.ug.edu.pl\/en\/wp-json\/wp\/v2\/types\/events"}],"wp:featuredmedia":[{"embeddable":true,"href":"https:\/\/wydawnictwo.ug.edu.pl\/en\/wp-json\/wp\/v2\/media\/10723"}],"wp:attachment":[{"href":"https:\/\/wydawnictwo.ug.edu.pl\/en\/wp-json\/wp\/v2\/media?parent=10815"}],"wp:term":[{"taxonomy":"event_cat","embeddable":true,"href":"https:\/\/wydawnictwo.ug.edu.pl\/en\/wp-json\/wp\/v2\/event_cat?post=10815"}],"curies":[{"name":"wp","href":"https:\/\/api.w.org\/{rel}","templated":true}]}}

Wajda. Człowiek z Gdańska. Wystawa rysunków, akwarel i plakatów Andrzeja Wajdy

<p>Od 5 października w Bibliotece Głównej Uniwersytetu Gdańskiego otwarta jest wystawa akwarel, rysunków Andrzeja Wajdy oraz plakatów do jego filmów &#8211; „Wajda. Człowiek z Gdańska”. Zbiory udostępnione przez Muzeum Sztuki i Techniki Japońskiej Manggha, znajdują się w Sali wystawowej na parterze Biblioteki, na I piętrze Biblioteki oraz w przestrzeni otwartej czytelni. Wystawa będzie czynna do 30 stycznia 2022 roku.</p>
<p><strong>Godziny otwarcia wystawy:</strong></p>
<p>wtorek-piątek <strong>12.00-17.00</strong></p>
<p>sobota <strong>10.00-15.00</strong>.</p>
<p>W poniedziałki i niedziele wystawa nieczynna.</p>
<p>&nbsp;</p>
<p><a href="https://wydawnictwo.ug.edu.pl/wp-content/uploads/2021/10/Regulamin-Wystawy-Wajda.-Czlowiek-z-Gdańska1.docx">Regulamin Wystawy Wajda. Człowiek z Gdańska</a>.</p>

<p>Od 5 października w Bibliotece Głównej Uniwersytetu Gdańskiego otwarta jest wystawa akwarel, rysunków Andrzeja Wajdy oraz plakatów do jego filmów &#8211; „Wajda. Człowiek z Gdańska”. Zbiory udostępnione przez Muzeum Sztuki i Techniki Japońskiej Manggha, znajdują się w Sali wystawowej na parterze Biblioteki, na I piętrze Biblioteki oraz w przestrzeni otwartej czytelni. Wystawa będzie czynna do [&hellip;]</p>
