{"version":"1.0","provider_name":"Wydawnictwo Uniwersytetu Gda\u0144skiego","provider_url":"https:\/\/wydawnictwo.ug.edu.pl\/en\/","author_name":"whbz","author_url":"https:\/\/wydawnictwo.ug.edu.pl\/en\/author\/whbz\/","title":"Miasto i wie\u015b na przestrzeni dziej\u00f3w - Wydawnictwo Uniwersytetu Gda\u0144skiego","type":"rich","width":600,"height":338,"html":"<blockquote class=\"wp-embedded-content\" data-secret=\"4vwxfXeCmZ\"><a href=\"https:\/\/wydawnictwo.ug.edu.pl\/en\/ksiegarnia-online\/historia\/miasto-i-wies-na-przestrzeni-dziejow\/\">Miasto i wie\u015b na przestrzeni dziej\u00f3w<\/a><\/blockquote><iframe sandbox=\"allow-scripts\" security=\"restricted\" src=\"https:\/\/wydawnictwo.ug.edu.pl\/en\/ksiegarnia-online\/historia\/miasto-i-wies-na-przestrzeni-dziejow\/embed\/#?secret=4vwxfXeCmZ\" width=\"600\" height=\"338\" title=\"&#8220;Miasto i wie\u015b na przestrzeni dziej\u00f3w&#8221; &#8212; Wydawnictwo Uniwersytetu Gda\u0144skiego\" data-secret=\"4vwxfXeCmZ\" frameborder=\"0\" marginwidth=\"0\" marginheight=\"0\" scrolling=\"no\" class=\"wp-embedded-content\"><\/iframe><script>\n\/*! This file is auto-generated *\/\n!function(d,l){\"use strict\";l.querySelector&&d.addEventListener&&\"undefined\"!=typeof URL&&(d.wp=d.wp||{},d.wp.receiveEmbedMessage||(d.wp.receiveEmbedMessage=function(e){var t=e.data;if((t||t.secret||t.message||t.value)&&!\/[^a-zA-Z0-9]\/.test(t.secret)){for(var s,r,n,a=l.querySelectorAll('iframe[data-secret=\"'+t.secret+'\"]'),o=l.querySelectorAll('blockquote[data-secret=\"'+t.secret+'\"]'),c=new RegExp(\"^https?:$\",\"i\"),i=0;i<o.length;i++)o[i].style.display=\"none\";for(i=0;i<a.length;i++)s=a[i],e.source===s.contentWindow&&(s.removeAttribute(\"style\"),\"height\"===t.message?(1e3<(r=parseInt(t.value,10))?r=1e3:~~r<200&&(r=200),s.height=r):\"link\"===t.message&&(r=new URL(s.getAttribute(\"src\")),n=new URL(t.value),c.test(n.protocol))&&n.host===r.host&&l.activeElement===s&&(d.top.location.href=t.value))}},d.addEventListener(\"message\",d.wp.receiveEmbedMessage,!1),l.addEventListener(\"DOMContentLoaded\",function(){for(var e,t,s=l.querySelectorAll(\"iframe.wp-embedded-content\"),r=0;r<s.length;r++)(t=(e=s[r]).getAttribute(\"data-secret\"))||(t=Math.random().toString(36).substring(2,12),e.src+=\"#?secret=\"+t,e.setAttribute(\"data-secret\",t)),e.contentWindow.postMessage({message:\"ready\",secret:t},\"*\")},!1)))}(window,document);\n\/\/# sourceURL=https:\/\/wydawnictwo.ug.edu.pl\/wp-includes\/js\/wp-embed.min.js\n<\/script>\n","thumbnail_url":"https:\/\/wydawnictwo.ug.edu.pl\/wp-content\/uploads\/2022\/05\/wydawnictwo_mockup_dociety.jpg","thumbnail_width":978,"thumbnail_height":936,"description":"Publikacja, b\u0119d\u0105ca pok\u0142osiem konferencji naukowej \u201eMiasto i wie\u015b na przestrzeni dziej\u00f3w. Kultura \u2013 spo\u0142ecze\u0144stwo \u2013 gospodarka\u201d (19\u201320 lutego 2021 r.), stanowi efekt pracy i bada\u0144 m\u0142odych historyk\u00f3w (doktor\u00f3w, doktorant\u00f3w, student\u00f3w) stawiaj\u0105cych niekiedy pierwsze kroki na polu dzia\u0142alno\u015bci naukowej. W niczym nie umniejsza to jednak warto\u015bci merytorycznej ksi\u0105\u017cki \u2013 teksty zosta\u0142y przygotowane starannie zar\u00f3wno pod wzgl\u0119dem formy, jak i tre\u015bci. Ich lektura mo\u017ce by\u0107 zatem ciekaw\u0105 przygod\u0105 intelektualn\u0105 dla wszystkich zainteresowanych tematyk\u0105 szeroko pojmowanego osadnictwa, analiz\u0105 wspomnie\u0144 i filozofi\u0105 \u017cycia w mie\u015bcie, jak i na wsi od \u015bredniowiecza do XX wieku. Mamy nadziej\u0119, \u017ce r\u00f3\u017cnorodno\u015b\u0107 badanej problematyki i do\u015b\u0107 znaczna rozpi\u0119to\u015b\u0107 chronologiczna b\u0119d\u0105 zaletami oddawanej w r\u0119ce Czytelnik\u00f3w ksi\u0105\u017cki i dzi\u0119ki temu si\u0119gnie po ni\u0105 wi\u0119cej os\u00f3b zainteresowanych ca\u0142o\u015bci\u0105 publikacji, jak r\u00f3wnie\u017c poszczeg\u00f3lnymi tekstami. \u201eRecenzowany zbi\u00f3r artyku\u0142\u00f3w wpisuje si\u0119 w szeroko rozumiane studia por\u00f3wnawcze. Jego podstawowym za\u0142o\u017ceniem jest przybli\u017cenie wielu, nieraz bardzo odleg\u0142ych tematycznie, wydawa\u0142oby si\u0119, niepowi\u0105zanych ze sob\u0105 element\u00f3w, kt\u00f3re jednak sk\u0142adaj\u0105 si\u0119 na z\u0142o\u017cony obraz dawnej przesz\u0142o\u015bci. [\u2026] Teksty zebrane w przed\u0142o\u017conym zbiorze wprowadzaj\u0105 nowe ustalenia [\u2026], a tak\u017ce s\u0105 wa\u017cnym g\u0142osem w tocz\u0105cej si\u0119 ostatnimi czasy w humanistyce polskiej dyskusji o postrzeganiu podda\u0144stwa i pa\u0144szczyzny\u201d. dr hab. Tomasz Krzemi\u0144ski, prof. UMK"}

Wydawnictwo Uniwersytetu Gdańskiego

Miasto i wieś na przestrzeni dziejów - Wydawnictwo Uniwersytetu Gdańskiego

<blockquote class="wp-embedded-content" data-secret="4vwxfXeCmZ"><a href="https://wydawnictwo.ug.edu.pl/en/ksiegarnia-online/historia/miasto-i-wies-na-przestrzeni-dziejow/">Miasto i wieś na przestrzeni dziejów</a></blockquote><iframe sandbox="allow-scripts" security="restricted" src="https://wydawnictwo.ug.edu.pl/en/ksiegarnia-online/historia/miasto-i-wies-na-przestrzeni-dziejow/embed/#?secret=4vwxfXeCmZ" width="600" height="338" title="&#8220;Miasto i wieś na przestrzeni dziejów&#8221; &#8212; Wydawnictwo Uniwersytetu Gdańskiego" data-secret="4vwxfXeCmZ" frameborder="0" marginwidth="0" marginheight="0" scrolling="no" class="wp-embedded-content"></iframe><script>
/*! This file is auto-generated */
!function(d,l){"use strict";l.querySelector&&d.addEventListener&&"undefined"!=typeof URL&&(d.wp=d.wp||{},d.wp.receiveEmbedMessage||(d.wp.receiveEmbedMessage=function(e){var t=e.data;if((t||t.secret||t.message||t.value)&&!/[^a-zA-Z0-9]/.test(t.secret)){for(var s,r,n,a=l.querySelectorAll('iframe[data-secret="'+t.secret+'"]'),o=l.querySelectorAll('blockquote[data-secret="'+t.secret+'"]'),c=new RegExp("^https?:$","i"),i=0;i<o.length;i++)o[i].style.display="none";for(i=0;i<a.length;i++)s=a[i],e.source===s.contentWindow&&(s.removeAttribute("style"),"height"===t.message?(1e3<(r=parseInt(t.value,10))?r=1e3:~~r<200&&(r=200),s.height=r):"link"===t.message&&(r=new URL(s.getAttribute("src")),n=new URL(t.value),c.test(n.protocol))&&n.host===r.host&&l.activeElement===s&&(d.top.location.href=t.value))}},d.addEventListener("message",d.wp.receiveEmbedMessage,!1),l.addEventListener("DOMContentLoaded",function(){for(var e,t,s=l.querySelectorAll("iframe.wp-embedded-content"),r=0;r<s.length;r++)(t=(e=s[r]).getAttribute("data-secret"))||(t=Math.random().toString(36).substring(2,12),e.src+="#?secret="+t,e.setAttribute("data-secret",t)),e.contentWindow.postMessage({message:"ready",secret:t},"*")},!1)))}(window,document);
//# sourceURL=https://wydawnictwo.ug.edu.pl/wp-includes/js/wp-embed.min.js
</script>

Publikacja, będąca pokłosiem konferencji naukowej „Miasto i wieś na przestrzeni dziejów. Kultura – społeczeństwo – gospodarka” (19–20 lutego 2021 r.), stanowi efekt pracy i badań młodych historyków (doktorów, doktorantów, studentów) stawiających niekiedy pierwsze kroki na polu działalności naukowej. W niczym nie umniejsza to jednak wartości merytorycznej książki – teksty zostały przygotowane starannie zarówno pod względem formy, jak i treści. Ich lektura może być zatem ciekawą przygodą intelektualną dla wszystkich zainteresowanych tematyką szeroko pojmowanego osadnictwa, analizą wspomnień i filozofią życia w mieście, jak i na wsi od średniowiecza do XX wieku. Mamy nadzieję, że różnorodność badanej problematyki i dość znaczna rozpiętość chronologiczna będą zaletami oddawanej w ręce Czytelników książki i dzięki temu sięgnie po nią więcej osób zainteresowanych całością publikacji, jak również poszczególnymi tekstami. „Recenzowany zbiór artykułów wpisuje się w szeroko rozumiane studia porównawcze. Jego podstawowym założeniem jest przybliżenie wielu, nieraz bardzo odległych tematycznie, wydawałoby się, niepowiązanych ze sobą elementów, które jednak składają się na złożony obraz dawnej przeszłości. […] Teksty zebrane w przedłożonym zbiorze wprowadzają nowe ustalenia […], a także są ważnym głosem w toczącej się ostatnimi czasy w humanistyce polskiej dyskusji o postrzeganiu poddaństwa i pańszczyzny”. dr hab. Tomasz Krzemiński, prof. UMK
