{"version":"1.0","provider_name":"Wydawnictwo Uniwersytetu Gda\u0144skiego","provider_url":"https:\/\/wydawnictwo.ug.edu.pl\/en\/","author_name":"Filip D\u0105browski","author_url":"https:\/\/wydawnictwo.ug.edu.pl\/en\/author\/filipd\/","title":"Bo\u017cena Porzy\u0144ska \u2013 na pi\u0119ciolinii \u017cycia - Wydawnictwo Uniwersytetu Gda\u0144skiego","type":"rich","width":600,"height":338,"html":"<blockquote class=\"wp-embedded-content\" data-secret=\"OTYWuioNnR\"><a href=\"https:\/\/wydawnictwo.ug.edu.pl\/en\/ksiegarnia-online\/biografie\/bozena-porzynska-na-pieciolinii-zycia\/\">Bo\u017cena Porzy\u0144ska \u2013 na pi\u0119ciolinii \u017cycia<\/a><\/blockquote><iframe sandbox=\"allow-scripts\" security=\"restricted\" src=\"https:\/\/wydawnictwo.ug.edu.pl\/en\/ksiegarnia-online\/biografie\/bozena-porzynska-na-pieciolinii-zycia\/embed\/#?secret=OTYWuioNnR\" width=\"600\" height=\"338\" title=\"&#8220;Bo\u017cena Porzy\u0144ska \u2013 na pi\u0119ciolinii \u017cycia&#8221; &#8212; Wydawnictwo Uniwersytetu Gda\u0144skiego\" data-secret=\"OTYWuioNnR\" frameborder=\"0\" marginwidth=\"0\" marginheight=\"0\" scrolling=\"no\" class=\"wp-embedded-content\"><\/iframe><script>\n\/*! This file is auto-generated *\/\n!function(d,l){\"use strict\";l.querySelector&&d.addEventListener&&\"undefined\"!=typeof URL&&(d.wp=d.wp||{},d.wp.receiveEmbedMessage||(d.wp.receiveEmbedMessage=function(e){var t=e.data;if((t||t.secret||t.message||t.value)&&!\/[^a-zA-Z0-9]\/.test(t.secret)){for(var s,r,n,a=l.querySelectorAll('iframe[data-secret=\"'+t.secret+'\"]'),o=l.querySelectorAll('blockquote[data-secret=\"'+t.secret+'\"]'),c=new RegExp(\"^https?:$\",\"i\"),i=0;i<o.length;i++)o[i].style.display=\"none\";for(i=0;i<a.length;i++)s=a[i],e.source===s.contentWindow&&(s.removeAttribute(\"style\"),\"height\"===t.message?(1e3<(r=parseInt(t.value,10))?r=1e3:~~r<200&&(r=200),s.height=r):\"link\"===t.message&&(r=new URL(s.getAttribute(\"src\")),n=new URL(t.value),c.test(n.protocol))&&n.host===r.host&&l.activeElement===s&&(d.top.location.href=t.value))}},d.addEventListener(\"message\",d.wp.receiveEmbedMessage,!1),l.addEventListener(\"DOMContentLoaded\",function(){for(var e,t,s=l.querySelectorAll(\"iframe.wp-embedded-content\"),r=0;r<s.length;r++)(t=(e=s[r]).getAttribute(\"data-secret\"))||(t=Math.random().toString(36).substring(2,12),e.src+=\"#?secret=\"+t,e.setAttribute(\"data-secret\",t)),e.contentWindow.postMessage({message:\"ready\",secret:t},\"*\")},!1)))}(window,document);\n\/\/# sourceURL=https:\/\/wydawnictwo.ug.edu.pl\/wp-includes\/js\/wp-embed.min.js\n<\/script>\n","thumbnail_url":"https:\/\/wydawnictwo.ug.edu.pl\/wp-content\/uploads\/2023\/07\/forysiewicz-porzynska-mockpu.jpg","thumbnail_width":978,"thumbnail_height":936,"description":"Monografia Barbary Forysiewicz stanowi artystyczn\u0105 biografi\u0119 tytu\u0142owej bohaterki, zdecydowanie jednak przekracza zwyk\u0142y wymiar biograficzny. Skomplikowana \u015bcie\u017cka kariery \u015bpiewaczki oraz spos\u00f3b jej usytuowania w okoliczno\u015bciach okre\u015blonych przez stosunki rodzinne i fakty historyczne pozwoli\u0142y nie tylko na scharakteryzowanie zale\u017cno\u015bci mi\u0119dzy indywidualn\u0105 biografi\u0105 i jej spo\u0142ecznym otoczeniem, lecz tak\u017ce na przedstawienie \u2013 niejako w soczewce \u2013 stosunk\u00f3w interpersonalnych oraz powi\u0105za\u0144 instytucjonalnych, kszta\u0142tuj\u0105cych wa\u017cny wymiar polskiej kultury muzycznej. Jako monografia biograficzna ksi\u0105\u017cka ta nie wyczerpuje si\u0119 w rekonstrukcji wydarze\u0144, ale przede wszystkim przynosi \u015bwiadectwo do\u015bwiadczenia biograficznego zogniskowanego wok\u00f3\u0142 jednej osoby: pog\u0142\u0119bion\u0105, osobist\u0105 relacj\u0119 o tym, jak pojedyncza osoba do\u015bwiadcza sztuki w konkretnym kontek\u015bcie spo\u0142ecznym, jak wizja tw\u00f3rczo\u015bci, przekonania religijne i spo\u0142eczne \u015bcieraj\u0105 si\u0119 z gr\u0105 relacji interpersonalnych, jak anonimowa zwykle si\u0142a instytucji i ju\u017c nieanonimowy splot czyich\u015b decyzji i postaw tworz\u0105 warunki, z kt\u00f3rymi trzeba sobie radzi\u0107 na gruncie artystycznym i osobistym. Nie chodzi wi\u0119c tylko o rekonstrukcj\u0119 \u201espo\u0142ecznej warstwy kultury muzycznej\u201d \u2013 by u\u017cy\u0107 precyzyjnego okre\u015blenia z zakresu antropologii muzyki \u2013 ale w pierwszym rz\u0119dzie o to, jak warstwa ta staje si\u0119 przedmiotem do\u015bwiadczenia unikalnej jednostki i jak jednostka wobec tego do\u015bwiadczenia si\u0119 formuje. Z recenzji dr. hab. Krzysztofa Moraczewskiego, prof. UAM"}

Wydawnictwo Uniwersytetu Gdańskiego

Filip Dąbrowski

Bożena Porzyńska – na pięciolinii życia - Wydawnictwo Uniwersytetu Gdańskiego

<blockquote class="wp-embedded-content" data-secret="OTYWuioNnR"><a href="https://wydawnictwo.ug.edu.pl/en/ksiegarnia-online/biografie/bozena-porzynska-na-pieciolinii-zycia/">Bożena Porzyńska – na pięciolinii życia</a></blockquote><iframe sandbox="allow-scripts" security="restricted" src="https://wydawnictwo.ug.edu.pl/en/ksiegarnia-online/biografie/bozena-porzynska-na-pieciolinii-zycia/embed/#?secret=OTYWuioNnR" width="600" height="338" title="&#8220;Bożena Porzyńska – na pięciolinii życia&#8221; &#8212; Wydawnictwo Uniwersytetu Gdańskiego" data-secret="OTYWuioNnR" frameborder="0" marginwidth="0" marginheight="0" scrolling="no" class="wp-embedded-content"></iframe><script>
/*! This file is auto-generated */
!function(d,l){"use strict";l.querySelector&&d.addEventListener&&"undefined"!=typeof URL&&(d.wp=d.wp||{},d.wp.receiveEmbedMessage||(d.wp.receiveEmbedMessage=function(e){var t=e.data;if((t||t.secret||t.message||t.value)&&!/[^a-zA-Z0-9]/.test(t.secret)){for(var s,r,n,a=l.querySelectorAll('iframe[data-secret="'+t.secret+'"]'),o=l.querySelectorAll('blockquote[data-secret="'+t.secret+'"]'),c=new RegExp("^https?:$","i"),i=0;i<o.length;i++)o[i].style.display="none";for(i=0;i<a.length;i++)s=a[i],e.source===s.contentWindow&&(s.removeAttribute("style"),"height"===t.message?(1e3<(r=parseInt(t.value,10))?r=1e3:~~r<200&&(r=200),s.height=r):"link"===t.message&&(r=new URL(s.getAttribute("src")),n=new URL(t.value),c.test(n.protocol))&&n.host===r.host&&l.activeElement===s&&(d.top.location.href=t.value))}},d.addEventListener("message",d.wp.receiveEmbedMessage,!1),l.addEventListener("DOMContentLoaded",function(){for(var e,t,s=l.querySelectorAll("iframe.wp-embedded-content"),r=0;r<s.length;r++)(t=(e=s[r]).getAttribute("data-secret"))||(t=Math.random().toString(36).substring(2,12),e.src+="#?secret="+t,e.setAttribute("data-secret",t)),e.contentWindow.postMessage({message:"ready",secret:t},"*")},!1)))}(window,document);
//# sourceURL=https://wydawnictwo.ug.edu.pl/wp-includes/js/wp-embed.min.js
</script>

Monografia Barbary Forysiewicz stanowi artystyczną biografię tytułowej bohaterki, zdecydowanie jednak przekracza zwykły wymiar biograficzny. Skomplikowana ścieżka kariery śpiewaczki oraz sposób jej usytuowania w okolicznościach określonych przez stosunki rodzinne i fakty historyczne pozwoliły nie tylko na scharakteryzowanie zależności między indywidualną biografią i jej społecznym otoczeniem, lecz także na przedstawienie – niejako w soczewce – stosunków interpersonalnych oraz powiązań instytucjonalnych, kształtujących ważny wymiar polskiej kultury muzycznej. Jako monografia biograficzna książka ta nie wyczerpuje się w rekonstrukcji wydarzeń, ale przede wszystkim przynosi świadectwo doświadczenia biograficznego zogniskowanego wokół jednej osoby: pogłębioną, osobistą relację o tym, jak pojedyncza osoba doświadcza sztuki w konkretnym kontekście społecznym, jak wizja twórczości, przekonania religijne i społeczne ścierają się z grą relacji interpersonalnych, jak anonimowa zwykle siła instytucji i już nieanonimowy splot czyichś decyzji i postaw tworzą warunki, z którymi trzeba sobie radzić na gruncie artystycznym i osobistym. Nie chodzi więc tylko o rekonstrukcję „społecznej warstwy kultury muzycznej” – by użyć precyzyjnego określenia z zakresu antropologii muzyki – ale w pierwszym rzędzie o to, jak warstwa ta staje się przedmiotem doświadczenia unikalnej jednostki i jak jednostka wobec tego doświadczenia się formuje. Z recenzji dr. hab. Krzysztofa Moraczewskiego, prof. UAM
